CRAN Package Check Results for Package dplyrAssist

Last updated on 2018-05-26 14:46:25 CEST.

Flavor Version Tinstall Tcheck Ttotal Status Flags
r-devel-linux-x86_64-debian-clang 0.1.0 3.58 36.37 39.95 OK
r-devel-linux-x86_64-debian-gcc 0.1.0 2.44 28.73 31.17 OK
r-devel-linux-x86_64-fedora-clang 0.1.0 46.44 NOTE
r-devel-linux-x86_64-fedora-gcc 0.1.0 45.20 NOTE
r-devel-windows-ix86+x86_64 0.1.0 6.00 55.00 61.00 OK
r-patched-linux-x86_64 0.1.0 2.72 33.36 36.08 OK
r-patched-solaris-x86 0.1.0 67.50 NOTE
r-release-linux-x86_64 0.1.0 2.88 33.26 36.14 OK
r-release-windows-ix86+x86_64 0.1.0 9.00 81.00 90.00 OK
r-release-osx-x86_64 0.1.0 NOTE
r-oldrel-windows-ix86+x86_64 0.1.0 10.00 48.00 58.00 OK
r-oldrel-osx-x86_64 0.1.0 NOTE

Check Details

Version: 0.1.0
Check: dependencies in R code
Result: NOTE
    Namespaces in Imports field not imported from:
     ‘tidyr’ ‘tidyverse’
     All declared Imports should be used.
Flavors: r-devel-linux-x86_64-fedora-clang, r-devel-linux-x86_64-fedora-gcc, r-patched-solaris-x86, r-release-osx-x86_64, r-oldrel-osx-x86_64