CRAN Package Check Results for Package dplyrAssist

Last updated on 2018-08-19 20:50:07 CEST.

Flavor Version Tinstall Tcheck Ttotal Status Flags
r-devel-linux-x86_64-debian-clang 0.1.0 2.72 37.85 40.57 OK
r-devel-linux-x86_64-debian-gcc 0.1.0 2.00 29.86 31.86 OK
r-devel-linux-x86_64-fedora-clang 0.1.0 47.45 NOTE
r-devel-linux-x86_64-fedora-gcc 0.1.0 45.15 NOTE
r-devel-windows-ix86+x86_64 0.1.0 13.00 85.00 98.00 OK
r-patched-linux-x86_64 0.1.0 3.10 33.75 36.85 OK
r-patched-solaris-x86 0.1.0 72.40 NOTE
r-release-linux-x86_64 0.1.0 2.87 33.86 36.73 OK
r-release-windows-ix86+x86_64 0.1.0 13.00 75.00 88.00 OK
r-release-osx-x86_64 0.1.0 NOTE
r-oldrel-windows-ix86+x86_64 0.1.0 7.00 51.00 58.00 OK
r-oldrel-osx-x86_64 0.1.0 NOTE

Check Details

Version: 0.1.0
Check: dependencies in R code
Result: NOTE
    Namespaces in Imports field not imported from:
     ‘tidyr’ ‘tidyverse’
     All declared Imports should be used.
Flavors: r-devel-linux-x86_64-fedora-clang, r-devel-linux-x86_64-fedora-gcc, r-patched-solaris-x86, r-release-osx-x86_64, r-oldrel-osx-x86_64