CRAN Package Check Results for Package dplyrAssist

Last updated on 2019-02-21 01:50:40 CET.

Flavor Version Tinstall Tcheck Ttotal Status Flags
r-devel-linux-x86_64-debian-clang 0.1.0 3.03 37.58 40.61 OK
r-devel-linux-x86_64-debian-gcc 0.1.0 2.93 29.76 32.69 OK
r-devel-linux-x86_64-fedora-clang 0.1.0 51.78 NOTE
r-devel-linux-x86_64-fedora-gcc 0.1.0 50.23 NOTE
r-devel-windows-ix86+x86_64 0.1.0 9.00 90.00 99.00 OK
r-patched-linux-x86_64 0.1.0 OK
r-patched-solaris-x86 0.1.0 79.30 NOTE
r-release-linux-x86_64 0.1.0 OK
r-release-windows-ix86+x86_64 0.1.0 8.00 89.00 97.00 OK
r-release-osx-x86_64 0.1.0 NOTE
r-oldrel-windows-ix86+x86_64 0.1.0 6.00 58.00 64.00 OK
r-oldrel-osx-x86_64 0.1.0 NOTE

Check Details

Version: 0.1.0
Check: dependencies in R code
Result: NOTE
    Namespaces in Imports field not imported from:
     ‘tidyr’ ‘tidyverse’
     All declared Imports should be used.
Flavors: r-devel-linux-x86_64-fedora-clang, r-devel-linux-x86_64-fedora-gcc, r-patched-solaris-x86, r-release-osx-x86_64, r-oldrel-osx-x86_64