CRAN Package Check Results for Package dplyrAssist

Last updated on 2018-02-25 01:50:39 CET.

Flavor Version Tinstall Tcheck Ttotal Status Flags
r-devel-linux-x86_64-debian-clang 0.1.0 2.93 33.35 36.28 OK
r-devel-linux-x86_64-debian-gcc 0.1.0 2.25 26.42 28.67 OK
r-devel-linux-x86_64-fedora-clang 0.1.0 43.74 NOTE
r-devel-linux-x86_64-fedora-gcc 0.1.0 41.00 NOTE
r-devel-windows-ix86+x86_64 0.1.0 9.00 71.00 80.00 OK
r-patched-linux-x86_64 0.1.0 1.88 34.06 35.94 OK
r-patched-solaris-x86 0.1.0 60.10 NOTE
r-release-linux-x86_64 0.1.0 1.96 34.23 36.19 OK
r-release-windows-ix86+x86_64 0.1.0 9.00 67.00 76.00 OK
r-release-osx-x86_64 0.1.0 NOTE
r-oldrel-windows-ix86+x86_64 0.1.0 6.00 43.00 49.00 OK
r-oldrel-osx-x86_64 0.1.0 NOTE

Check Details

Version: 0.1.0
Check: dependencies in R code
Result: NOTE
    Namespaces in Imports field not imported from:
     ‘tidyr’ ‘tidyverse’
     All declared Imports should be used.
Flavors: r-devel-linux-x86_64-fedora-clang, r-devel-linux-x86_64-fedora-gcc, r-patched-solaris-x86, r-release-osx-x86_64, r-oldrel-osx-x86_64