CRAN Package Check Results for Package dprep

Last updated on 2018-04-26 23:50:54 CEST.

Flavor Version Tinstall Tcheck Ttotal Status Flags
r-devel-linux-x86_64-debian-clang 3.0.2 9.40 82.85 92.25 NOTE
r-devel-linux-x86_64-debian-gcc 3.0.2 6.77 71.48 78.25 NOTE
r-devel-linux-x86_64-fedora-clang 3.0.2 122.96 NOTE
r-devel-linux-x86_64-fedora-gcc 3.0.2 119.85 NOTE
r-devel-windows-ix86+x86_64 3.0.2 26.00 133.00 159.00 OK
r-patched-linux-x86_64 3.0.2 10.76 90.65 101.41 NOTE
r-patched-solaris-x86 3.0.2 176.90 OK
r-release-linux-x86_64 3.0.2 9.10 90.16 99.26 NOTE
r-release-windows-ix86+x86_64 3.0.2 26.00 133.00 159.00 OK
r-release-osx-x86_64 3.0.2 OK
r-oldrel-windows-ix86+x86_64 3.0.2 17.00 132.00 149.00 OK
r-oldrel-osx-x86_64 3.0.2 OK

Check Details

Version: 3.0.2
Check: compiled code
Result: NOTE
    File ‘dprep/libs/dprep.so’:
     Found no calls to: ‘R_registerRoutines’, ‘R_useDynamicSymbols’
    
    It is good practice to register native routines and to disable symbol
    search.
    
    See ‘Writing portable packages’ in the ‘Writing R Extensions’ manual.
Flavors: r-devel-linux-x86_64-debian-clang, r-devel-linux-x86_64-debian-gcc, r-devel-linux-x86_64-fedora-clang, r-devel-linux-x86_64-fedora-gcc, r-patched-linux-x86_64, r-release-linux-x86_64