CRAN Package Check Results for Package dr4pl

Last updated on 2018-05-23 16:48:00 CEST.

Flavor Version Tinstall Tcheck Ttotal Status Flags
r-devel-linux-x86_64-debian-clang 1.1.1 5.87 115.51 121.38 OK
r-devel-linux-x86_64-debian-gcc 1.1.1 0.39 1.61 2.00 ERROR
r-devel-linux-x86_64-fedora-clang 1.1.1 143.84 OK
r-devel-linux-x86_64-fedora-gcc 1.1.1 137.70 OK
r-devel-windows-ix86+x86_64 1.1.1 14.00 165.00 179.00 OK
r-patched-linux-x86_64 1.1.1 6.46 105.02 111.48 OK
r-patched-solaris-x86 1.1.1 185.70 OK
r-release-linux-x86_64 1.1.1 4.75 103.24 107.99 OK
r-release-windows-ix86+x86_64 1.1.1 13.00 158.00 171.00 OK
r-release-osx-x86_64 1.1.1 OK
r-oldrel-windows-ix86+x86_64 1.1.1 17.00 167.00 184.00 OK
r-oldrel-osx-x86_64 1.1.1 OK

Check Details

Version: 1.1.1
Check: package dependencies
Result: ERROR
    Package required but not available: ‘ggplot2’
    
    Package suggested but not available for checking: ‘drc’
    
    See section ‘The DESCRIPTION file’ in the ‘Writing R Extensions’
    manual.
Flavor: r-devel-linux-x86_64-debian-gcc