CRAN Package Check Results for Package dr4pl

Last updated on 2018-02-17 23:47:42 CET.

Flavor Version Tinstall Tcheck Ttotal Status Flags
r-devel-linux-x86_64-debian-clang 1.0.0 4.29 95.72 100.01 OK
r-devel-linux-x86_64-debian-gcc 1.0.0 5.05 71.69 76.74 OK
r-devel-linux-x86_64-fedora-clang 1.0.0 117.94 NOTE
r-devel-linux-x86_64-fedora-gcc 1.0.0 114.09 NOTE
r-devel-windows-ix86+x86_64 1.0.0 11.00 100.00 111.00 OK
r-patched-linux-x86_64 1.0.0 4.73 103.05 107.78 OK
r-patched-solaris-x86 1.0.0 179.80 NOTE
r-release-linux-x86_64 1.0.0 3.75 102.94 106.69 OK
r-release-windows-ix86+x86_64 1.0.0 13.00 146.00 159.00 OK
r-release-osx-x86_64 1.0.0 NOTE
r-oldrel-windows-ix86+x86_64 1.0.0 8.00 90.00 98.00 OK
r-oldrel-osx-x86_64 1.0.0 NOTE

Check Details

Version: 1.0.0
Check: dependencies in R code
Result: NOTE
    Namespaces in Imports field not imported from:
     ‘devtools’ ‘drc’ ‘testthat’
     All declared Imports should be used.
Flavors: r-devel-linux-x86_64-fedora-clang, r-devel-linux-x86_64-fedora-gcc, r-patched-solaris-x86, r-release-osx-x86_64, r-oldrel-osx-x86_64