CRAN Package Check Results for Package dracor

Last updated on 2022-12-04 18:53:46 CET.

Flavor Version Tinstall Tcheck Ttotal Status Flags
r-devel-linux-x86_64-debian-clang 0.2.4 131.32 31.31 162.63 OK
r-devel-linux-x86_64-debian-gcc 0.2.4 109.16 24.05 133.21 OK
r-devel-linux-x86_64-fedora-clang 0.2.4 299.84 OK
r-devel-linux-x86_64-fedora-gcc 0.2.4 235.85 OK
r-devel-windows-x86_64 0.2.4 280.00 86.00 366.00 OK
r-patched-linux-x86_64 0.2.4 115.30 29.89 145.19 OK
r-release-linux-x86_64 0.2.4 112.15 30.36 142.51 OK
r-release-macos-arm64 0.2.4 64.00 NOTE
r-release-macos-x86_64 0.2.4 83.00 NOTE
r-release-windows-x86_64 0.2.4 223.00 91.00 314.00 OK
r-oldrel-macos-arm64 0.2.4 74.00 NOTE
r-oldrel-macos-x86_64 0.2.4 128.00 NOTE
r-oldrel-windows-ix86+x86_64 0.2.4 327.00 80.00 407.00 OK

Check Details

Version: 0.2.4
Check: installed package size
Result: NOTE
     installed size is 13.2Mb
     sub-directories of 1Mb or more:
     libs 13.1Mb
Flavors: r-release-macos-arm64, r-release-macos-x86_64, r-oldrel-macos-arm64, r-oldrel-macos-x86_64