CRAN Package Check Results for Package dragulaR

Last updated on 2022-06-26 05:52:24 CEST.

Flavor Version Tinstall Tcheck Ttotal Status Flags
r-devel-linux-x86_64-debian-clang 0.3.1 3.38 37.46 40.84 NOTE
r-devel-linux-x86_64-debian-gcc 0.3.1 2.77 30.09 32.86 NOTE
r-devel-linux-x86_64-fedora-clang 0.3.1 63.01 NOTE
r-devel-linux-x86_64-fedora-gcc 0.3.1 60.69 NOTE
r-devel-windows-x86_64 0.3.1 24.00 65.00 89.00 NOTE
r-patched-linux-x86_64 0.3.1 3.12 37.30 40.42 NOTE
r-release-linux-x86_64 0.3.1 2.97 37.47 40.44 NOTE
r-release-macos-arm64 0.3.1 18.00 NOTE
r-release-macos-x86_64 0.3.1 38.00 NOTE
r-release-windows-x86_64 0.3.1 24.00 65.00 89.00 NOTE
r-oldrel-macos-arm64 0.3.1 23.00 NOTE
r-oldrel-macos-x86_64 0.3.1 36.00 NOTE
r-oldrel-windows-ix86+x86_64 0.3.1 11.00 59.00 70.00 NOTE

Check Details

Version: 0.3.1
Check: LazyData
Result: NOTE
     'LazyData' is specified without a 'data' directory
Flavors: r-devel-linux-x86_64-debian-clang, r-devel-linux-x86_64-debian-gcc, r-devel-linux-x86_64-fedora-clang, r-devel-linux-x86_64-fedora-gcc, r-devel-windows-x86_64, r-patched-linux-x86_64, r-release-linux-x86_64, r-release-macos-arm64, r-release-macos-x86_64, r-release-windows-x86_64, r-oldrel-macos-arm64, r-oldrel-macos-x86_64, r-oldrel-windows-ix86+x86_64