CRAN Package Check Results for Package dragulaR

Last updated on 2021-10-18 04:54:17 CEST.

Flavor Version Tinstall Tcheck Ttotal Status Flags
r-devel-linux-x86_64-debian-clang 0.3.1 3.40 33.48 36.88 NOTE
r-devel-linux-x86_64-debian-gcc 0.3.1 2.70 26.66 29.36 NOTE
r-devel-linux-x86_64-fedora-clang 0.3.1 55.22 NOTE
r-devel-linux-x86_64-fedora-gcc 0.3.1 43.98 NOTE
r-devel-windows-x86_64 0.3.1 6.00 56.00 62.00 NOTE
r-devel-windows-x86_64-gcc10-UCRT 0.3.1 NOTE
r-patched-linux-x86_64 0.3.1 3.50 32.78 36.28 NOTE
r-patched-solaris-x86 0.3.1 70.80 NOTE
r-release-linux-x86_64 0.3.1 2.51 32.52 35.03 NOTE
r-release-macos-arm64 0.3.1 NOTE
r-release-macos-x86_64 0.3.1 NOTE
r-release-windows-ix86+x86_64 0.3.1 8.00 66.00 74.00 NOTE
r-oldrel-macos-x86_64 0.3.1 OK
r-oldrel-windows-ix86+x86_64 0.3.1 10.00 57.00 67.00 OK

Check Details

Version: 0.3.1
Check: LazyData
Result: NOTE
     'LazyData' is specified without a 'data' directory
Flavors: r-devel-linux-x86_64-debian-clang, r-devel-linux-x86_64-debian-gcc, r-devel-linux-x86_64-fedora-clang, r-devel-linux-x86_64-fedora-gcc, r-devel-windows-x86_64, r-devel-windows-x86_64-gcc10-UCRT, r-patched-linux-x86_64, r-patched-solaris-x86, r-release-linux-x86_64, r-release-macos-arm64, r-release-macos-x86_64, r-release-windows-ix86+x86_64