CRAN Package Check Results for Package dragulaR

Last updated on 2021-07-24 23:49:40 CEST.

Flavor Version Tinstall Tcheck Ttotal Status Flags
r-devel-linux-x86_64-debian-clang 0.3.1 3.11 34.92 38.03 NOTE
r-devel-linux-x86_64-debian-gcc 0.3.1 2.65 27.14 29.79 NOTE
r-devel-linux-x86_64-fedora-clang 0.3.1 54.42 NOTE
r-devel-linux-x86_64-fedora-gcc 0.3.1 43.75 NOTE
r-devel-windows-x86_64 0.3.1 6.00 40.00 46.00 NOTE
r-devel-windows-x86_64-gcc10-UCRT 0.3.1 NOTE
r-patched-linux-x86_64 0.3.1 3.29 33.19 36.48 NOTE
r-patched-solaris-x86 0.3.1 69.40 NOTE
r-release-linux-x86_64 0.3.1 2.65 33.58 36.23 NOTE
r-release-macos-arm64 0.3.1 NOTE
r-release-macos-x86_64 0.3.1 NOTE
r-release-windows-ix86+x86_64 0.3.1 9.00 44.00 53.00 NOTE
r-oldrel-macos-x86_64 0.3.1 OK
r-oldrel-windows-ix86+x86_64 0.3.1 12.00 55.00 67.00 OK

Check Details

Version: 0.3.1
Check: LazyData
Result: NOTE
     'LazyData' is specified without a 'data' directory
Flavors: r-devel-linux-x86_64-debian-clang, r-devel-linux-x86_64-debian-gcc, r-devel-linux-x86_64-fedora-clang, r-devel-linux-x86_64-fedora-gcc, r-devel-windows-x86_64, r-devel-windows-x86_64-gcc10-UCRT, r-patched-linux-x86_64, r-patched-solaris-x86, r-release-linux-x86_64, r-release-macos-arm64, r-release-macos-x86_64, r-release-windows-ix86+x86_64