CRAN Package Check Results for Package dragulaR

Last updated on 2024-07-21 20:50:58 CEST.

Flavor Version Tinstall Tcheck Ttotal Status Flags
r-devel-linux-x86_64-debian-clang 0.3.1 4.23 37.85 42.08 NOTE
r-devel-linux-x86_64-debian-gcc 0.3.1 2.65 28.97 31.62 NOTE
r-devel-linux-x86_64-fedora-clang 0.3.1 52.78 NOTE
r-devel-linux-x86_64-fedora-gcc 0.3.1 49.66 NOTE
r-devel-windows-x86_64 0.3.1 5.00 51.00 56.00 NOTE
r-patched-linux-x86_64 0.3.1 4.28 36.84 41.12 NOTE
r-release-linux-x86_64 0.3.1 3.33 35.99 39.32 NOTE
r-release-macos-arm64 0.3.1 21.00 NOTE
r-release-macos-x86_64 0.3.1 29.00 NOTE
r-release-windows-x86_64 0.3.1 5.00 50.00 55.00 NOTE
r-oldrel-macos-arm64 0.3.1 21.00 NOTE
r-oldrel-macos-x86_64 0.3.1 32.00 NOTE
r-oldrel-windows-x86_64 0.3.1 7.00 54.00 61.00 NOTE

Check Details

Version: 0.3.1
Check: LazyData
Result: NOTE 'LazyData' is specified without a 'data' directory Flavors: r-devel-linux-x86_64-debian-clang, r-devel-linux-x86_64-debian-gcc, r-devel-linux-x86_64-fedora-clang, r-devel-linux-x86_64-fedora-gcc, r-devel-windows-x86_64, r-patched-linux-x86_64, r-release-linux-x86_64, r-release-macos-arm64, r-release-macos-x86_64, r-release-windows-x86_64, r-oldrel-macos-arm64, r-oldrel-macos-x86_64, r-oldrel-windows-x86_64