CRAN Package Check Results for Package dragulaR

Last updated on 2022-01-27 05:55:50 CET.

Flavor Version Tinstall Tcheck Ttotal Status Flags
r-devel-linux-x86_64-debian-clang 0.3.1 3.64 42.74 46.38 NOTE
r-devel-linux-x86_64-debian-gcc 0.3.1 2.87 33.95 36.82 NOTE
r-devel-linux-x86_64-fedora-clang 0.3.1 56.23 NOTE
r-devel-linux-x86_64-fedora-gcc 0.3.1 45.37 NOTE
r-devel-windows-x86_64-new-UL 0.3.1 33.00 65.00 98.00 NOTE
r-devel-windows-x86_64-new-TK 0.3.1 NOTE
r-patched-linux-x86_64 0.3.1 3.02 40.07 43.09 NOTE
r-release-linux-x86_64 0.3.1 2.16 40.32 42.48 NOTE
r-release-macos-arm64 0.3.1 NOTE
r-release-macos-x86_64 0.3.1 NOTE
r-release-windows-ix86+x86_64 0.3.1 10.00 54.00 64.00 NOTE
r-oldrel-macos-x86_64 0.3.1 OK
r-oldrel-windows-ix86+x86_64 0.3.1 10.00 56.00 66.00 OK

Check Details

Version: 0.3.1
Check: LazyData
Result: NOTE
     'LazyData' is specified without a 'data' directory
Flavors: r-devel-linux-x86_64-debian-clang, r-devel-linux-x86_64-debian-gcc, r-devel-linux-x86_64-fedora-clang, r-devel-linux-x86_64-fedora-gcc, r-devel-windows-x86_64-new-UL, r-devel-windows-x86_64-new-TK, r-patched-linux-x86_64, r-release-linux-x86_64, r-release-macos-arm64, r-release-macos-x86_64, r-release-windows-ix86+x86_64