Last updated on 2023-10-01 13:55:39 CEST.
Flavor | Version | Tinstall | Tcheck | Ttotal | Status | Flags |
---|---|---|---|---|---|---|
r-devel-linux-x86_64-debian-clang | 0.2.3 | 1.99 | 47.64 | 49.63 | OK | |
r-devel-linux-x86_64-debian-gcc | 0.2.3 | 1.87 | 38.19 | 40.06 | OK | |
r-devel-linux-x86_64-fedora-clang | 0.2.3 | 63.84 | OK | |||
r-devel-linux-x86_64-fedora-gcc | 0.2.3 | 70.58 | OK | |||
r-devel-windows-x86_64 | 0.2.3 | 3.00 | 97.00 | 100.00 | OK | |
r-patched-linux-x86_64 | 0.2.3 | 3.05 | 46.76 | 49.81 | OK | |
r-release-linux-x86_64 | 0.2.3 | 2.28 | 47.60 | 49.88 | OK | |
r-release-macos-arm64 | 0.2.3 | 44.00 | OK | |||
r-release-macos-x86_64 | 0.2.3 | 61.00 | OK | |||
r-release-windows-x86_64 | 0.2.3 | 9.00 | 101.00 | 110.00 | OK | |
r-oldrel-macos-arm64 | 0.2.3 | 37.00 | OK | |||
r-oldrel-macos-x86_64 | 0.2.3 | 38.00 | ERROR | |||
r-oldrel-windows-x86_64 | 0.2.3 | 5.00 | 105.00 | 110.00 | OK |
Version: 0.2.3
Check: tests
Result: ERROR
Running ‘simpleTests.R’ [0s/0s]
Running ‘skeleton_git2r.R’ [3s/3s]
Running the tests in ‘tests/skeleton_git2r.R’ failed.
Last 13 lines of output:
* saving partial Rd database
* checking for LF line-endings in source and make files and shell scripts
* checking for empty or unneeded directories
* building ‘foo_1.0.tar.gz’
dratting
Added and committed foo_1.0.tar.gz plus PACKAGES files. Still need to push.
Error in testRepoActions(repodir) :
Wrong package files found after pruning for version = NA
Calls: runTest -> testRepoActions
In addition: Warning message:
In (function (dir = ".", fields = NULL, type = c("source", "mac.binary", :
PACKAGES files do not include MD5 sums in the win.binary case, so strict checking is impossible. Calling down to write_PACKAGES directly.
Execution halted
Flavor: r-oldrel-macos-x86_64