Last updated on 2021-02-27 09:50:14 CET.
Flavor | Version | Tinstall | Tcheck | Ttotal | Status | Flags |
---|---|---|---|---|---|---|
r-devel-linux-x86_64-debian-clang | 0.1.0 | 4.67 | 37.13 | 41.80 | OK | |
r-devel-linux-x86_64-debian-gcc | 0.1.0 | 3.67 | 29.73 | 33.40 | OK | |
r-devel-linux-x86_64-fedora-clang | 0.1.0 | 64.40 | NOTE | |||
r-devel-linux-x86_64-fedora-gcc | 0.1.0 | 51.27 | NOTE | |||
r-devel-windows-ix86+x86_64 | 0.1.0 | 10.00 | 48.00 | 58.00 | OK | |
r-patched-linux-x86_64 | 0.1.0 | 3.16 | 36.89 | 40.05 | OK | |
r-patched-solaris-x86 | 0.1.0 | 75.50 | NOTE | |||
r-release-linux-x86_64 | 0.1.0 | 3.12 | 36.81 | 39.93 | OK | |
r-release-macos-x86_64 | 0.1.0 | NOTE | ||||
r-release-windows-ix86+x86_64 | 0.1.0 | 15.00 | 67.00 | 82.00 | OK | |
r-oldrel-macos-x86_64 | 0.1.0 | NOTE | ||||
r-oldrel-windows-ix86+x86_64 | 0.1.0 | 8.00 | 43.00 | 51.00 | OK |
Version: 0.1.0
Check: dependencies in R code
Result: NOTE
Namespaces in Imports field not imported from:
‘arm’ ‘car’ ‘dotwhisker’ ‘gapminder’ ‘ggeffects’ ‘ggthemes’ ‘gt’
‘interplot’ ‘kableExtra’ ‘knitr’ ‘likert’ ‘modelsummary’ ‘moments’
‘nnet’ ‘ordinal’ ‘performance’ ‘scales’ ‘summarytools’ ‘tibble’
‘tidyverse’
All declared Imports should be used.
Flavors: r-devel-linux-x86_64-fedora-clang, r-devel-linux-x86_64-fedora-gcc, r-patched-solaris-x86, r-release-macos-x86_64, r-oldrel-macos-x86_64