CRAN Package Check Results for Package driftR

Last updated on 2018-05-22 11:47:24 CEST.

Flavor Version Tinstall Tcheck Ttotal Status Flags
r-devel-linux-x86_64-debian-clang 1.0.0 2.26 35.42 37.68 OK
r-devel-linux-x86_64-debian-gcc 1.0.0 2.11 32.84 34.95 OK
r-devel-linux-x86_64-fedora-clang 1.0.0 48.69 NOTE
r-devel-linux-x86_64-fedora-gcc 1.0.0 47.11 NOTE
r-devel-windows-ix86+x86_64 1.0.0 6.00 52.00 58.00 OK
r-patched-linux-x86_64 1.0.0 2.12 35.67 37.79 OK
r-patched-solaris-x86 1.0.0 69.00 NOTE
r-release-linux-x86_64 1.0.0 2.48 35.28 37.76 OK
r-release-windows-ix86+x86_64 1.0.0 5.00 72.00 77.00 OK
r-release-osx-x86_64 1.0.0 NOTE
r-oldrel-windows-ix86+x86_64 1.0.0 9.00 73.00 82.00 OK
r-oldrel-osx-x86_64 1.0.0 NOTE

Check Details

Version: 1.0.0
Check: dependencies in R code
Result: NOTE
    Namespaces in Imports field not imported from:
     ‘ggplot2’ ‘readr’
     All declared Imports should be used.
Flavors: r-devel-linux-x86_64-fedora-clang, r-devel-linux-x86_64-fedora-gcc, r-patched-solaris-x86, r-release-osx-x86_64, r-oldrel-osx-x86_64