CRAN Package Check Results for Package drpop

Last updated on 2024-07-13 19:53:58 CEST.

Flavor Version Tinstall Tcheck Ttotal Status Flags
r-devel-linux-x86_64-debian-clang 0.0.3 14.13 225.22 239.35 NOTE
r-devel-linux-x86_64-debian-gcc 0.0.3 10.42 166.89 177.31 NOTE
r-devel-linux-x86_64-fedora-clang 0.0.3 276.69 NOTE
r-devel-linux-x86_64-fedora-gcc 0.0.3 336.98 NOTE
r-devel-windows-x86_64 0.0.3 12.00 197.00 209.00 NOTE
r-patched-linux-x86_64 0.0.3 12.46 196.89 209.35 NOTE
r-release-linux-x86_64 0.0.3 8.83 237.86 246.69 NOTE
r-release-macos-arm64 0.0.3 87.00 NOTE
r-release-macos-x86_64 0.0.3 134.00 NOTE
r-release-windows-x86_64 0.0.3 12.00 157.00 169.00 NOTE
r-oldrel-macos-arm64 0.0.3 88.00 OK
r-oldrel-macos-x86_64 0.0.3 166.00 OK
r-oldrel-windows-x86_64 0.0.3 16.00 199.00 215.00 OK

Check Details

Version: 0.0.3
Check: Rd files
Result: NOTE checkRd: (-1) popsize.Rd:70: Lost braces in \itemize; \value handles \item{}{} directly checkRd: (-1) popsize.Rd:71: Lost braces in \itemize; \value handles \item{}{} directly checkRd: (-1) popsize.Rd:72: Lost braces in \itemize; \value handles \item{}{} directly checkRd: (-1) popsize.Rd:73: Lost braces in \itemize; \value handles \item{}{} directly checkRd: (-1) popsize.Rd:74: Lost braces in \itemize; \value handles \item{}{} directly checkRd: (-1) popsize.Rd:75: Lost braces in \itemize; \value handles \item{}{} directly checkRd: (-1) popsize_cond.Rd:52: Lost braces in \itemize; \value handles \item{}{} directly checkRd: (-1) popsize_cond.Rd:53: Lost braces in \itemize; \value handles \item{}{} directly checkRd: (-1) popsize_cond.Rd:54: Lost braces in \itemize; \value handles \item{}{} directly checkRd: (-1) popsize_cond.Rd:55: Lost braces in \itemize; \value handles \item{}{} directly checkRd: (-1) popsize_cond.Rd:56: Lost braces in \itemize; \value handles \item{}{} directly checkRd: (-1) popsize_cond.Rd:57: Lost braces in \itemize; \value handles \item{}{} directly Flavors: r-devel-linux-x86_64-debian-clang, r-devel-linux-x86_64-debian-gcc, r-devel-linux-x86_64-fedora-clang, r-devel-linux-x86_64-fedora-gcc, r-devel-windows-x86_64, r-patched-linux-x86_64, r-release-linux-x86_64, r-release-macos-arm64, r-release-macos-x86_64, r-release-windows-x86_64