CRAN Package Check Results for Package drpop

Last updated on 2024-02-26 17:51:14 CET.

Flavor Version Tinstall Tcheck Ttotal Status Flags
r-devel-linux-x86_64-debian-clang 0.0.3 15.66 257.50 273.16 NOTE
r-devel-linux-x86_64-debian-gcc 0.0.3 10.15 169.31 179.46 NOTE
r-devel-linux-x86_64-fedora-clang 0.0.3 303.89 NOTE
r-devel-linux-x86_64-fedora-gcc 0.0.3 299.35 NOTE
r-devel-windows-x86_64 0.0.3 12.00 177.00 189.00 OK
r-patched-linux-x86_64 0.0.3 8.74 261.75 270.49 OK
r-release-linux-x86_64 0.0.3 11.09 249.35 260.44 OK
r-release-macos-arm64 0.0.3 88.00 OK
r-release-macos-x86_64 0.0.3 166.00 OK
r-release-windows-x86_64 0.0.3 16.00 283.00 299.00 OK
r-oldrel-macos-arm64 0.0.3 66.00 OK
r-oldrel-windows-x86_64 0.0.3 15.00 232.00 247.00 OK

Check Details

Version: 0.0.3
Check: Rd files
Result: NOTE checkRd: (-1) popsize.Rd:70: Lost braces in \itemize; \value handles \item{}{} directly checkRd: (-1) popsize.Rd:71: Lost braces in \itemize; \value handles \item{}{} directly checkRd: (-1) popsize.Rd:72: Lost braces in \itemize; \value handles \item{}{} directly checkRd: (-1) popsize.Rd:73: Lost braces in \itemize; \value handles \item{}{} directly checkRd: (-1) popsize.Rd:74: Lost braces in \itemize; \value handles \item{}{} directly checkRd: (-1) popsize.Rd:75: Lost braces in \itemize; \value handles \item{}{} directly checkRd: (-1) popsize_cond.Rd:52: Lost braces in \itemize; \value handles \item{}{} directly checkRd: (-1) popsize_cond.Rd:53: Lost braces in \itemize; \value handles \item{}{} directly checkRd: (-1) popsize_cond.Rd:54: Lost braces in \itemize; \value handles \item{}{} directly checkRd: (-1) popsize_cond.Rd:55: Lost braces in \itemize; \value handles \item{}{} directly checkRd: (-1) popsize_cond.Rd:56: Lost braces in \itemize; \value handles \item{}{} directly checkRd: (-1) popsize_cond.Rd:57: Lost braces in \itemize; \value handles \item{}{} directly Flavors: r-devel-linux-x86_64-debian-clang, r-devel-linux-x86_64-debian-gcc, r-devel-linux-x86_64-fedora-clang, r-devel-linux-x86_64-fedora-gcc