CRAN Package Check Results for Package drtmle

Last updated on 2018-05-23 10:47:57 CEST.

Flavor Version Tinstall Tcheck Ttotal Status Flags
r-devel-linux-x86_64-debian-clang 1.0.2 8.37 257.09 265.46 WARN
r-devel-linux-x86_64-debian-gcc 1.0.2 7.58 200.05 207.63 WARN
r-devel-linux-x86_64-fedora-clang 1.0.2 326.34 OK
r-devel-linux-x86_64-fedora-gcc 1.0.2 323.91 OK
r-devel-windows-ix86+x86_64 1.0.2 16.00 371.00 387.00 OK
r-patched-linux-x86_64 1.0.2 6.75 246.39 253.14 OK
r-patched-solaris-x86 1.0.2 444.80 OK
r-release-linux-x86_64 1.0.2 8.19 252.59 260.78 OK
r-release-windows-ix86+x86_64 1.0.2 19.00 366.00 385.00 OK
r-release-osx-x86_64 1.0.2 OK
r-oldrel-windows-ix86+x86_64 1.0.2 21.00 421.00 442.00 OK
r-oldrel-osx-x86_64 1.0.2 OK

Additional issues

noLD

Check Details

Version: 1.0.2
Check: for unstated dependencies in ‘tests’
Result: WARN
    '::' or ':::' import not declared from: ‘foreach’
    'library' or 'require' call not declared from: ‘foreach’
Flavors: r-devel-linux-x86_64-debian-clang, r-devel-linux-x86_64-debian-gcc