CRAN Package Check Results for Package drumr

Last updated on 2022-12-07 06:14:02 CET.

Flavor Version Tinstall Tcheck Ttotal Status Flags
r-devel-linux-x86_64-debian-clang 0.1.0 3.79 29.07 32.86 NOTE
r-devel-linux-x86_64-debian-gcc 0.1.0 2.94 23.22 26.16 NOTE
r-devel-linux-x86_64-fedora-clang 0.1.0 41.74 NOTE
r-devel-linux-x86_64-fedora-gcc 0.1.0 49.57 NOTE
r-devel-windows-x86_64 0.1.0 14.00 57.00 71.00 NOTE
r-patched-linux-x86_64 0.1.0 4.02 28.86 32.88 NOTE
r-release-linux-x86_64 0.1.0 3.90 28.39 32.29 NOTE
r-release-macos-arm64 0.1.0 17.00 NOTE
r-release-macos-x86_64 0.1.0 23.00 NOTE
r-release-windows-x86_64 0.1.0 19.00 59.00 78.00 NOTE
r-oldrel-macos-arm64 0.1.0 19.00 NOTE
r-oldrel-macos-x86_64 0.1.0 26.00 NOTE
r-oldrel-windows-ix86+x86_64 0.1.0 7.00 45.00 52.00 NOTE

Check Details

Version: 0.1.0
Check: LazyData
Result: NOTE
     'LazyData' is specified without a 'data' directory
Flavors: r-devel-linux-x86_64-debian-clang, r-devel-linux-x86_64-debian-gcc, r-devel-linux-x86_64-fedora-clang, r-devel-linux-x86_64-fedora-gcc, r-devel-windows-x86_64, r-patched-linux-x86_64, r-release-linux-x86_64, r-release-macos-arm64, r-release-macos-x86_64, r-release-windows-x86_64, r-oldrel-macos-arm64, r-oldrel-macos-x86_64, r-oldrel-windows-ix86+x86_64