CRAN Package Check Results for Package dsTidyverseClient

Last updated on 2025-01-19 07:49:58 CET.

Flavor Version Tinstall Tcheck Ttotal Status Flags
r-devel-linux-x86_64-debian-clang 1.0.0 2.83 39.12 41.95 OK
r-devel-linux-x86_64-debian-gcc 1.0.0 2.18 30.29 32.47 OK
r-devel-linux-x86_64-fedora-clang 1.0.0 70.10 OK
r-devel-linux-x86_64-fedora-gcc 1.0.0 627.03 OK
r-devel-windows-x86_64 1.0.0 6.00 63.00 69.00 OK
r-patched-linux-x86_64 1.0.0 2.80 36.59 39.39 NOTE
r-release-linux-x86_64 1.0.0 2.86 36.48 39.34 NOTE
r-release-macos-arm64 1.0.0 274.00 NOTE
r-release-macos-x86_64 1.0.0 660.00 NOTE
r-release-windows-x86_64 1.0.0 6.00 63.00 69.00 NOTE
r-oldrel-macos-arm64 1.0.0 272.00 NOTE
r-oldrel-macos-x86_64 1.0.0 850.00 NOTE
r-oldrel-windows-x86_64 1.0.0 5.00 69.00 74.00 NOTE

Check Details

Version: 1.0.0
Check: package dependencies
Result: NOTE Packages suggested but not available for checking: 'dsBase', 'dsBaseClient' Flavors: r-patched-linux-x86_64, r-release-linux-x86_64, r-release-macos-arm64, r-release-macos-x86_64, r-release-windows-x86_64, r-oldrel-macos-arm64, r-oldrel-macos-x86_64, r-oldrel-windows-x86_64