Last updated on 2023-12-03 07:51:54 CET.
Flavor | Version | Tinstall | Tcheck | Ttotal | Status | Flags |
---|---|---|---|---|---|---|
r-devel-linux-x86_64-debian-clang | 0.91.3.4 | 1.94 | 35.26 | 37.20 | OK | |
r-devel-linux-x86_64-debian-gcc | 0.91.3.4 | 1.64 | 27.01 | 28.65 | OK | |
r-devel-linux-x86_64-fedora-clang | 0.91.3.4 | 48.04 | NOTE | |||
r-devel-linux-x86_64-fedora-gcc | 0.91.3.4 | 57.05 | NOTE | |||
r-devel-windows-x86_64 | 0.91.3.4 | 3.00 | 56.00 | 59.00 | OK | |
r-patched-linux-x86_64 | 0.91.3.4 | 1.45 | 34.92 | 36.37 | OK | |
r-release-linux-x86_64 | 0.91.3.4 | 2.03 | 34.71 | 36.74 | OK | |
r-release-macos-arm64 | 0.91.3.4 | 27.00 | OK | |||
r-release-macos-x86_64 | 0.91.3.4 | 37.00 | OK | |||
r-release-windows-x86_64 | 0.91.3.4 | 3.00 | 57.00 | 60.00 | OK | |
r-oldrel-macos-arm64 | 0.91.3.4 | 23.00 | OK | |||
r-oldrel-macos-x86_64 | 0.91.3.4 | 28.00 | OK | |||
r-oldrel-windows-x86_64 | 0.91.3.4 | 3.00 | 61.00 | 64.00 | OK |
Version: 0.91.3.4
Check: dependencies in R code
Result: NOTE
Namespace in Imports field not imported from: ‘mnormt’
All declared Imports should be used.
Flavors: r-devel-linux-x86_64-fedora-clang, r-devel-linux-x86_64-fedora-gcc