CRAN Package Check Results for Package dsmisc

Last updated on 2024-04-20 21:56:00 CEST.

Flavor Version Tinstall Tcheck Ttotal Status Flags
r-devel-linux-x86_64-debian-clang 0.3.3 19.82 30.11 49.93 NOTE
r-devel-linux-x86_64-debian-gcc 0.3.3 14.46 23.48 37.94 NOTE
r-devel-linux-x86_64-fedora-clang 0.3.3 70.33 NOTE
r-devel-linux-x86_64-fedora-gcc 0.3.3 64.85 NOTE
r-prerel-macos-arm64 0.3.3 23.00 NOTE
r-prerel-windows-x86_64 0.3.3 19.00 61.00 80.00 NOTE
r-patched-linux-x86_64 0.3.3 18.44 29.30 47.74 NOTE
r-release-linux-x86_64 0.3.3 15.55 30.13 45.68 NOTE
r-release-macos-arm64 0.3.3 26.00 NOTE
r-release-macos-x86_64 0.3.3 37.00 NOTE
r-release-windows-x86_64 0.3.3 22.00 70.00 92.00 NOTE
r-oldrel-macos-arm64 0.3.3 24.00 OK
r-oldrel-windows-x86_64 0.3.3 21.00 69.00 90.00 OK

Check Details

Version: 0.3.3
Check: C++ specification
Result: NOTE Specified C++11: please drop specification unless essential Flavors: r-devel-linux-x86_64-debian-clang, r-devel-linux-x86_64-debian-gcc, r-devel-linux-x86_64-fedora-clang, r-devel-linux-x86_64-fedora-gcc, r-prerel-macos-arm64, r-prerel-windows-x86_64, r-patched-linux-x86_64, r-release-linux-x86_64, r-release-macos-arm64, r-release-macos-x86_64, r-release-windows-x86_64