CRAN Package Check Results for Package dtp

Last updated on 2024-04-18 20:55:33 CEST.

Flavor Version Tinstall Tcheck Ttotal Status Flags
r-devel-linux-x86_64-debian-clang 0.1.0 3.46 38.33 41.79 NOTE
r-devel-linux-x86_64-debian-gcc 0.1.0 2.92 29.15 32.07 NOTE
r-devel-linux-x86_64-fedora-clang 0.1.0 52.61 NOTE
r-devel-linux-x86_64-fedora-gcc 0.1.0 50.02 NOTE
r-prerel-macos-arm64 0.1.0 20.00 NOTE
r-prerel-windows-x86_64 0.1.0 3.00 54.00 57.00 NOTE
r-patched-linux-x86_64 0.1.0 2.88 37.00 39.88 NOTE
r-release-linux-x86_64 0.1.0 3.14 37.56 40.70 OK
r-release-macos-arm64 0.1.0 21.00 OK
r-release-macos-x86_64 0.1.0 28.00 OK
r-release-windows-x86_64 0.1.0 5.00 56.00 61.00 OK
r-oldrel-macos-arm64 0.1.0 22.00 OK
r-oldrel-windows-x86_64 0.1.0 5.00 63.00 68.00 OK

Check Details

Version: 0.1.0
Check: Rd files
Result: NOTE checkRd: (-1) Mena.Rd:14: Lost braces in \itemize; meant \describe ? checkRd: (-1) Mena.Rd:15: Lost braces in \itemize; meant \describe ? checkRd: (-1) Mena.Rd:16: Lost braces in \itemize; meant \describe ? checkRd: (-1) Mena.Rd:17: Lost braces in \itemize; meant \describe ? checkRd: (-1) Mena.Rd:18: Lost braces in \itemize; meant \describe ? checkRd: (-1) Mena.Rd:19: Lost braces in \itemize; meant \describe ? Flavors: r-devel-linux-x86_64-debian-clang, r-devel-linux-x86_64-debian-gcc, r-devel-linux-x86_64-fedora-clang, r-devel-linux-x86_64-fedora-gcc, r-prerel-macos-arm64, r-prerel-windows-x86_64, r-patched-linux-x86_64