CRAN Package Check Results for Package dtwSat

Last updated on 2018-10-19 06:47:49 CEST.

Flavor Version Tinstall Tcheck Ttotal Status Flags
r-devel-linux-x86_64-debian-clang 0.2.4 24.40 656.12 680.52 OK
r-devel-linux-x86_64-debian-gcc 0.2.4 20.11 517.43 537.54 OK
r-devel-linux-x86_64-fedora-clang 0.2.4 779.59 OK
r-devel-linux-x86_64-fedora-gcc 0.2.4 778.14 OK
r-devel-windows-ix86+x86_64 0.2.4 66.00 811.00 877.00 NOTE --no-vignettes
r-patched-linux-x86_64 0.2.4 20.42 601.32 621.74 OK
r-patched-solaris-x86 0.2.4 1195.50 NOTE
r-release-linux-x86_64 0.2.4 20.44 607.15 627.59 OK
r-release-windows-ix86+x86_64 0.2.4 63.00 904.00 967.00 OK --no-vignettes
r-release-osx-x86_64 0.2.4 OK
r-oldrel-windows-ix86+x86_64 0.2.4 36.00 1051.00 1087.00 OK --no-vignettes
r-oldrel-osx-x86_64 0.2.4 OK

Check Details

Version: 0.2.4
Flags: --no-vignettes
Check: installed package size
Result: NOTE
     installed size is 5.2Mb
     sub-directories of 1Mb or more:
     lucc_MT 2.9Mb
Flavor: r-devel-windows-ix86+x86_64

Version: 0.2.4
Check: installed package size
Result: NOTE
     installed size is 5.5Mb
     sub-directories of 1Mb or more:
     lucc_MT 3.4Mb
Flavor: r-patched-solaris-x86