CRAN Package Check Results for Package dtwSat

Last updated on 2018-05-27 12:47:54 CEST.

Flavor Version Tinstall Tcheck Ttotal Status Flags
r-devel-linux-x86_64-debian-clang 0.2.3 24.38 404.52 428.90 ERROR
r-devel-linux-x86_64-debian-gcc 0.2.4 23.23 446.79 470.02 ERROR
r-devel-linux-x86_64-fedora-clang 0.2.4 772.61 OK
r-devel-linux-x86_64-fedora-gcc 0.2.4 771.71 OK
r-devel-windows-ix86+x86_64 0.2.4 69.00 867.00 936.00 NOTE --no-vignettes
r-patched-linux-x86_64 0.2.4 17.61 532.60 550.21 ERROR
r-patched-solaris-x86 0.2.4 995.50 NOTE
r-release-linux-x86_64 0.2.4 24.46 532.50 556.96 ERROR
r-release-windows-ix86+x86_64 0.2.4 38.00 564.00 602.00 OK --no-vignettes
r-release-osx-x86_64 0.2.4 OK
r-oldrel-windows-ix86+x86_64 0.2.3 45.00 274.00 319.00 OK --no-vignettes
r-oldrel-osx-x86_64 0.2.3 OK

Check Details

Version: 0.2.3
Check: examples
Result: ERROR
    Running examples in ‘dtwSat-Ex.R’ failed
    The error most likely occurred in:
    
    > base::assign(".ptime", proc.time(), pos = "CheckExEnv")
    > ### Name: getTimeSeries
    > ### Title: Get time series from twdtw* objects
    > ### Aliases: getTimeSeries getPatterns getTimeSeries,twdtwTimeSeries-method
    > ### getTimeSeries-twdtwTimeSeries getTimeSeries,twdtwMatches-method
    > ### getTimeSeries-twdtwMatches getPatterns,twdtwMatches-method
    > ### getPatterns-twdtwMatches getTimeSeries,twdtwRaster-method
    > ### getTimeSeries-twdtwRaster
    >
    > ### ** Examples
    >
    > # Getting time series from objects of class twdtwTimeSeries
    > ts = twdtwTimeSeries(MOD13Q1.ts.list)
    > getTimeSeries(ts, 2)
    $ts2
     ndvi evi red nir blue mir
    2007-09-14 0.2024 0.1160 0.1328 0.2002 0.0726 0.2542
    2007-09-30 0.1953 0.1202 0.1604 0.2383 0.0775 0.3067
    2007-10-16 0.2641 0.1271 0.1000 0.1718 0.0480 0.1952
    2007-11-01 0.1747 0.0856 0.1202 0.1711 0.0543 0.1924
    2007-11-17 0.2593 0.1407 0.1292 0.2197 0.0516 0.2130
    2007-12-03 0.3652 0.2114 0.1041 0.2239 0.0576 0.2139
    2007-12-19 0.3286 0.1183 0.0711 0.1407 0.0130 0.1448
    2008-01-01 0.5384 0.3311 0.0858 0.2860 0.0386 0.1266
    2008-01-17 0.3365 0.5073 0.2464 0.4964 0.2324 0.2106
    2008-02-02 0.8403 0.7370 0.0402 0.4633 0.0359 0.0816
    2008-02-18 0.9502 0.6264 0.0084 0.3293 0.0132 0.0742
    2008-03-05 0.8802 0.9184 0.0412 0.6470 0.0327 0.0833
    2008-03-21 0.9047 0.8841 0.0314 0.6278 0.0173 0.0708
    2008-04-06 0.9232 0.7877 0.0204 0.5110 0.0102 0.0477
    2008-04-22 0.9022 0.7425 0.0248 0.4826 0.0120 0.0564
    2008-05-08 0.7284 0.4599 0.0482 0.3068 0.0254 0.1019
    2008-05-24 0.6428 0.3862 0.0593 0.2728 0.0329 0.1137
    2008-06-09 0.4068 0.2223 0.0982 0.2329 0.0410 0.2418
    2008-06-25 0.3224 0.1838 0.1283 0.2504 0.0480 0.2619
    2008-07-11 0.2570 0.1277 0.1207 0.2042 0.0393 0.2562
    2008-07-27 0.1903 0.0969 0.1410 0.2073 0.0458 0.2568
    2008-08-12 0.1715 0.0873 0.1429 0.2021 0.0488 0.2116
    2008-08-28 0.1736 0.0870 0.1290 0.1832 0.0535 0.2444
    2008-09-13 0.1493 0.0825 0.1507 0.2036 0.0675 0.2541
    2008-09-29 0.1818 0.1077 0.1523 0.2200 0.0751 0.3032
    2008-10-15 0.1634 0.0787 0.1205 0.1676 0.0528 0.1770
    2008-10-31 0.1841 0.0648 0.0649 0.0942 0.0473 0.0771
    2008-11-16 0.1476 0.0777 0.1611 0.2169 0.0518 0.2768
    2008-12-02 0.1860 0.0913 0.1258 0.1833 0.0487 0.2097
    2008-12-18 0.3517 0.1642 0.0881 0.1837 0.0343 0.1352
    2009-01-01 0.3800 0.2726 0.1634 0.3637 0.0677 0.2532
    2009-01-17 0.6387 0.5162 0.1066 0.4835 0.0397 0.1545
    2009-02-02 0.8747 0.6911 0.0310 0.4642 0.0111 0.0752
    2009-02-18 0.8569 0.9056 0.0499 0.6476 0.0396 0.1067
    2009-03-06 0.8782 0.8240 0.0337 0.5197 0.0330 0.1377
    2009-03-22 0.9067 0.8573 0.0273 0.5582 0.0232 0.0566
    2009-04-07 0.8986 0.8178 0.0288 0.5397 0.0201 0.0645
    2009-04-23 0.8417 0.5753 0.0305 0.3549 0.0171 0.0731
    2009-05-09 0.7222 0.4707 0.0508 0.3150 0.0289 0.1074
    2009-05-25 0.6835 0.3950 0.0504 0.2681 0.0257 0.1047
    2009-06-10 0.4788 0.2800 0.0819 0.2324 0.0507 0.1274
    2009-06-26 0.3234 0.1830 0.1250 0.2445 0.0483 0.2389
    2009-07-12 0.2571 0.1266 0.1215 0.2056 0.0366 0.2631
    2009-07-28 0.2161 0.1150 0.1501 0.2329 0.0446 0.2995
    2009-08-13 0.1690 0.0799 0.1366 0.1922 0.0364 0.2740
    2009-08-29 0.1590 0.0812 0.1533 0.2113 0.0462 0.2873
    2009-09-14 0.2717 0.1508 0.1206 0.2106 0.0590 0.1997
    2009-09-30 0.1990 0.1178 0.1787 0.2675 0.0608 0.2867
    2009-10-16 0.1681 0.0951 0.1610 0.2261 0.0643 0.2339
    2009-11-01 0.3536 0.3052 0.1515 0.3173 0.1158 0.1973
    2009-11-17 0.8631 0.7170 0.0380 0.5173 0.0099 0.1268
    2009-12-03 0.7310 0.7838 0.1010 0.6500 0.2480 0.1932
    2009-12-19 0.9399 0.8487 0.0172 0.5557 0.0097 0.0786
    2010-01-01 0.6945 0.8249 0.0913 0.5066 0.1061 0.1023
    2010-01-17 0.9044 0.8831 0.0260 0.5180 0.0375 0.1220
    2010-02-02 0.4529 0.2691 0.1055 0.2802 0.0387 0.1455
    2010-02-18 0.2862 0.1984 0.1470 0.2649 0.0882 0.2314
    2010-03-06 0.6618 0.4194 0.0548 0.2693 0.0426 0.1713
    2010-03-22 0.8765 0.6529 0.0262 0.3981 0.0175 0.0873
    2010-04-07 0.8768 0.6376 0.0258 0.3933 0.0143 0.0570
    2010-04-23 0.8572 0.6029 0.0287 0.3734 0.0155 0.0515
    2010-05-09 0.8000 0.5599 0.0406 0.3656 0.0211 0.0590
    2010-05-25 0.7262 0.4369 0.0460 0.2901 0.0226 0.0691
    2010-06-10 0.4812 0.2314 0.0719 0.2053 0.0261 0.1386
    2010-06-26 0.3763 0.1757 0.0875 0.1931 0.0288 0.1898
    2010-07-12 0.3750 0.1755 0.0874 0.1923 0.0297 0.1820
    2010-07-28 0.2857 0.2043 0.2178 0.3921 0.0755 0.2871
    2010-08-13 0.2660 0.1975 0.2235 0.3855 0.0902 0.2954
    2010-08-29 0.2650 0.2008 0.2080 0.3580 0.0985 0.3151
    2010-09-14 0.2421 0.1707 0.1895 0.3106 0.0899 0.3143
    2010-09-30 0.2146 0.1309 0.1509 0.2334 0.0751 0.2796
    2010-10-16 0.4118 0.3517 0.1344 0.3226 0.1055 0.2497
    2010-11-01 0.8155 0.5853 0.0360 0.3543 0.0281 0.1113
    2010-11-17 0.9196 0.8209 0.0223 0.5329 0.0149 0.0869
    2010-12-03 0.9285 0.9011 0.0222 0.5994 0.0175 0.0897
    2010-12-19 0.9167 0.9485 0.0294 0.6768 0.0297 0.1362
    2011-01-01 0.8033 0.7933 0.0642 0.5887 0.0514 0.1454
    2011-01-17 0.4201 0.2473 0.0893 0.2187 0.0232 0.1837
    2011-02-02 0.3049 0.2573 0.1771 0.3325 0.1102 0.2085
    2011-02-18 0.1785 0.1696 0.2516 0.3610 0.2561 0.1755
    2011-03-06 0.6488 0.5063 0.0797 0.3742 0.0463 0.1724
    2011-03-22 0.8062 0.6843 0.0498 0.4643 0.0342 0.1317
    2011-04-07 0.9254 0.8600 0.0226 0.5836 0.0118 0.0645
    2011-04-23 0.9139 0.8625 0.0269 0.5983 0.0138 0.0694
    2011-05-09 0.8943 0.7867 0.0296 0.5306 0.0155 0.0628
    2011-05-25 0.8560 0.6597 0.0338 0.4357 0.0154 0.0657
    2011-06-10 0.7234 0.4655 0.0522 0.3253 0.0229 0.1126
    2011-06-26 0.5536 0.3349 0.0767 0.2670 0.0409 0.1407
    2011-07-12 0.3809 0.2312 0.1118 0.2494 0.0577 0.1863
    2011-07-28 0.3326 0.2057 0.1215 0.2426 0.0667 0.1972
    2011-08-13 0.3552 0.2098 0.1245 0.2617 0.0499 0.2701
    2011-08-29 0.3313 0.2029 0.1379 0.2746 0.0557 0.2805
    2011-09-14 0.2963 0.1992 0.1693 0.3119 0.0718 0.3036
    2011-09-30 0.2576 0.1280 0.1023 0.1733 0.0535 0.1118
    2011-10-16 0.2846 0.1433 0.0902 0.1620 0.0475 0.2157
    2011-11-01 0.4784 0.4077 0.1349 0.3824 0.0984 0.2174
    2011-11-17 0.7225 0.5760 0.0694 0.4309 0.0371 0.1727
    2011-12-03 0.9406 0.9178 0.0207 0.6766 0.0019 0.1220
    2011-12-19 0.9621 0.6785 0.0075 0.3884 0.0040 0.0538
    2012-01-01 0.3080 0.3445 0.2801 0.5295 0.3137 0.2717
    2012-01-17 0.3013 0.1121 0.0611 0.1138 0.0719 0.0733
    2012-02-02 0.3363 0.2483 0.1391 0.2801 0.1118 0.1587
    2012-02-18 0.4620 0.3493 0.1166 0.3169 0.0515 0.2300
    2012-03-05 0.6168 0.2398 0.0301 0.1270 0.0397 0.0890
    2012-03-21 0.7853 0.5806 0.0469 0.3900 0.0259 0.1032
    2012-04-06 0.9389 0.9143 0.0202 0.6412 0.0086 0.0610
    2012-04-22 0.9167 0.8680 0.0253 0.5824 0.0173 0.0689
    2012-05-08 0.9223 0.9109 0.0245 0.6067 0.0208 0.0654
    2012-05-24 0.8974 0.8072 0.0289 0.5350 0.0188 0.0555
    2012-06-09 0.8710 0.7209 0.0321 0.4658 0.0206 0.0535
    2012-06-25 0.8248 0.5983 0.0380 0.3960 0.0171 0.0676
    2012-07-11 0.7597 0.5576 0.0521 0.3817 0.0289 0.0727
    2012-07-27 0.5650 0.3898 0.0888 0.3195 0.0497 0.1247
    2012-08-12 0.3978 0.2659 0.1214 0.2818 0.0670 0.1692
    2012-08-28 0.3676 0.2596 0.1408 0.3045 0.0764 0.1885
    2012-09-13 0.3871 0.2225 0.1094 0.2476 0.0469 0.2546
    2012-09-29 0.5214 0.2757 0.0642 0.2041 0.0758 0.2292
    2012-10-15 0.3339 0.2431 0.1368 0.2740 0.0648 0.2806
    2012-10-31 0.4502 0.3955 0.1489 0.3928 0.0777 0.3031
    2012-11-16 0.3198 0.3102 0.2156 0.4184 0.2175 0.1116
    2012-12-02 0.8543 0.8290 0.0462 0.5882 0.0351 0.1480
    2012-12-18 0.8577 0.6439 0.0314 0.4101 0.0171 0.0745
    2013-01-01 0.4859 0.2724 0.0743 0.2148 0.2932 0.1283
    2013-01-17 0.5313 0.2974 0.0930 0.3039 0.0119 0.1518
    2013-02-02 0.3842 0.2721 0.1217 0.2736 0.1171 0.1879
    2013-02-18 0.2983 0.1587 0.0949 0.1756 0.0363 0.2142
    2013-03-06 0.3100 0.1710 0.1286 0.2442 0.0435 0.2729
    2013-03-22 0.8175 0.7121 0.0488 0.4860 0.0371 0.1396
    2013-04-07 0.8822 0.7822 0.0328 0.5244 0.0200 0.0813
    2013-04-23 0.9308 0.8385 0.0196 0.5474 0.0122 0.0557
    2013-05-09 0.9199 0.8721 0.0248 0.5949 0.0146 0.0581
    2013-05-25 0.9181 0.8356 0.0238 0.5576 0.0138 0.0555
    2013-06-10 0.8720 0.7145 0.0318 0.4653 0.0186 0.0616
    2013-06-26 0.8239 0.6008 0.0366 0.3792 0.0231 0.0799
    2013-07-12 0.7006 0.4971 0.0606 0.3443 0.0375 0.1171
    2013-07-28 0.4603 0.3264 0.1160 0.3139 0.0659 0.1642
    2013-08-13 0.3766 0.2362 0.1162 0.2566 0.0624 0.2218
    2013-08-29 0.3238 0.2046 0.1620 0.3172 0.0524 0.3004
    
    > # Getting time series from objects of class twdtwTimeSeries
    > ts = twdtwTimeSeries(MOD13Q1.ts.list)
    > patt = twdtwTimeSeries(MOD13Q1.patterns.list)
    > mat = twdtwApply(x=ts, y=patt)
    > getTimeSeries(mat, 2)
    $ts2
     ndvi evi red nir blue mir
    2007-09-14 0.2024 0.1160 0.1328 0.2002 0.0726 0.2542
    2007-09-30 0.1953 0.1202 0.1604 0.2383 0.0775 0.3067
    2007-10-16 0.2641 0.1271 0.1000 0.1718 0.0480 0.1952
    2007-11-01 0.1747 0.0856 0.1202 0.1711 0.0543 0.1924
    2007-11-17 0.2593 0.1407 0.1292 0.2197 0.0516 0.2130
    2007-12-03 0.3652 0.2114 0.1041 0.2239 0.0576 0.2139
    2007-12-19 0.3286 0.1183 0.0711 0.1407 0.0130 0.1448
    2008-01-01 0.5384 0.3311 0.0858 0.2860 0.0386 0.1266
    2008-01-17 0.3365 0.5073 0.2464 0.4964 0.2324 0.2106
    2008-02-02 0.8403 0.7370 0.0402 0.4633 0.0359 0.0816
    2008-02-18 0.9502 0.6264 0.0084 0.3293 0.0132 0.0742
    2008-03-05 0.8802 0.9184 0.0412 0.6470 0.0327 0.0833
    2008-03-21 0.9047 0.8841 0.0314 0.6278 0.0173 0.0708
    2008-04-06 0.9232 0.7877 0.0204 0.5110 0.0102 0.0477
    2008-04-22 0.9022 0.7425 0.0248 0.4826 0.0120 0.0564
    2008-05-08 0.7284 0.4599 0.0482 0.3068 0.0254 0.1019
    2008-05-24 0.6428 0.3862 0.0593 0.2728 0.0329 0.1137
    2008-06-09 0.4068 0.2223 0.0982 0.2329 0.0410 0.2418
    2008-06-25 0.3224 0.1838 0.1283 0.2504 0.0480 0.2619
    2008-07-11 0.2570 0.1277 0.1207 0.2042 0.0393 0.2562
    2008-07-27 0.1903 0.0969 0.1410 0.2073 0.0458 0.2568
    2008-08-12 0.1715 0.0873 0.1429 0.2021 0.0488 0.2116
    2008-08-28 0.1736 0.0870 0.1290 0.1832 0.0535 0.2444
    2008-09-13 0.1493 0.0825 0.1507 0.2036 0.0675 0.2541
    2008-09-29 0.1818 0.1077 0.1523 0.2200 0.0751 0.3032
    2008-10-15 0.1634 0.0787 0.1205 0.1676 0.0528 0.1770
    2008-10-31 0.1841 0.0648 0.0649 0.0942 0.0473 0.0771
    2008-11-16 0.1476 0.0777 0.1611 0.2169 0.0518 0.2768
    2008-12-02 0.1860 0.0913 0.1258 0.1833 0.0487 0.2097
    2008-12-18 0.3517 0.1642 0.0881 0.1837 0.0343 0.1352
    2009-01-01 0.3800 0.2726 0.1634 0.3637 0.0677 0.2532
    2009-01-17 0.6387 0.5162 0.1066 0.4835 0.0397 0.1545
    2009-02-02 0.8747 0.6911 0.0310 0.4642 0.0111 0.0752
    2009-02-18 0.8569 0.9056 0.0499 0.6476 0.0396 0.1067
    2009-03-06 0.8782 0.8240 0.0337 0.5197 0.0330 0.1377
    2009-03-22 0.9067 0.8573 0.0273 0.5582 0.0232 0.0566
    2009-04-07 0.8986 0.8178 0.0288 0.5397 0.0201 0.0645
    2009-04-23 0.8417 0.5753 0.0305 0.3549 0.0171 0.0731
    2009-05-09 0.7222 0.4707 0.0508 0.3150 0.0289 0.1074
    2009-05-25 0.6835 0.3950 0.0504 0.2681 0.0257 0.1047
    2009-06-10 0.4788 0.2800 0.0819 0.2324 0.0507 0.1274
    2009-06-26 0.3234 0.1830 0.1250 0.2445 0.0483 0.2389
    2009-07-12 0.2571 0.1266 0.1215 0.2056 0.0366 0.2631
    2009-07-28 0.2161 0.1150 0.1501 0.2329 0.0446 0.2995
    2009-08-13 0.1690 0.0799 0.1366 0.1922 0.0364 0.2740
    2009-08-29 0.1590 0.0812 0.1533 0.2113 0.0462 0.2873
    2009-09-14 0.2717 0.1508 0.1206 0.2106 0.0590 0.1997
    2009-09-30 0.1990 0.1178 0.1787 0.2675 0.0608 0.2867
    2009-10-16 0.1681 0.0951 0.1610 0.2261 0.0643 0.2339
    2009-11-01 0.3536 0.3052 0.1515 0.3173 0.1158 0.1973
    2009-11-17 0.8631 0.7170 0.0380 0.5173 0.0099 0.1268
    2009-12-03 0.7310 0.7838 0.1010 0.6500 0.2480 0.1932
    2009-12-19 0.9399 0.8487 0.0172 0.5557 0.0097 0.0786
    2010-01-01 0.6945 0.8249 0.0913 0.5066 0.1061 0.1023
    2010-01-17 0.9044 0.8831 0.0260 0.5180 0.0375 0.1220
    2010-02-02 0.4529 0.2691 0.1055 0.2802 0.0387 0.1455
    2010-02-18 0.2862 0.1984 0.1470 0.2649 0.0882 0.2314
    2010-03-06 0.6618 0.4194 0.0548 0.2693 0.0426 0.1713
    2010-03-22 0.8765 0.6529 0.0262 0.3981 0.0175 0.0873
    2010-04-07 0.8768 0.6376 0.0258 0.3933 0.0143 0.0570
    2010-04-23 0.8572 0.6029 0.0287 0.3734 0.0155 0.0515
    2010-05-09 0.8000 0.5599 0.0406 0.3656 0.0211 0.0590
    2010-05-25 0.7262 0.4369 0.0460 0.2901 0.0226 0.0691
    2010-06-10 0.4812 0.2314 0.0719 0.2053 0.0261 0.1386
    2010-06-26 0.3763 0.1757 0.0875 0.1931 0.0288 0.1898
    2010-07-12 0.3750 0.1755 0.0874 0.1923 0.0297 0.1820
    2010-07-28 0.2857 0.2043 0.2178 0.3921 0.0755 0.2871
    2010-08-13 0.2660 0.1975 0.2235 0.3855 0.0902 0.2954
    2010-08-29 0.2650 0.2008 0.2080 0.3580 0.0985 0.3151
    2010-09-14 0.2421 0.1707 0.1895 0.3106 0.0899 0.3143
    2010-09-30 0.2146 0.1309 0.1509 0.2334 0.0751 0.2796
    2010-10-16 0.4118 0.3517 0.1344 0.3226 0.1055 0.2497
    2010-11-01 0.8155 0.5853 0.0360 0.3543 0.0281 0.1113
    2010-11-17 0.9196 0.8209 0.0223 0.5329 0.0149 0.0869
    2010-12-03 0.9285 0.9011 0.0222 0.5994 0.0175 0.0897
    2010-12-19 0.9167 0.9485 0.0294 0.6768 0.0297 0.1362
    2011-01-01 0.8033 0.7933 0.0642 0.5887 0.0514 0.1454
    2011-01-17 0.4201 0.2473 0.0893 0.2187 0.0232 0.1837
    2011-02-02 0.3049 0.2573 0.1771 0.3325 0.1102 0.2085
    2011-02-18 0.1785 0.1696 0.2516 0.3610 0.2561 0.1755
    2011-03-06 0.6488 0.5063 0.0797 0.3742 0.0463 0.1724
    2011-03-22 0.8062 0.6843 0.0498 0.4643 0.0342 0.1317
    2011-04-07 0.9254 0.8600 0.0226 0.5836 0.0118 0.0645
    2011-04-23 0.9139 0.8625 0.0269 0.5983 0.0138 0.0694
    2011-05-09 0.8943 0.7867 0.0296 0.5306 0.0155 0.0628
    2011-05-25 0.8560 0.6597 0.0338 0.4357 0.0154 0.0657
    2011-06-10 0.7234 0.4655 0.0522 0.3253 0.0229 0.1126
    2011-06-26 0.5536 0.3349 0.0767 0.2670 0.0409 0.1407
    2011-07-12 0.3809 0.2312 0.1118 0.2494 0.0577 0.1863
    2011-07-28 0.3326 0.2057 0.1215 0.2426 0.0667 0.1972
    2011-08-13 0.3552 0.2098 0.1245 0.2617 0.0499 0.2701
    2011-08-29 0.3313 0.2029 0.1379 0.2746 0.0557 0.2805
    2011-09-14 0.2963 0.1992 0.1693 0.3119 0.0718 0.3036
    2011-09-30 0.2576 0.1280 0.1023 0.1733 0.0535 0.1118
    2011-10-16 0.2846 0.1433 0.0902 0.1620 0.0475 0.2157
    2011-11-01 0.4784 0.4077 0.1349 0.3824 0.0984 0.2174
    2011-11-17 0.7225 0.5760 0.0694 0.4309 0.0371 0.1727
    2011-12-03 0.9406 0.9178 0.0207 0.6766 0.0019 0.1220
    2011-12-19 0.9621 0.6785 0.0075 0.3884 0.0040 0.0538
    2012-01-01 0.3080 0.3445 0.2801 0.5295 0.3137 0.2717
    2012-01-17 0.3013 0.1121 0.0611 0.1138 0.0719 0.0733
    2012-02-02 0.3363 0.2483 0.1391 0.2801 0.1118 0.1587
    2012-02-18 0.4620 0.3493 0.1166 0.3169 0.0515 0.2300
    2012-03-05 0.6168 0.2398 0.0301 0.1270 0.0397 0.0890
    2012-03-21 0.7853 0.5806 0.0469 0.3900 0.0259 0.1032
    2012-04-06 0.9389 0.9143 0.0202 0.6412 0.0086 0.0610
    2012-04-22 0.9167 0.8680 0.0253 0.5824 0.0173 0.0689
    2012-05-08 0.9223 0.9109 0.0245 0.6067 0.0208 0.0654
    2012-05-24 0.8974 0.8072 0.0289 0.5350 0.0188 0.0555
    2012-06-09 0.8710 0.7209 0.0321 0.4658 0.0206 0.0535
    2012-06-25 0.8248 0.5983 0.0380 0.3960 0.0171 0.0676
    2012-07-11 0.7597 0.5576 0.0521 0.3817 0.0289 0.0727
    2012-07-27 0.5650 0.3898 0.0888 0.3195 0.0497 0.1247
    2012-08-12 0.3978 0.2659 0.1214 0.2818 0.0670 0.1692
    2012-08-28 0.3676 0.2596 0.1408 0.3045 0.0764 0.1885
    2012-09-13 0.3871 0.2225 0.1094 0.2476 0.0469 0.2546
    2012-09-29 0.5214 0.2757 0.0642 0.2041 0.0758 0.2292
    2012-10-15 0.3339 0.2431 0.1368 0.2740 0.0648 0.2806
    2012-10-31 0.4502 0.3955 0.1489 0.3928 0.0777 0.3031
    2012-11-16 0.3198 0.3102 0.2156 0.4184 0.2175 0.1116
    2012-12-02 0.8543 0.8290 0.0462 0.5882 0.0351 0.1480
    2012-12-18 0.8577 0.6439 0.0314 0.4101 0.0171 0.0745
    2013-01-01 0.4859 0.2724 0.0743 0.2148 0.2932 0.1283
    2013-01-17 0.5313 0.2974 0.0930 0.3039 0.0119 0.1518
    2013-02-02 0.3842 0.2721 0.1217 0.2736 0.1171 0.1879
    2013-02-18 0.2983 0.1587 0.0949 0.1756 0.0363 0.2142
    2013-03-06 0.3100 0.1710 0.1286 0.2442 0.0435 0.2729
    2013-03-22 0.8175 0.7121 0.0488 0.4860 0.0371 0.1396
    2013-04-07 0.8822 0.7822 0.0328 0.5244 0.0200 0.0813
    2013-04-23 0.9308 0.8385 0.0196 0.5474 0.0122 0.0557
    2013-05-09 0.9199 0.8721 0.0248 0.5949 0.0146 0.0581
    2013-05-25 0.9181 0.8356 0.0238 0.5576 0.0138 0.0555
    2013-06-10 0.8720 0.7145 0.0318 0.4653 0.0186 0.0616
    2013-06-26 0.8239 0.6008 0.0366 0.3792 0.0231 0.0799
    2013-07-12 0.7006 0.4971 0.0606 0.3443 0.0375 0.1171
    2013-07-28 0.4603 0.3264 0.1160 0.3139 0.0659 0.1642
    2013-08-13 0.3766 0.2362 0.1162 0.2566 0.0624 0.2218
    2013-08-29 0.3238 0.2046 0.1620 0.3172 0.0524 0.3004
    
    > ## This example creates a twdtwRaster object and extract time series from it.
    >
    > # Creating objects of class twdtwRaster with evi and ndvi time series
    > evi = brick(system.file("lucc_MT/data/evi.tif", package="dtwSat"))
    > ndvi = brick(system.file("lucc_MT/data/ndvi.tif", package="dtwSat"))
    > timeline = scan(system.file("lucc_MT/data/timeline", package="dtwSat"), what="date")
    Read 137 items
    > rts = twdtwRaster(evi, ndvi, timeline=timeline)
    >
    > # Location and time range
    > ts_location = data.frame(longitude = -55.96957, latitude = -12.03864,
    + from = "2007-09-01", to = "2013-09-01")
    > prj_string = "+proj=longlat +datum=WGS84 +no_defs +ellps=WGS84 +towgs84=0,0,0"
    >
    > ## Extract time series
    > ts = getTimeSeries(rts, y = ts_location, proj4string = prj_string)
    >
    > autoplot(ts[[1]], facets = NULL) + xlab("Time") + ylab("Value")
    Error: Objects of type zoo not supported by autoplot.
    Execution halted
Flavor: r-devel-linux-x86_64-debian-clang

Version: 0.2.4
Check: examples
Result: ERROR
    Running examples in ‘dtwSat-Ex.R’ failed
    The error most likely occurred in:
    
    > base::assign(".ptime", proc.time(), pos = "CheckExEnv")
    > ### Name: getTimeSeries
    > ### Title: Get time series from twdtw* objects
    > ### Aliases: getTimeSeries getPatterns getTimeSeries,twdtwTimeSeries-method
    > ### getTimeSeries-twdtwTimeSeries getTimeSeries,twdtwMatches-method
    > ### getTimeSeries-twdtwMatches getPatterns,twdtwMatches-method
    > ### getPatterns-twdtwMatches getTimeSeries,twdtwRaster-method
    > ### getTimeSeries-twdtwRaster
    >
    > ### ** Examples
    >
    > # Getting time series from objects of class twdtwTimeSeries
    > ts = twdtwTimeSeries(MOD13Q1.ts.list)
    > getTimeSeries(ts, 2)
    $ts2
     ndvi evi red nir blue mir
    2007-09-14 0.2024 0.1160 0.1328 0.2002 0.0726 0.2542
    2007-09-30 0.1953 0.1202 0.1604 0.2383 0.0775 0.3067
    2007-10-16 0.2641 0.1271 0.1000 0.1718 0.0480 0.1952
    2007-11-01 0.1747 0.0856 0.1202 0.1711 0.0543 0.1924
    2007-11-17 0.2593 0.1407 0.1292 0.2197 0.0516 0.2130
    2007-12-03 0.3652 0.2114 0.1041 0.2239 0.0576 0.2139
    2007-12-19 0.3286 0.1183 0.0711 0.1407 0.0130 0.1448
    2008-01-01 0.5384 0.3311 0.0858 0.2860 0.0386 0.1266
    2008-01-17 0.3365 0.5073 0.2464 0.4964 0.2324 0.2106
    2008-02-02 0.8403 0.7370 0.0402 0.4633 0.0359 0.0816
    2008-02-18 0.9502 0.6264 0.0084 0.3293 0.0132 0.0742
    2008-03-05 0.8802 0.9184 0.0412 0.6470 0.0327 0.0833
    2008-03-21 0.9047 0.8841 0.0314 0.6278 0.0173 0.0708
    2008-04-06 0.9232 0.7877 0.0204 0.5110 0.0102 0.0477
    2008-04-22 0.9022 0.7425 0.0248 0.4826 0.0120 0.0564
    2008-05-08 0.7284 0.4599 0.0482 0.3068 0.0254 0.1019
    2008-05-24 0.6428 0.3862 0.0593 0.2728 0.0329 0.1137
    2008-06-09 0.4068 0.2223 0.0982 0.2329 0.0410 0.2418
    2008-06-25 0.3224 0.1838 0.1283 0.2504 0.0480 0.2619
    2008-07-11 0.2570 0.1277 0.1207 0.2042 0.0393 0.2562
    2008-07-27 0.1903 0.0969 0.1410 0.2073 0.0458 0.2568
    2008-08-12 0.1715 0.0873 0.1429 0.2021 0.0488 0.2116
    2008-08-28 0.1736 0.0870 0.1290 0.1832 0.0535 0.2444
    2008-09-13 0.1493 0.0825 0.1507 0.2036 0.0675 0.2541
    2008-09-29 0.1818 0.1077 0.1523 0.2200 0.0751 0.3032
    2008-10-15 0.1634 0.0787 0.1205 0.1676 0.0528 0.1770
    2008-10-31 0.1841 0.0648 0.0649 0.0942 0.0473 0.0771
    2008-11-16 0.1476 0.0777 0.1611 0.2169 0.0518 0.2768
    2008-12-02 0.1860 0.0913 0.1258 0.1833 0.0487 0.2097
    2008-12-18 0.3517 0.1642 0.0881 0.1837 0.0343 0.1352
    2009-01-01 0.3800 0.2726 0.1634 0.3637 0.0677 0.2532
    2009-01-17 0.6387 0.5162 0.1066 0.4835 0.0397 0.1545
    2009-02-02 0.8747 0.6911 0.0310 0.4642 0.0111 0.0752
    2009-02-18 0.8569 0.9056 0.0499 0.6476 0.0396 0.1067
    2009-03-06 0.8782 0.8240 0.0337 0.5197 0.0330 0.1377
    2009-03-22 0.9067 0.8573 0.0273 0.5582 0.0232 0.0566
    2009-04-07 0.8986 0.8178 0.0288 0.5397 0.0201 0.0645
    2009-04-23 0.8417 0.5753 0.0305 0.3549 0.0171 0.0731
    2009-05-09 0.7222 0.4707 0.0508 0.3150 0.0289 0.1074
    2009-05-25 0.6835 0.3950 0.0504 0.2681 0.0257 0.1047
    2009-06-10 0.4788 0.2800 0.0819 0.2324 0.0507 0.1274
    2009-06-26 0.3234 0.1830 0.1250 0.2445 0.0483 0.2389
    2009-07-12 0.2571 0.1266 0.1215 0.2056 0.0366 0.2631
    2009-07-28 0.2161 0.1150 0.1501 0.2329 0.0446 0.2995
    2009-08-13 0.1690 0.0799 0.1366 0.1922 0.0364 0.2740
    2009-08-29 0.1590 0.0812 0.1533 0.2113 0.0462 0.2873
    2009-09-14 0.2717 0.1508 0.1206 0.2106 0.0590 0.1997
    2009-09-30 0.1990 0.1178 0.1787 0.2675 0.0608 0.2867
    2009-10-16 0.1681 0.0951 0.1610 0.2261 0.0643 0.2339
    2009-11-01 0.3536 0.3052 0.1515 0.3173 0.1158 0.1973
    2009-11-17 0.8631 0.7170 0.0380 0.5173 0.0099 0.1268
    2009-12-03 0.7310 0.7838 0.1010 0.6500 0.2480 0.1932
    2009-12-19 0.9399 0.8487 0.0172 0.5557 0.0097 0.0786
    2010-01-01 0.6945 0.8249 0.0913 0.5066 0.1061 0.1023
    2010-01-17 0.9044 0.8831 0.0260 0.5180 0.0375 0.1220
    2010-02-02 0.4529 0.2691 0.1055 0.2802 0.0387 0.1455
    2010-02-18 0.2862 0.1984 0.1470 0.2649 0.0882 0.2314
    2010-03-06 0.6618 0.4194 0.0548 0.2693 0.0426 0.1713
    2010-03-22 0.8765 0.6529 0.0262 0.3981 0.0175 0.0873
    2010-04-07 0.8768 0.6376 0.0258 0.3933 0.0143 0.0570
    2010-04-23 0.8572 0.6029 0.0287 0.3734 0.0155 0.0515
    2010-05-09 0.8000 0.5599 0.0406 0.3656 0.0211 0.0590
    2010-05-25 0.7262 0.4369 0.0460 0.2901 0.0226 0.0691
    2010-06-10 0.4812 0.2314 0.0719 0.2053 0.0261 0.1386
    2010-06-26 0.3763 0.1757 0.0875 0.1931 0.0288 0.1898
    2010-07-12 0.3750 0.1755 0.0874 0.1923 0.0297 0.1820
    2010-07-28 0.2857 0.2043 0.2178 0.3921 0.0755 0.2871
    2010-08-13 0.2660 0.1975 0.2235 0.3855 0.0902 0.2954
    2010-08-29 0.2650 0.2008 0.2080 0.3580 0.0985 0.3151
    2010-09-14 0.2421 0.1707 0.1895 0.3106 0.0899 0.3143
    2010-09-30 0.2146 0.1309 0.1509 0.2334 0.0751 0.2796
    2010-10-16 0.4118 0.3517 0.1344 0.3226 0.1055 0.2497
    2010-11-01 0.8155 0.5853 0.0360 0.3543 0.0281 0.1113
    2010-11-17 0.9196 0.8209 0.0223 0.5329 0.0149 0.0869
    2010-12-03 0.9285 0.9011 0.0222 0.5994 0.0175 0.0897
    2010-12-19 0.9167 0.9485 0.0294 0.6768 0.0297 0.1362
    2011-01-01 0.8033 0.7933 0.0642 0.5887 0.0514 0.1454
    2011-01-17 0.4201 0.2473 0.0893 0.2187 0.0232 0.1837
    2011-02-02 0.3049 0.2573 0.1771 0.3325 0.1102 0.2085
    2011-02-18 0.1785 0.1696 0.2516 0.3610 0.2561 0.1755
    2011-03-06 0.6488 0.5063 0.0797 0.3742 0.0463 0.1724
    2011-03-22 0.8062 0.6843 0.0498 0.4643 0.0342 0.1317
    2011-04-07 0.9254 0.8600 0.0226 0.5836 0.0118 0.0645
    2011-04-23 0.9139 0.8625 0.0269 0.5983 0.0138 0.0694
    2011-05-09 0.8943 0.7867 0.0296 0.5306 0.0155 0.0628
    2011-05-25 0.8560 0.6597 0.0338 0.4357 0.0154 0.0657
    2011-06-10 0.7234 0.4655 0.0522 0.3253 0.0229 0.1126
    2011-06-26 0.5536 0.3349 0.0767 0.2670 0.0409 0.1407
    2011-07-12 0.3809 0.2312 0.1118 0.2494 0.0577 0.1863
    2011-07-28 0.3326 0.2057 0.1215 0.2426 0.0667 0.1972
    2011-08-13 0.3552 0.2098 0.1245 0.2617 0.0499 0.2701
    2011-08-29 0.3313 0.2029 0.1379 0.2746 0.0557 0.2805
    2011-09-14 0.2963 0.1992 0.1693 0.3119 0.0718 0.3036
    2011-09-30 0.2576 0.1280 0.1023 0.1733 0.0535 0.1118
    2011-10-16 0.2846 0.1433 0.0902 0.1620 0.0475 0.2157
    2011-11-01 0.4784 0.4077 0.1349 0.3824 0.0984 0.2174
    2011-11-17 0.7225 0.5760 0.0694 0.4309 0.0371 0.1727
    2011-12-03 0.9406 0.9178 0.0207 0.6766 0.0019 0.1220
    2011-12-19 0.9621 0.6785 0.0075 0.3884 0.0040 0.0538
    2012-01-01 0.3080 0.3445 0.2801 0.5295 0.3137 0.2717
    2012-01-17 0.3013 0.1121 0.0611 0.1138 0.0719 0.0733
    2012-02-02 0.3363 0.2483 0.1391 0.2801 0.1118 0.1587
    2012-02-18 0.4620 0.3493 0.1166 0.3169 0.0515 0.2300
    2012-03-05 0.6168 0.2398 0.0301 0.1270 0.0397 0.0890
    2012-03-21 0.7853 0.5806 0.0469 0.3900 0.0259 0.1032
    2012-04-06 0.9389 0.9143 0.0202 0.6412 0.0086 0.0610
    2012-04-22 0.9167 0.8680 0.0253 0.5824 0.0173 0.0689
    2012-05-08 0.9223 0.9109 0.0245 0.6067 0.0208 0.0654
    2012-05-24 0.8974 0.8072 0.0289 0.5350 0.0188 0.0555
    2012-06-09 0.8710 0.7209 0.0321 0.4658 0.0206 0.0535
    2012-06-25 0.8248 0.5983 0.0380 0.3960 0.0171 0.0676
    2012-07-11 0.7597 0.5576 0.0521 0.3817 0.0289 0.0727
    2012-07-27 0.5650 0.3898 0.0888 0.3195 0.0497 0.1247
    2012-08-12 0.3978 0.2659 0.1214 0.2818 0.0670 0.1692
    2012-08-28 0.3676 0.2596 0.1408 0.3045 0.0764 0.1885
    2012-09-13 0.3871 0.2225 0.1094 0.2476 0.0469 0.2546
    2012-09-29 0.5214 0.2757 0.0642 0.2041 0.0758 0.2292
    2012-10-15 0.3339 0.2431 0.1368 0.2740 0.0648 0.2806
    2012-10-31 0.4502 0.3955 0.1489 0.3928 0.0777 0.3031
    2012-11-16 0.3198 0.3102 0.2156 0.4184 0.2175 0.1116
    2012-12-02 0.8543 0.8290 0.0462 0.5882 0.0351 0.1480
    2012-12-18 0.8577 0.6439 0.0314 0.4101 0.0171 0.0745
    2013-01-01 0.4859 0.2724 0.0743 0.2148 0.2932 0.1283
    2013-01-17 0.5313 0.2974 0.0930 0.3039 0.0119 0.1518
    2013-02-02 0.3842 0.2721 0.1217 0.2736 0.1171 0.1879
    2013-02-18 0.2983 0.1587 0.0949 0.1756 0.0363 0.2142
    2013-03-06 0.3100 0.1710 0.1286 0.2442 0.0435 0.2729
    2013-03-22 0.8175 0.7121 0.0488 0.4860 0.0371 0.1396
    2013-04-07 0.8822 0.7822 0.0328 0.5244 0.0200 0.0813
    2013-04-23 0.9308 0.8385 0.0196 0.5474 0.0122 0.0557
    2013-05-09 0.9199 0.8721 0.0248 0.5949 0.0146 0.0581
    2013-05-25 0.9181 0.8356 0.0238 0.5576 0.0138 0.0555
    2013-06-10 0.8720 0.7145 0.0318 0.4653 0.0186 0.0616
    2013-06-26 0.8239 0.6008 0.0366 0.3792 0.0231 0.0799
    2013-07-12 0.7006 0.4971 0.0606 0.3443 0.0375 0.1171
    2013-07-28 0.4603 0.3264 0.1160 0.3139 0.0659 0.1642
    2013-08-13 0.3766 0.2362 0.1162 0.2566 0.0624 0.2218
    2013-08-29 0.3238 0.2046 0.1620 0.3172 0.0524 0.3004
    
    > # Getting time series from objects of class twdtwTimeSeries
    > ts = twdtwTimeSeries(MOD13Q1.ts.list)
    > patt = twdtwTimeSeries(MOD13Q1.patterns.list)
    > mat = twdtwApply(x=ts, y=patt)
    > getTimeSeries(mat, 2)
    $ts2
     ndvi evi red nir blue mir
    2007-09-14 0.2024 0.1160 0.1328 0.2002 0.0726 0.2542
    2007-09-30 0.1953 0.1202 0.1604 0.2383 0.0775 0.3067
    2007-10-16 0.2641 0.1271 0.1000 0.1718 0.0480 0.1952
    2007-11-01 0.1747 0.0856 0.1202 0.1711 0.0543 0.1924
    2007-11-17 0.2593 0.1407 0.1292 0.2197 0.0516 0.2130
    2007-12-03 0.3652 0.2114 0.1041 0.2239 0.0576 0.2139
    2007-12-19 0.3286 0.1183 0.0711 0.1407 0.0130 0.1448
    2008-01-01 0.5384 0.3311 0.0858 0.2860 0.0386 0.1266
    2008-01-17 0.3365 0.5073 0.2464 0.4964 0.2324 0.2106
    2008-02-02 0.8403 0.7370 0.0402 0.4633 0.0359 0.0816
    2008-02-18 0.9502 0.6264 0.0084 0.3293 0.0132 0.0742
    2008-03-05 0.8802 0.9184 0.0412 0.6470 0.0327 0.0833
    2008-03-21 0.9047 0.8841 0.0314 0.6278 0.0173 0.0708
    2008-04-06 0.9232 0.7877 0.0204 0.5110 0.0102 0.0477
    2008-04-22 0.9022 0.7425 0.0248 0.4826 0.0120 0.0564
    2008-05-08 0.7284 0.4599 0.0482 0.3068 0.0254 0.1019
    2008-05-24 0.6428 0.3862 0.0593 0.2728 0.0329 0.1137
    2008-06-09 0.4068 0.2223 0.0982 0.2329 0.0410 0.2418
    2008-06-25 0.3224 0.1838 0.1283 0.2504 0.0480 0.2619
    2008-07-11 0.2570 0.1277 0.1207 0.2042 0.0393 0.2562
    2008-07-27 0.1903 0.0969 0.1410 0.2073 0.0458 0.2568
    2008-08-12 0.1715 0.0873 0.1429 0.2021 0.0488 0.2116
    2008-08-28 0.1736 0.0870 0.1290 0.1832 0.0535 0.2444
    2008-09-13 0.1493 0.0825 0.1507 0.2036 0.0675 0.2541
    2008-09-29 0.1818 0.1077 0.1523 0.2200 0.0751 0.3032
    2008-10-15 0.1634 0.0787 0.1205 0.1676 0.0528 0.1770
    2008-10-31 0.1841 0.0648 0.0649 0.0942 0.0473 0.0771
    2008-11-16 0.1476 0.0777 0.1611 0.2169 0.0518 0.2768
    2008-12-02 0.1860 0.0913 0.1258 0.1833 0.0487 0.2097
    2008-12-18 0.3517 0.1642 0.0881 0.1837 0.0343 0.1352
    2009-01-01 0.3800 0.2726 0.1634 0.3637 0.0677 0.2532
    2009-01-17 0.6387 0.5162 0.1066 0.4835 0.0397 0.1545
    2009-02-02 0.8747 0.6911 0.0310 0.4642 0.0111 0.0752
    2009-02-18 0.8569 0.9056 0.0499 0.6476 0.0396 0.1067
    2009-03-06 0.8782 0.8240 0.0337 0.5197 0.0330 0.1377
    2009-03-22 0.9067 0.8573 0.0273 0.5582 0.0232 0.0566
    2009-04-07 0.8986 0.8178 0.0288 0.5397 0.0201 0.0645
    2009-04-23 0.8417 0.5753 0.0305 0.3549 0.0171 0.0731
    2009-05-09 0.7222 0.4707 0.0508 0.3150 0.0289 0.1074
    2009-05-25 0.6835 0.3950 0.0504 0.2681 0.0257 0.1047
    2009-06-10 0.4788 0.2800 0.0819 0.2324 0.0507 0.1274
    2009-06-26 0.3234 0.1830 0.1250 0.2445 0.0483 0.2389
    2009-07-12 0.2571 0.1266 0.1215 0.2056 0.0366 0.2631
    2009-07-28 0.2161 0.1150 0.1501 0.2329 0.0446 0.2995
    2009-08-13 0.1690 0.0799 0.1366 0.1922 0.0364 0.2740
    2009-08-29 0.1590 0.0812 0.1533 0.2113 0.0462 0.2873
    2009-09-14 0.2717 0.1508 0.1206 0.2106 0.0590 0.1997
    2009-09-30 0.1990 0.1178 0.1787 0.2675 0.0608 0.2867
    2009-10-16 0.1681 0.0951 0.1610 0.2261 0.0643 0.2339
    2009-11-01 0.3536 0.3052 0.1515 0.3173 0.1158 0.1973
    2009-11-17 0.8631 0.7170 0.0380 0.5173 0.0099 0.1268
    2009-12-03 0.7310 0.7838 0.1010 0.6500 0.2480 0.1932
    2009-12-19 0.9399 0.8487 0.0172 0.5557 0.0097 0.0786
    2010-01-01 0.6945 0.8249 0.0913 0.5066 0.1061 0.1023
    2010-01-17 0.9044 0.8831 0.0260 0.5180 0.0375 0.1220
    2010-02-02 0.4529 0.2691 0.1055 0.2802 0.0387 0.1455
    2010-02-18 0.2862 0.1984 0.1470 0.2649 0.0882 0.2314
    2010-03-06 0.6618 0.4194 0.0548 0.2693 0.0426 0.1713
    2010-03-22 0.8765 0.6529 0.0262 0.3981 0.0175 0.0873
    2010-04-07 0.8768 0.6376 0.0258 0.3933 0.0143 0.0570
    2010-04-23 0.8572 0.6029 0.0287 0.3734 0.0155 0.0515
    2010-05-09 0.8000 0.5599 0.0406 0.3656 0.0211 0.0590
    2010-05-25 0.7262 0.4369 0.0460 0.2901 0.0226 0.0691
    2010-06-10 0.4812 0.2314 0.0719 0.2053 0.0261 0.1386
    2010-06-26 0.3763 0.1757 0.0875 0.1931 0.0288 0.1898
    2010-07-12 0.3750 0.1755 0.0874 0.1923 0.0297 0.1820
    2010-07-28 0.2857 0.2043 0.2178 0.3921 0.0755 0.2871
    2010-08-13 0.2660 0.1975 0.2235 0.3855 0.0902 0.2954
    2010-08-29 0.2650 0.2008 0.2080 0.3580 0.0985 0.3151
    2010-09-14 0.2421 0.1707 0.1895 0.3106 0.0899 0.3143
    2010-09-30 0.2146 0.1309 0.1509 0.2334 0.0751 0.2796
    2010-10-16 0.4118 0.3517 0.1344 0.3226 0.1055 0.2497
    2010-11-01 0.8155 0.5853 0.0360 0.3543 0.0281 0.1113
    2010-11-17 0.9196 0.8209 0.0223 0.5329 0.0149 0.0869
    2010-12-03 0.9285 0.9011 0.0222 0.5994 0.0175 0.0897
    2010-12-19 0.9167 0.9485 0.0294 0.6768 0.0297 0.1362
    2011-01-01 0.8033 0.7933 0.0642 0.5887 0.0514 0.1454
    2011-01-17 0.4201 0.2473 0.0893 0.2187 0.0232 0.1837
    2011-02-02 0.3049 0.2573 0.1771 0.3325 0.1102 0.2085
    2011-02-18 0.1785 0.1696 0.2516 0.3610 0.2561 0.1755
    2011-03-06 0.6488 0.5063 0.0797 0.3742 0.0463 0.1724
    2011-03-22 0.8062 0.6843 0.0498 0.4643 0.0342 0.1317
    2011-04-07 0.9254 0.8600 0.0226 0.5836 0.0118 0.0645
    2011-04-23 0.9139 0.8625 0.0269 0.5983 0.0138 0.0694
    2011-05-09 0.8943 0.7867 0.0296 0.5306 0.0155 0.0628
    2011-05-25 0.8560 0.6597 0.0338 0.4357 0.0154 0.0657
    2011-06-10 0.7234 0.4655 0.0522 0.3253 0.0229 0.1126
    2011-06-26 0.5536 0.3349 0.0767 0.2670 0.0409 0.1407
    2011-07-12 0.3809 0.2312 0.1118 0.2494 0.0577 0.1863
    2011-07-28 0.3326 0.2057 0.1215 0.2426 0.0667 0.1972
    2011-08-13 0.3552 0.2098 0.1245 0.2617 0.0499 0.2701
    2011-08-29 0.3313 0.2029 0.1379 0.2746 0.0557 0.2805
    2011-09-14 0.2963 0.1992 0.1693 0.3119 0.0718 0.3036
    2011-09-30 0.2576 0.1280 0.1023 0.1733 0.0535 0.1118
    2011-10-16 0.2846 0.1433 0.0902 0.1620 0.0475 0.2157
    2011-11-01 0.4784 0.4077 0.1349 0.3824 0.0984 0.2174
    2011-11-17 0.7225 0.5760 0.0694 0.4309 0.0371 0.1727
    2011-12-03 0.9406 0.9178 0.0207 0.6766 0.0019 0.1220
    2011-12-19 0.9621 0.6785 0.0075 0.3884 0.0040 0.0538
    2012-01-01 0.3080 0.3445 0.2801 0.5295 0.3137 0.2717
    2012-01-17 0.3013 0.1121 0.0611 0.1138 0.0719 0.0733
    2012-02-02 0.3363 0.2483 0.1391 0.2801 0.1118 0.1587
    2012-02-18 0.4620 0.3493 0.1166 0.3169 0.0515 0.2300
    2012-03-05 0.6168 0.2398 0.0301 0.1270 0.0397 0.0890
    2012-03-21 0.7853 0.5806 0.0469 0.3900 0.0259 0.1032
    2012-04-06 0.9389 0.9143 0.0202 0.6412 0.0086 0.0610
    2012-04-22 0.9167 0.8680 0.0253 0.5824 0.0173 0.0689
    2012-05-08 0.9223 0.9109 0.0245 0.6067 0.0208 0.0654
    2012-05-24 0.8974 0.8072 0.0289 0.5350 0.0188 0.0555
    2012-06-09 0.8710 0.7209 0.0321 0.4658 0.0206 0.0535
    2012-06-25 0.8248 0.5983 0.0380 0.3960 0.0171 0.0676
    2012-07-11 0.7597 0.5576 0.0521 0.3817 0.0289 0.0727
    2012-07-27 0.5650 0.3898 0.0888 0.3195 0.0497 0.1247
    2012-08-12 0.3978 0.2659 0.1214 0.2818 0.0670 0.1692
    2012-08-28 0.3676 0.2596 0.1408 0.3045 0.0764 0.1885
    2012-09-13 0.3871 0.2225 0.1094 0.2476 0.0469 0.2546
    2012-09-29 0.5214 0.2757 0.0642 0.2041 0.0758 0.2292
    2012-10-15 0.3339 0.2431 0.1368 0.2740 0.0648 0.2806
    2012-10-31 0.4502 0.3955 0.1489 0.3928 0.0777 0.3031
    2012-11-16 0.3198 0.3102 0.2156 0.4184 0.2175 0.1116
    2012-12-02 0.8543 0.8290 0.0462 0.5882 0.0351 0.1480
    2012-12-18 0.8577 0.6439 0.0314 0.4101 0.0171 0.0745
    2013-01-01 0.4859 0.2724 0.0743 0.2148 0.2932 0.1283
    2013-01-17 0.5313 0.2974 0.0930 0.3039 0.0119 0.1518
    2013-02-02 0.3842 0.2721 0.1217 0.2736 0.1171 0.1879
    2013-02-18 0.2983 0.1587 0.0949 0.1756 0.0363 0.2142
    2013-03-06 0.3100 0.1710 0.1286 0.2442 0.0435 0.2729
    2013-03-22 0.8175 0.7121 0.0488 0.4860 0.0371 0.1396
    2013-04-07 0.8822 0.7822 0.0328 0.5244 0.0200 0.0813
    2013-04-23 0.9308 0.8385 0.0196 0.5474 0.0122 0.0557
    2013-05-09 0.9199 0.8721 0.0248 0.5949 0.0146 0.0581
    2013-05-25 0.9181 0.8356 0.0238 0.5576 0.0138 0.0555
    2013-06-10 0.8720 0.7145 0.0318 0.4653 0.0186 0.0616
    2013-06-26 0.8239 0.6008 0.0366 0.3792 0.0231 0.0799
    2013-07-12 0.7006 0.4971 0.0606 0.3443 0.0375 0.1171
    2013-07-28 0.4603 0.3264 0.1160 0.3139 0.0659 0.1642
    2013-08-13 0.3766 0.2362 0.1162 0.2566 0.0624 0.2218
    2013-08-29 0.3238 0.2046 0.1620 0.3172 0.0524 0.3004
    
    > ## This example creates a twdtwRaster object and extract time series from it.
    >
    > # Creating objects of class twdtwRaster with evi and ndvi time series
    > evi = brick(system.file("lucc_MT/data/evi.tif", package="dtwSat"))
    > ndvi = brick(system.file("lucc_MT/data/ndvi.tif", package="dtwSat"))
    > timeline = scan(system.file("lucc_MT/data/timeline", package="dtwSat"), what="date")
    Read 137 items
    > rts = twdtwRaster(evi, ndvi, timeline=timeline)
    >
    > # Location and time range
    > ts_location = data.frame(longitude = -55.96957, latitude = -12.03864,
    + from = "2007-09-01", to = "2013-09-01")
    > prj_string = "+proj=longlat +datum=WGS84 +no_defs +ellps=WGS84 +towgs84=0,0,0"
    >
    > ## Extract time series
    > ts = getTimeSeries(rts, y = ts_location, proj4string = prj_string)
    >
    > autoplot(ts[[1]], facets = NULL) + xlab("Time") + ylab("Value")
    Error: Objects of type zoo not supported by autoplot.
    Execution halted
Flavors: r-devel-linux-x86_64-debian-gcc, r-patched-linux-x86_64, r-release-linux-x86_64

Version: 0.2.4
Flags: --no-vignettes
Check: installed package size
Result: NOTE
     installed size is 5.2Mb
     sub-directories of 1Mb or more:
     lucc_MT 2.9Mb
Flavor: r-devel-windows-ix86+x86_64

Version: 0.2.4
Check: installed package size
Result: NOTE
     installed size is 5.5Mb
     sub-directories of 1Mb or more:
     lucc_MT 3.4Mb
Flavor: r-patched-solaris-x86