CRAN Package Check Results for Package dtwSat

Last updated on 2019-01-24 09:49:32 CET.

Flavor Version Tinstall Tcheck Ttotal Status Flags
r-devel-linux-x86_64-debian-clang 0.2.4 20.59 615.18 635.77 OK
r-devel-linux-x86_64-debian-gcc 0.2.4 16.81 450.18 466.99 OK
r-devel-linux-x86_64-fedora-clang 0.2.4 702.74 OK
r-devel-linux-x86_64-fedora-gcc 0.2.4 648.26 OK
r-devel-windows-ix86+x86_64 0.2.4 63.00 982.00 1045.00 NOTE --no-vignettes
r-patched-linux-x86_64 0.2.4 22.52 566.53 589.05 OK
r-patched-solaris-x86 0.2.4 1134.90 NOTE
r-release-linux-x86_64 0.2.4 17.98 571.94 589.92 OK
r-release-windows-ix86+x86_64 0.2.4 43.00 1018.00 1061.00 OK --no-vignettes
r-release-osx-x86_64 0.2.4 OK
r-oldrel-windows-ix86+x86_64 0.2.4 49.00 1036.00 1085.00 OK --no-vignettes
r-oldrel-osx-x86_64 0.2.4 OK

Check Details

Version: 0.2.4
Flags: --no-vignettes
Check: installed package size
Result: NOTE
     installed size is 5.2Mb
     sub-directories of 1Mb or more:
     lucc_MT 2.9Mb
Flavor: r-devel-windows-ix86+x86_64

Version: 0.2.4
Check: installed package size
Result: NOTE
     installed size is 5.5Mb
     sub-directories of 1Mb or more:
     lucc_MT 3.4Mb
Flavor: r-patched-solaris-x86