CRAN Package Check Results for Package dtwSat

Last updated on 2018-08-17 00:49:43 CEST.

Flavor Version Tinstall Tcheck Ttotal Status Flags
r-devel-linux-x86_64-debian-clang 0.2.4 23.32 633.97 657.29 OK
r-devel-linux-x86_64-debian-gcc 0.2.4 22.75 499.65 522.40 OK
r-devel-linux-x86_64-fedora-clang 0.2.4 754.25 OK
r-devel-linux-x86_64-fedora-gcc 0.2.4 735.87 OK
r-devel-windows-ix86+x86_64 0.2.4 69.00 910.00 979.00 NOTE --no-vignettes
r-patched-linux-x86_64 0.2.4 22.41 572.72 595.13 OK
r-patched-solaris-x86 0.2.4 1188.90 NOTE
r-release-linux-x86_64 0.2.4 20.94 582.06 603.00 OK
r-release-windows-ix86+x86_64 0.2.4 59.00 1044.00 1103.00 OK --no-vignettes
r-release-osx-x86_64 0.2.4 OK
r-oldrel-windows-ix86+x86_64 0.2.4 45.00 903.00 948.00 OK --no-vignettes
r-oldrel-osx-x86_64 0.2.4 OK

Check Details

Version: 0.2.4
Flags: --no-vignettes
Check: installed package size
Result: NOTE
     installed size is 5.2Mb
     sub-directories of 1Mb or more:
     lucc_MT 2.9Mb
Flavor: r-devel-windows-ix86+x86_64

Version: 0.2.4
Check: installed package size
Result: NOTE
     installed size is 5.5Mb
     sub-directories of 1Mb or more:
     lucc_MT 3.4Mb
Flavor: r-patched-solaris-x86