CRAN Package Check Results for Package dtwSat

Last updated on 2018-02-24 16:48:49 CET.

Flavor Version Tinstall Tcheck Ttotal Status Flags
r-devel-linux-x86_64-debian-clang 0.2.3 21.36 385.82 407.18 OK
r-devel-linux-x86_64-debian-gcc 0.2.3 17.97 293.92 311.89 OK
r-devel-linux-x86_64-fedora-clang 0.2.3 471.07 OK
r-devel-linux-x86_64-fedora-gcc 0.2.3 458.95 OK
r-devel-windows-ix86+x86_64 0.2.3 51.00 253.00 304.00 NOTE --no-vignettes
r-patched-linux-x86_64 0.2.3 14.75 405.75 420.50 OK
r-patched-solaris-x86 0.2.3 637.50 NOTE
r-release-linux-x86_64 0.2.3 15.69 395.46 411.15 OK
r-release-windows-ix86+x86_64 0.2.3 43.00 391.00 434.00 OK --no-vignettes
r-release-osx-x86_64 0.2.3 OK
r-oldrel-windows-ix86+x86_64 0.2.3 35.00 390.00 425.00 OK --no-vignettes
r-oldrel-osx-x86_64 0.2.3 OK

Check Details

Version: 0.2.3
Flags: --no-vignettes
Check: installed package size
Result: NOTE
     installed size is 5.1Mb
     sub-directories of 1Mb or more:
     lucc_MT 2.9Mb
Flavor: r-devel-windows-ix86+x86_64

Version: 0.2.3
Check: installed package size
Result: NOTE
     installed size is 5.0Mb
     sub-directories of 1Mb or more:
     lucc_MT 3.4Mb
Flavor: r-patched-solaris-x86