CRAN Package Check Results for Package dtwclust

Last updated on 2018-08-21 12:50:25 CEST.

Flavor Version Tinstall Tcheck Ttotal Status Flags
r-devel-linux-x86_64-debian-clang 5.5.0 118.86 396.21 515.07 NOTE
r-devel-linux-x86_64-debian-gcc 5.5.0 112.40 307.66 420.06 NOTE
r-devel-linux-x86_64-fedora-clang 5.5.0 649.76 NOTE
r-devel-linux-x86_64-fedora-gcc 5.5.0 648.13 NOTE
r-devel-windows-ix86+x86_64 5.5.0 385.00 433.00 818.00 NOTE
r-patched-linux-x86_64 5.5.0 134.39 369.12 503.51 NOTE
r-patched-solaris-x86 5.5.0 840.20 NOTE
r-release-linux-x86_64 5.5.0 143.91 370.70 514.61 NOTE
r-release-windows-ix86+x86_64 5.5.0 403.00 417.00 820.00 NOTE
r-release-osx-x86_64 5.5.0 NOTE
r-oldrel-windows-ix86+x86_64 5.5.0 259.00 458.00 717.00 NOTE
r-oldrel-osx-x86_64 5.5.0 NOTE

Additional issues

clang-UBSAN gcc-UBSAN

Check Details

Version: 5.5.0
Check: for GNU extensions in Makefiles
Result: NOTE
    GNU make is a SystemRequirements.
Flavors: r-devel-linux-x86_64-debian-clang, r-devel-linux-x86_64-debian-gcc, r-devel-linux-x86_64-fedora-clang, r-devel-linux-x86_64-fedora-gcc, r-devel-windows-ix86+x86_64, r-patched-linux-x86_64, r-patched-solaris-x86, r-release-linux-x86_64, r-release-windows-ix86+x86_64, r-release-osx-x86_64, r-oldrel-windows-ix86+x86_64, r-oldrel-osx-x86_64

Version: 5.5.0
Check: installed package size
Result: NOTE
     installed size is 8.9Mb
     sub-directories of 1Mb or more:
     doc 2.5Mb
     libs 5.1Mb
Flavors: r-devel-linux-x86_64-fedora-clang, r-devel-windows-ix86+x86_64, r-release-windows-ix86+x86_64, r-release-osx-x86_64, r-oldrel-windows-ix86+x86_64, r-oldrel-osx-x86_64