CRAN Package Check Results for Package dtwclust

Last updated on 2019-02-15 20:46:46 CET.

Flavor Version Tinstall Tcheck Ttotal Status Flags
r-devel-linux-x86_64-debian-clang 5.5.1 120.51 362.64 483.15 NOTE
r-devel-linux-x86_64-debian-gcc 5.5.1 103.93 265.26 369.19 NOTE
r-devel-linux-x86_64-fedora-clang 5.5.1 684.71 NOTE
r-devel-linux-x86_64-fedora-gcc 5.5.1 654.68 NOTE
r-devel-windows-ix86+x86_64 5.5.1 397.00 550.00 947.00 NOTE
r-patched-linux-x86_64 5.5.1 125.95 327.07 453.02 NOTE
r-patched-solaris-x86 5.5.1 829.50 NOTE
r-release-linux-x86_64 5.5.1 122.71 324.40 447.11 NOTE
r-release-windows-ix86+x86_64 5.5.1 285.00 409.00 694.00 NOTE
r-release-osx-x86_64 5.5.1 NOTE
r-oldrel-windows-ix86+x86_64 5.5.1 423.00 623.00 1046.00 NOTE
r-oldrel-osx-x86_64 5.5.1 NOTE

Check Details

Version: 5.5.1
Check: for GNU extensions in Makefiles
Result: NOTE
    GNU make is a SystemRequirements.
Flavors: r-devel-linux-x86_64-debian-clang, r-devel-linux-x86_64-debian-gcc, r-devel-linux-x86_64-fedora-clang, r-devel-linux-x86_64-fedora-gcc, r-devel-windows-ix86+x86_64, r-patched-linux-x86_64, r-patched-solaris-x86, r-release-linux-x86_64, r-release-windows-ix86+x86_64, r-release-osx-x86_64, r-oldrel-windows-ix86+x86_64, r-oldrel-osx-x86_64

Version: 5.5.1
Check: installed package size
Result: NOTE
     installed size is 8.6Mb
     sub-directories of 1Mb or more:
     doc 2.5Mb
     libs 4.9Mb
Flavors: r-devel-linux-x86_64-fedora-clang, r-devel-windows-ix86+x86_64, r-release-windows-ix86+x86_64, r-release-osx-x86_64, r-oldrel-windows-ix86+x86_64, r-oldrel-osx-x86_64