CRAN Package Check Results for Package dub

Last updated on 2022-05-26 18:49:01 CEST.

Flavor Version Tinstall Tcheck Ttotal Status Flags
r-devel-linux-x86_64-debian-clang 0.2.0 2.09 31.05 33.14 NOTE
r-devel-linux-x86_64-debian-gcc 0.2.0 1.69 27.14 28.83 NOTE
r-devel-linux-x86_64-fedora-clang 0.2.0 41.08 NOTE
r-devel-linux-x86_64-fedora-gcc 0.2.0 40.16 NOTE
r-devel-windows-x86_64 0.2.0 12.00 55.00 67.00 NOTE
r-patched-linux-x86_64 0.2.0 1.89 30.69 32.58 NOTE
r-release-linux-x86_64 0.2.0 1.49 30.77 32.26 NOTE
r-release-macos-arm64 0.2.0 15.00 NOTE
r-release-macos-x86_64 0.2.0 20.00 NOTE
r-release-windows-x86_64 0.2.0 10.00 45.00 55.00 NOTE
r-oldrel-macos-arm64 0.2.0 20.00 NOTE
r-oldrel-macos-x86_64 0.2.0 25.00 NOTE
r-oldrel-windows-ix86+x86_64 0.2.0 5.00 44.00 49.00 NOTE

Check Details

Version: 0.2.0
Check: LazyData
Result: NOTE
     'LazyData' is specified without a 'data' directory
Flavors: r-devel-linux-x86_64-debian-clang, r-devel-linux-x86_64-debian-gcc, r-devel-linux-x86_64-fedora-clang, r-devel-linux-x86_64-fedora-gcc, r-devel-windows-x86_64, r-patched-linux-x86_64, r-release-linux-x86_64, r-release-macos-arm64, r-release-macos-x86_64, r-release-windows-x86_64, r-oldrel-macos-arm64, r-oldrel-macos-x86_64, r-oldrel-windows-ix86+x86_64