CRAN Package Check Results for Package dvmisc

Last updated on 2019-08-18 06:46:57 CEST.

Flavor Version Tinstall Tcheck Ttotal Status Flags
r-devel-linux-x86_64-debian-clang 1.1.3 104.60 118.73 223.33 OK
r-devel-linux-x86_64-debian-gcc 1.1.3 69.12 89.70 158.82 OK
r-devel-linux-x86_64-fedora-clang 1.1.3 319.05 NOTE
r-devel-linux-x86_64-fedora-gcc 1.1.3 275.86 NOTE
r-devel-windows-ix86+x86_64 1.1.3 254.00 260.00 514.00 OK
r-patched-linux-x86_64 1.1.3 81.57 109.82 191.39 OK
r-patched-solaris-x86 1.1.3 318.90 NOTE
r-release-linux-x86_64 1.1.3 82.92 111.49 194.41 OK
r-release-windows-ix86+x86_64 1.1.3 250.00 241.00 491.00 OK
r-release-osx-x86_64 1.1.3 NOTE
r-oldrel-windows-ix86+x86_64 1.1.3 264.00 231.00 495.00 OK
r-oldrel-osx-x86_64 1.1.3 NOTE

Check Details

Version: 1.1.3
Check: dependencies in R code
Result: NOTE
    Namespace in Imports field not imported from: ‘purrr’
     All declared Imports should be used.
Flavors: r-devel-linux-x86_64-fedora-clang, r-devel-linux-x86_64-fedora-gcc, r-patched-solaris-x86, r-release-osx-x86_64, r-oldrel-osx-x86_64