CRAN Package Check Results for Package dvmisc

Last updated on 2019-04-23 02:47:07 CEST.

Flavor Version Tinstall Tcheck Ttotal Status Flags
r-devel-linux-x86_64-debian-clang 1.1.3 104.70 113.15 217.85 OK
r-devel-linux-x86_64-debian-gcc 1.1.3 72.67 86.31 158.98 OK
r-devel-linux-x86_64-fedora-clang 1.1.3 302.24 NOTE
r-devel-linux-x86_64-fedora-gcc 1.1.3 259.33 NOTE
r-devel-windows-ix86+x86_64 1.1.3 251.00 187.00 438.00 OK
r-patched-linux-x86_64 1.1.3 91.20 108.54 199.74 OK
r-patched-solaris-x86 1.1.3 304.70 NOTE
r-release-linux-x86_64 1.1.3 79.14 105.74 184.88 OK
r-release-windows-ix86+x86_64 1.1.3 179.00 219.00 398.00 OK
r-release-osx-x86_64 1.1.3 NOTE
r-oldrel-windows-ix86+x86_64 1.1.3 260.00 224.00 484.00 OK
r-oldrel-osx-x86_64 1.1.3 NOTE

Check Details

Version: 1.1.3
Check: dependencies in R code
Result: NOTE
    Namespace in Imports field not imported from: ‘purrr’
     All declared Imports should be used.
Flavors: r-devel-linux-x86_64-fedora-clang, r-devel-linux-x86_64-fedora-gcc, r-patched-solaris-x86, r-release-osx-x86_64, r-oldrel-osx-x86_64