CRAN Package Check Results for Package dwapi

Last updated on 2018-11-13 02:48:34 CET.

Flavor Version Tinstall Tcheck Ttotal Status Flags
r-devel-linux-x86_64-debian-clang 0.1.3.1 2.31 36.81 39.12 OK
r-devel-linux-x86_64-debian-gcc 0.1.3.1 2.67 29.08 31.75 OK
r-devel-linux-x86_64-fedora-clang 0.1.3.1 46.52 NOTE
r-devel-linux-x86_64-fedora-gcc 0.1.3.1 45.32 NOTE
r-devel-windows-ix86+x86_64 0.1.3.1 6.00 93.00 99.00 OK
r-patched-linux-x86_64 0.1.3.1 1.98 39.38 41.36 OK
r-patched-solaris-x86 0.1.3.1 63.20 NOTE
r-release-linux-x86_64 0.1.3.1 3.37 39.25 42.62 OK
r-release-windows-ix86+x86_64 0.1.3.1 9.00 55.00 64.00 OK
r-release-osx-x86_64 0.1.3.1 NOTE
r-oldrel-windows-ix86+x86_64 0.1.3.1 6.00 70.00 76.00 OK
r-oldrel-osx-x86_64 0.1.3.1 NOTE

Check Details

Version: 0.1.3.1
Check: dependencies in R code
Result: NOTE
    Namespace in Imports field not imported from: ‘xml2’
     All declared Imports should be used.
Flavors: r-devel-linux-x86_64-fedora-clang, r-devel-linux-x86_64-fedora-gcc, r-patched-solaris-x86, r-release-osx-x86_64, r-oldrel-osx-x86_64