CRAN Package Check Results for Package dwapi

Last updated on 2018-08-20 07:47:36 CEST.

Flavor Version Tinstall Tcheck Ttotal Status Flags
r-devel-linux-x86_64-debian-clang 0.1.3.1 3.41 35.82 39.23 OK
r-devel-linux-x86_64-debian-gcc 0.1.3.1 2.80 28.82 31.62 OK
r-devel-linux-x86_64-fedora-clang 0.1.3.1 46.38 NOTE
r-devel-linux-x86_64-fedora-gcc 0.1.3.1 46.06 NOTE
r-devel-windows-ix86+x86_64 0.1.3 8.00 93.00 101.00 WARN
r-patched-linux-x86_64 0.1.3 3.01 39.10 42.11 OK
r-patched-solaris-x86 0.1.3.1 57.60 NOTE
r-release-linux-x86_64 0.1.3 2.91 38.74 41.65 OK
r-release-windows-ix86+x86_64 0.1.3.1 10.00 69.00 79.00 OK
r-release-osx-x86_64 0.1.3 NOTE
r-oldrel-windows-ix86+x86_64 0.1.3 6.00 91.00 97.00 OK
r-oldrel-osx-x86_64 0.1.3 NOTE

Check Details

Version: 0.1.3.1
Check: dependencies in R code
Result: NOTE
    Namespace in Imports field not imported from: ‘xml2’
     All declared Imports should be used.
Flavors: r-devel-linux-x86_64-fedora-clang, r-devel-linux-x86_64-fedora-gcc, r-patched-solaris-x86

Version: 0.1.3
Check: for unstated dependencies in ‘tests’
Result: WARN
    '::' or ':::' import not declared from: 'curl'
Flavor: r-devel-windows-ix86+x86_64

Version: 0.1.3
Check: dependencies in R code
Result: NOTE
    Namespace in Imports field not imported from: ‘xml2’
     All declared Imports should be used.
Flavors: r-release-osx-x86_64, r-oldrel-osx-x86_64