CRAN Package Check Results for Package dwapi

Last updated on 2019-02-18 06:46:54 CET.

Flavor Version Tinstall Tcheck Ttotal Status Flags
r-devel-linux-x86_64-debian-clang 0.1.3.1 3.00 36.12 39.12 OK
r-devel-linux-x86_64-debian-gcc 0.1.3.1 2.89 28.25 31.14 OK
r-devel-linux-x86_64-fedora-clang 0.1.3.1 47.49 NOTE
r-devel-linux-x86_64-fedora-gcc 0.1.3.1 44.72 NOTE
r-devel-windows-ix86+x86_64 0.1.3.1 9.00 57.00 66.00 OK
r-patched-linux-x86_64 0.1.3.1 3.63 39.89 43.52 OK
r-patched-solaris-x86 0.1.3.1 61.80 NOTE
r-release-linux-x86_64 0.1.3.1 OK
r-release-windows-ix86+x86_64 0.1.3.1 7.00 55.00 62.00 OK
r-release-osx-x86_64 0.1.3.1 NOTE
r-oldrel-windows-ix86+x86_64 0.1.3.1 8.00 69.00 77.00 OK
r-oldrel-osx-x86_64 0.1.3.1 NOTE

Check Details

Version: 0.1.3.1
Check: dependencies in R code
Result: NOTE
    Namespace in Imports field not imported from: ‘xml2’
     All declared Imports should be used.
Flavors: r-devel-linux-x86_64-fedora-clang, r-devel-linux-x86_64-fedora-gcc, r-patched-solaris-x86, r-release-osx-x86_64, r-oldrel-osx-x86_64