CRAN Package Check Results for Package dwapi

Last updated on 2018-05-24 19:49:30 CEST.

Flavor Version Tinstall Tcheck Ttotal Status Flags
r-devel-linux-x86_64-debian-clang 0.1.3 3.31 38.75 42.06 WARN
r-devel-linux-x86_64-debian-gcc 0.1.3 1.82 33.83 35.65 WARN
r-devel-linux-x86_64-fedora-clang 0.1.3 51.96 NOTE
r-devel-linux-x86_64-fedora-gcc 0.1.3 50.46 NOTE
r-devel-windows-ix86+x86_64 0.1.3 7.00 93.00 100.00 OK
r-patched-linux-x86_64 0.1.3 3.01 39.27 42.28 OK
r-patched-solaris-x86 0.1.3 63.30 NOTE
r-release-linux-x86_64 0.1.3 3.37 38.45 41.82 OK
r-release-windows-ix86+x86_64 0.1.3 8.00 79.00 87.00 OK
r-release-osx-x86_64 0.1.3 NOTE
r-oldrel-windows-ix86+x86_64 0.1.3 6.00 54.00 60.00 OK
r-oldrel-osx-x86_64 0.1.3 NOTE

Check Details

Version: 0.1.3
Check: for unstated dependencies in ‘tests’
Result: WARN
    '::' or ':::' import not declared from: ‘curl’
Flavors: r-devel-linux-x86_64-debian-clang, r-devel-linux-x86_64-debian-gcc

Version: 0.1.3
Check: dependencies in R code
Result: NOTE
    Namespace in Imports field not imported from: ‘xml2’
     All declared Imports should be used.
Flavors: r-devel-linux-x86_64-fedora-clang, r-devel-linux-x86_64-fedora-gcc, r-patched-solaris-x86, r-release-osx-x86_64, r-oldrel-osx-x86_64