CRAN Package Check Results for Package dyn

Last updated on 2018-01-18 11:49:49 CET.

Flavor Version Tinstall Tcheck Ttotal Status Flags
r-devel-linux-x86_64-debian-clang 0.2-9.3 1.14 25.39 26.53 NOTE
r-devel-linux-x86_64-debian-gcc 0.2-9.3 0.84 21.62 22.46 NOTE
r-devel-linux-x86_64-fedora-clang 0.2-9.3 32.44 NOTE
r-devel-linux-x86_64-fedora-gcc 0.2-9.3 31.37 NOTE
r-devel-windows-ix86+x86_64 0.2-9.3 5.00 38.00 43.00 OK
r-patched-linux-x86_64 0.2-9.3 1.29 26.25 27.54 NOTE
r-patched-solaris-x86 0.2-9.3 46.00 NOTE
r-release-linux-x86_64 0.2-9.3 0.98 26.09 27.07 NOTE
r-release-windows-ix86+x86_64 0.2-9.3 3.00 35.00 38.00 OK
r-release-osx-x86_64 0.2-9.3 OK
r-oldrel-windows-ix86+x86_64 0.2-9.3 4.00 33.00 37.00 OK
r-oldrel-osx-x86_64 0.2-9.3 OK

Check Details

Version: 0.2-9.3
Check: S3 generic/method consistency
Result: NOTE
    Found the following apparent S3 methods exported but not registered:
     $.dyn
    See section ‘Registering S3 methods’ in the ‘Writing R Extensions’
    manual.
Flavors: r-devel-linux-x86_64-debian-clang, r-devel-linux-x86_64-debian-gcc, r-devel-linux-x86_64-fedora-clang, r-devel-linux-x86_64-fedora-gcc, r-patched-linux-x86_64, r-patched-solaris-x86, r-release-linux-x86_64