CRAN Package Check Results for Package dynamichazard

Last updated on 2018-02-23 02:48:05 CET.

Flavor Version Tinstall Tcheck Ttotal Status Flags
r-devel-linux-x86_64-debian-clang 0.5.1 263.21 174.44 437.65 NOTE
r-devel-linux-x86_64-debian-gcc 0.5.1 228.81 152.41 381.22 NOTE
r-devel-linux-x86_64-fedora-clang 0.5.1 652.99 NOTE
r-devel-linux-x86_64-fedora-gcc 0.5.1 636.59 NOTE
r-devel-windows-ix86+x86_64 0.5.1 689.00 317.00 1006.00 NOTE
r-patched-linux-x86_64 0.5.1 268.42 220.36 488.78 OK
r-patched-solaris-x86 0.5.1 632.00 NOTE
r-release-linux-x86_64 0.5.1 272.85 218.21 491.06 OK
r-release-windows-ix86+x86_64 0.5.1 700.00 442.00 1142.00 NOTE
r-release-osx-x86_64 0.5.1 NOTE
r-oldrel-windows-ix86+x86_64 0.5.1 550.00 313.00 863.00 NOTE
r-oldrel-osx-x86_64 0.5.1 NOTE

Check Details

Version: 0.5.1
Check: DESCRIPTION meta-information
Result: NOTE
    Dependence on R version ‘3.3.2’ not with patchlevel 0
Flavors: r-devel-linux-x86_64-debian-clang, r-devel-linux-x86_64-debian-gcc, r-devel-linux-x86_64-fedora-clang, r-devel-linux-x86_64-fedora-gcc

Version: 0.5.1
Check: installed package size
Result: NOTE
     installed size is 22.3Mb
     sub-directories of 1Mb or more:
     data 4.2Mb
     doc 1.2Mb
     libs 16.5Mb
Flavors: r-devel-linux-x86_64-fedora-clang, r-devel-linux-x86_64-fedora-gcc, r-devel-windows-ix86+x86_64, r-patched-solaris-x86, r-release-windows-ix86+x86_64, r-release-osx-x86_64, r-oldrel-windows-ix86+x86_64, r-oldrel-osx-x86_64