CRAN Package Check Results for Package dynamichazard

Last updated on 2018-08-22 01:46:16 CEST.

Flavor Version Tinstall Tcheck Ttotal Status Flags
r-devel-linux-x86_64-debian-clang 0.5.3 354.88 196.00 550.88 OK
r-devel-linux-x86_64-debian-gcc 0.5.3 321.75 154.33 476.08 OK
r-devel-linux-x86_64-fedora-clang 0.5.3 764.36 NOTE
r-devel-linux-x86_64-fedora-gcc 0.5.3 757.23 OK
r-devel-windows-ix86+x86_64 0.5.3 711.00 308.00 1019.00 NOTE
r-patched-linux-x86_64 0.5.3 391.76 180.56 572.32 OK
r-patched-solaris-x86 0.5.3 732.40 NOTE
r-release-linux-x86_64 0.5.3 396.06 179.76 575.82 OK
r-release-windows-ix86+x86_64 0.5.3 949.00 304.00 1253.00 NOTE
r-release-osx-x86_64 0.5.3 NOTE
r-oldrel-windows-ix86+x86_64 0.5.3 689.00 323.00 1012.00 NOTE
r-oldrel-osx-x86_64 0.5.3 NOTE

Check Details

Version: 0.5.3
Check: installed package size
Result: NOTE
     installed size is 27.5Mb
     sub-directories of 1Mb or more:
     data 4.2Mb
     doc 1.2Mb
     libs 21.7Mb
Flavors: r-devel-linux-x86_64-fedora-clang, r-devel-windows-ix86+x86_64, r-patched-solaris-x86, r-release-windows-ix86+x86_64, r-release-osx-x86_64, r-oldrel-windows-ix86+x86_64, r-oldrel-osx-x86_64