CRAN Package Check Results for Package dynetNLAResistance

Last updated on 2019-09-21 07:49:10 CEST.

Flavor Version Tinstall Tcheck Ttotal Status Flags
r-devel-linux-x86_64-debian-clang 0.1.0 2.99 25.59 28.58 OK
r-devel-linux-x86_64-debian-gcc 0.1.0 2.75 21.87 24.62 OK
r-devel-linux-x86_64-fedora-clang 0.1.0 36.86 NOTE
r-devel-linux-x86_64-fedora-gcc 0.1.0 35.55 NOTE
r-devel-windows-ix86+x86_64 0.1.0 10.00 44.00 54.00 OK
r-patched-linux-x86_64 0.1.0 2.70 25.76 28.46 OK
r-patched-solaris-x86 0.1.0 59.40 NOTE
r-release-linux-x86_64 0.1.0 3.09 26.01 29.10 OK
r-release-windows-ix86+x86_64 0.1.0 6.00 34.00 40.00 OK
r-release-osx-x86_64 0.1.0 NOTE
r-oldrel-windows-ix86+x86_64 0.1.0 4.00 36.00 40.00 OK
r-oldrel-osx-x86_64 0.1.0 NOTE

Check Details

Version: 0.1.0
Check: dependencies in R code
Result: NOTE
    Namespace in Imports field not imported from: ‘graphics’
     All declared Imports should be used.
Flavors: r-devel-linux-x86_64-fedora-clang, r-devel-linux-x86_64-fedora-gcc, r-patched-solaris-x86, r-release-osx-x86_64, r-oldrel-osx-x86_64