CRAN Package Check Results for Package dynetNLAResistance

Last updated on 2018-10-19 11:48:06 CEST.

Flavor Version Tinstall Tcheck Ttotal Status Flags
r-devel-linux-x86_64-debian-clang 0.1.0 2.36 27.30 29.66 OK
r-devel-linux-x86_64-debian-gcc 0.1.0 2.05 22.21 24.26 OK
r-devel-linux-x86_64-fedora-clang 0.1.0 34.96 NOTE
r-devel-linux-x86_64-fedora-gcc 0.1.0 34.05 NOTE
r-devel-windows-ix86+x86_64 0.1.0 7.00 41.00 48.00 OK
r-patched-linux-x86_64 0.1.0 2.13 24.97 27.10 OK
r-patched-solaris-x86 0.1.0 53.60 NOTE
r-release-linux-x86_64 0.1.0 2.48 25.22 27.70 OK
r-release-windows-ix86+x86_64 0.1.0 4.00 60.00 64.00 OK
r-release-osx-x86_64 0.1.0 NOTE
r-oldrel-windows-ix86+x86_64 0.1.0 3.00 49.00 52.00 OK
r-oldrel-osx-x86_64 0.1.0 NOTE

Check Details

Version: 0.1.0
Check: dependencies in R code
Result: NOTE
    Namespace in Imports field not imported from: ‘graphics’
     All declared Imports should be used.
Flavors: r-devel-linux-x86_64-fedora-clang, r-devel-linux-x86_64-fedora-gcc, r-patched-solaris-x86, r-release-osx-x86_64, r-oldrel-osx-x86_64