CRAN Package Check Results for Package dynetNLAResistance

Last updated on 2018-02-19 04:47:53 CET.

Flavor Version Tinstall Tcheck Ttotal Status Flags
r-devel-linux-x86_64-debian-clang 0.1.0 1.99 22.86 24.85 OK
r-devel-linux-x86_64-debian-gcc 0.1.0 1.79 19.64 21.43 OK
r-devel-linux-x86_64-fedora-clang 0.1.0 32.03 NOTE
r-devel-linux-x86_64-fedora-gcc 0.1.0 30.70 NOTE
r-devel-windows-ix86+x86_64 0.1.0 5.00 35.00 40.00 OK
r-patched-linux-x86_64 0.1.0 1.51 25.43 26.94 OK
r-patched-solaris-x86 0.1.0 47.10 NOTE
r-release-linux-x86_64 0.1.0 1.87 25.33 27.20 OK
r-release-windows-ix86+x86_64 0.1.0 5.00 51.00 56.00 OK
r-release-osx-x86_64 0.1.0 NOTE
r-oldrel-windows-ix86+x86_64 0.1.0 4.00 60.00 64.00 OK
r-oldrel-osx-x86_64 0.1.0 NOTE

Check Details

Version: 0.1.0
Check: dependencies in R code
Result: NOTE
    Namespace in Imports field not imported from: ‘graphics’
     All declared Imports should be used.
Flavors: r-devel-linux-x86_64-fedora-clang, r-devel-linux-x86_64-fedora-gcc, r-patched-solaris-x86, r-release-osx-x86_64, r-oldrel-osx-x86_64