CRAN Package Check Results for Package dynetNLAResistance

Last updated on 2018-05-25 20:46:40 CEST.

Flavor Version Tinstall Tcheck Ttotal Status Flags
r-devel-linux-x86_64-debian-clang 0.1.0 2.50 25.92 28.42 OK
r-devel-linux-x86_64-debian-gcc 0.1.0 2.02 20.79 22.81 OK
r-devel-linux-x86_64-fedora-clang 0.1.0 36.45 NOTE
r-devel-linux-x86_64-fedora-gcc 0.1.0 32.63 NOTE
r-devel-windows-ix86+x86_64 0.1.0 4.00 43.00 47.00 OK
r-patched-linux-x86_64 0.1.0 2.10 24.62 26.72 OK
r-patched-solaris-x86 0.1.0 52.20 NOTE
r-release-linux-x86_64 0.1.0 2.17 24.74 26.91 OK
r-release-windows-ix86+x86_64 0.1.0 6.00 53.00 59.00 OK
r-release-osx-x86_64 0.1.0 NOTE
r-oldrel-windows-ix86+x86_64 0.1.0 5.00 34.00 39.00 OK
r-oldrel-osx-x86_64 0.1.0 NOTE

Check Details

Version: 0.1.0
Check: dependencies in R code
Result: NOTE
    Namespace in Imports field not imported from: ‘graphics’
     All declared Imports should be used.
Flavors: r-devel-linux-x86_64-fedora-clang, r-devel-linux-x86_64-fedora-gcc, r-patched-solaris-x86, r-release-osx-x86_64, r-oldrel-osx-x86_64