CRAN Package Check Results for Package dynetNLAResistance

Last updated on 2018-08-15 18:47:53 CEST.

Flavor Version Tinstall Tcheck Ttotal Status Flags
r-devel-linux-x86_64-debian-clang 0.1.0 1.77 26.74 28.51 OK
r-devel-linux-x86_64-debian-gcc 0.1.0 2.03 21.56 23.59 OK
r-devel-linux-x86_64-fedora-clang 0.1.0 33.97 NOTE
r-devel-linux-x86_64-fedora-gcc 0.1.0 32.76 NOTE
r-devel-windows-ix86+x86_64 0.1.0 4.00 38.00 42.00 OK
r-patched-linux-x86_64 0.1.0 2.30 24.94 27.24 OK
r-patched-solaris-x86 0.1.0 58.40 NOTE
r-release-linux-x86_64 0.1.0 2.42 24.91 27.33 OK
r-release-windows-ix86+x86_64 0.1.0 5.00 43.00 48.00 OK
r-release-osx-x86_64 0.1.0 NOTE
r-oldrel-windows-ix86+x86_64 0.1.0 7.00 48.00 55.00 OK
r-oldrel-osx-x86_64 0.1.0 NOTE

Check Details

Version: 0.1.0
Check: dependencies in R code
Result: NOTE
    Namespace in Imports field not imported from: ‘graphics’
     All declared Imports should be used.
Flavors: r-devel-linux-x86_64-fedora-clang, r-devel-linux-x86_64-fedora-gcc, r-patched-solaris-x86, r-release-osx-x86_64, r-oldrel-osx-x86_64