CRAN Package Check Results for Package dynfrail

Last updated on 2018-10-16 11:48:01 CEST.

Flavor Version Tinstall Tcheck Ttotal Status Flags
r-devel-linux-x86_64-debian-clang 0.5.2 27.90 248.41 276.31 NOTE
r-devel-linux-x86_64-debian-gcc 0.5.2 25.84 191.16 217.00 NOTE
r-devel-linux-x86_64-fedora-clang 0.5.2 346.56 NOTE
r-devel-linux-x86_64-fedora-gcc 0.5.2 337.93 NOTE
r-devel-windows-ix86+x86_64 0.5.2 83.00 390.00 473.00 OK
r-patched-linux-x86_64 0.5.2 33.23 232.97 266.20 OK
r-patched-solaris-x86 0.5.2 476.50 OK
r-release-linux-x86_64 0.5.2 29.22 236.36 265.58 OK
r-release-windows-ix86+x86_64 0.5.2 79.00 370.00 449.00 OK
r-release-osx-x86_64 0.5.2 OK
r-oldrel-windows-ix86+x86_64 0.5.2 66.00 386.00 452.00 OK
r-oldrel-osx-x86_64 0.5.2 OK

Check Details

Version: 0.5.2
Check: use of SHLIB_OPENMP_*FLAGS in Makefiles
Result: NOTE
     src/Makevars: SHLIB_OPENMP_CXXFLAGS is included in PKG_CXXFLAGS but not in PKG_LIBS
     src/Makevars: SHLIB_OPENMP_CFLAGS is included in PKG_LIBS but not in PKG_CFLAGS
     src/Makevars.win: SHLIB_OPENMP_CXXFLAGS is included in PKG_CXXFLAGS but not in PKG_LIBS
     src/Makevars.win: SHLIB_OPENMP_CFLAGS is included in PKG_LIBS but not in PKG_CFLAGS
    Use of these macros is discussed in sect 1.2.1.1 of ‘Writing R
    Extensions’. The macros for different languages may differ so the
    matching macro must be used in PKG_CXXFLAGS (etc) and match that used
    in PKG_LIBS (except for F77: see the manual).
Flavors: r-devel-linux-x86_64-debian-clang, r-devel-linux-x86_64-debian-gcc, r-devel-linux-x86_64-fedora-clang, r-devel-linux-x86_64-fedora-gcc