CRAN Package Check Results for Package dynfrail

Last updated on 2018-08-17 07:47:28 CEST.

Flavor Version Tinstall Tcheck Ttotal Status Flags
r-devel-linux-x86_64-debian-clang 0.5.2 28.72 246.16 274.88 OK
r-devel-linux-x86_64-debian-gcc 0.5.2 27.88 190.38 218.26 OK
r-devel-linux-x86_64-fedora-clang 0.5.2 344.64 NOTE
r-devel-linux-x86_64-fedora-gcc 0.5.2 335.48 NOTE
r-devel-windows-ix86+x86_64 0.5.2 79.00 382.00 461.00 OK
r-patched-linux-x86_64 0.5.2 28.58 235.47 264.05 OK
r-patched-solaris-x86 0.5.2 479.80 OK
r-release-linux-x86_64 0.5.2 31.84 235.81 267.65 OK
r-release-windows-ix86+x86_64 0.5.2 67.00 367.00 434.00 OK
r-release-osx-x86_64 0.5.2 OK
r-oldrel-windows-ix86+x86_64 0.5.2 75.00 315.00 390.00 OK
r-oldrel-osx-x86_64 0.5.2 OK

Check Details

Version: 0.5.2
Check: use of SHLIB_OPENMP_*FLAGS in Makefiles
Result: NOTE
     src/Makevars: SHLIB_OPENMP_CXXFLAGS is included in PKG_CXXFLAGS but not in PKG_LIBS
     src/Makevars: SHLIB_OPENMP_CFLAGS is included in PKG_LIBS but not in PKG_CFLAGS
     src/Makevars.win: SHLIB_OPENMP_CXXFLAGS is included in PKG_CXXFLAGS but not in PKG_LIBS
     src/Makevars.win: SHLIB_OPENMP_CFLAGS is included in PKG_LIBS but not in PKG_CFLAGS
    Use of these macros is discussed in sect 1.2.1.1 of ‘Writing R
    Extensions’. The macros for different languages may differ so the
    matching macro must be used in PKG_CXXFLAGS (etc) and match that used
    in PKG_LIBS (except for F77: see the manual).
Flavors: r-devel-linux-x86_64-fedora-clang, r-devel-linux-x86_64-fedora-gcc