CRAN Package Check Results for Package dynsurv

Last updated on 2019-09-17 23:47:11 CEST.

Flavor Version Tinstall Tcheck Ttotal Status Flags
r-devel-linux-x86_64-debian-clang 0.3-7 40.54 69.63 110.17 OK
r-devel-linux-x86_64-debian-gcc 0.3-7 31.35 52.99 84.34 OK
r-devel-linux-x86_64-fedora-clang 0.3-7 145.85 NOTE
r-devel-linux-x86_64-fedora-gcc 0.3-7 134.52 OK
r-devel-windows-ix86+x86_64 0.3-7 93.00 121.00 214.00 OK
r-patched-linux-x86_64 0.3-7 30.67 66.48 97.15 OK
r-patched-solaris-x86 0.3-7 202.00 OK
r-release-linux-x86_64 0.3-7 32.07 65.84 97.91 OK
r-release-windows-ix86+x86_64 0.3-7 69.00 115.00 184.00 OK
r-release-osx-x86_64 0.3-7 NOTE
r-oldrel-windows-ix86+x86_64 0.3-7 79.00 105.00 184.00 OK
r-oldrel-osx-x86_64 0.3-7 NOTE

Check Details

Version: 0.3-7
Check: installed package size
Result: NOTE
     installed size is 6.3Mb
     sub-directories of 1Mb or more:
     libs 6.1Mb
Flavors: r-devel-linux-x86_64-fedora-clang, r-release-osx-x86_64, r-oldrel-osx-x86_64