CRAN Package Check Results for Package dynsurv

Last updated on 2020-02-20 21:47:26 CET.

Flavor Version Tinstall Tcheck Ttotal Status Flags
r-devel-linux-x86_64-debian-clang 0.3-7 41.34 78.59 119.93 OK
r-devel-linux-x86_64-debian-gcc 0.3-7 31.34 58.27 89.61 OK
r-devel-linux-x86_64-fedora-clang 0.3-7 154.82 NOTE
r-devel-linux-x86_64-fedora-gcc 0.3-7 144.23 OK
r-devel-windows-ix86+x86_64 0.3-7 61.00 121.00 182.00 OK
r-devel-windows-ix86+x86_64-gcc8 0.3-7 80.00 181.00 261.00 OK
r-patched-linux-x86_64 0.3-7 31.62 66.59 98.21 OK
r-patched-solaris-x86 0.3-7 189.90 OK
r-release-linux-x86_64 0.3-7 30.47 65.57 96.04 OK
r-release-windows-ix86+x86_64 0.3-7 68.00 122.00 190.00 OK
r-release-osx-x86_64 0.3-7 NOTE
r-oldrel-windows-ix86+x86_64 0.3-7 55.00 109.00 164.00 OK
r-oldrel-osx-x86_64 0.3-7 NOTE

Check Details

Version: 0.3-7
Check: installed package size
Result: NOTE
     installed size is 6.3Mb
     sub-directories of 1Mb or more:
     libs 6.0Mb
Flavors: r-devel-linux-x86_64-fedora-clang, r-release-osx-x86_64, r-oldrel-osx-x86_64