CRAN Package Check Results for Package e1071

Last updated on 2018-07-19 11:48:35 CEST.

Flavor Version Tinstall Tcheck Ttotal Status Flags
r-devel-linux-x86_64-debian-clang 1.6-8 10.03 45.52 55.55 OK
r-devel-linux-x86_64-debian-gcc 1.6-8 7.23 39.39 46.62 OK
r-devel-linux-x86_64-fedora-clang 1.6-8 74.77 OK
r-devel-linux-x86_64-fedora-gcc 1.6-8 68.40 OK
r-devel-windows-ix86+x86_64 1.6-8 21.00 121.00 142.00 OK
r-patched-linux-x86_64 1.6-8 10.08 48.86 58.94 OK
r-patched-solaris-x86 1.6-8 99.70 OK
r-release-linux-x86_64 1.6-8 8.78 48.93 57.71 OK
r-release-windows-ix86+x86_64 1.6-8 29.00 115.00 144.00 OK
r-release-osx-x86_64 1.6-8 OK
r-oldrel-windows-ix86+x86_64 1.6-8 26.00 91.00 117.00 OK
r-oldrel-osx-x86_64 1.6-8 NOTE

Additional issues

clang-UBSAN

Check Details

Version: 1.6-8
Check: re-building of vignette outputs
Result: NOTE
    Error in re-building vignettes:
     ...
    Error in texi2dvi(file = file, pdf = TRUE, clean = clean, quiet = quiet, :
     Running 'texi2dvi' on 'svminternals.tex' failed.
    LaTeX errors:
    ! LaTeX Error: File `a4wide.sty' not found.
    
    Type X to quit or <RETURN> to proceed,
    or enter new name. (Default extension: sty)
    
    ! Emergency stop.
    <read *>
    
    l.3 \usepackage
     {Sweave}^^M
    ! ==> Fatal error occurred, no output PDF file produced!
    Calls: buildVignettes -> texi2pdf -> texi2dvi
    Execution halted
Flavor: r-oldrel-osx-x86_64