CRAN Package Check Results for Package eAnalytics

Last updated on 2022-12-02 09:52:53 CET.

Flavor Version Tinstall Tcheck Ttotal Status Flags
r-devel-linux-x86_64-debian-clang 0.1.4 11.25 87.24 98.49 NOTE
r-devel-linux-x86_64-debian-gcc 0.1.4 8.39 65.23 73.62 NOTE
r-devel-linux-x86_64-fedora-clang 0.1.4 134.59 NOTE
r-devel-linux-x86_64-fedora-gcc 0.1.4 124.87 NOTE
r-devel-windows-x86_64 0.1.4 24.00 123.00 147.00 NOTE
r-patched-linux-x86_64 0.1.4 6.84 82.47 89.31 NOTE
r-release-linux-x86_64 0.1.4 7.26 88.06 95.32 NOTE
r-release-macos-arm64 0.1.4 45.00 NOTE
r-release-macos-x86_64 0.1.4 63.00 NOTE
r-release-windows-x86_64 0.1.4 22.00 127.00 149.00 NOTE
r-oldrel-macos-arm64 0.1.4 39.00 NOTE
r-oldrel-macos-x86_64 0.1.4 65.00 NOTE
r-oldrel-windows-ix86+x86_64 0.1.4 27.00 118.00 145.00 NOTE

Check Details

Version: 0.1.4
Check: LazyData
Result: NOTE
     'LazyData' is specified without a 'data' directory
Flavors: r-devel-linux-x86_64-debian-clang, r-devel-linux-x86_64-debian-gcc, r-devel-linux-x86_64-fedora-clang, r-devel-linux-x86_64-fedora-gcc, r-devel-windows-x86_64, r-patched-linux-x86_64, r-release-linux-x86_64, r-release-macos-arm64, r-release-macos-x86_64, r-release-windows-x86_64, r-oldrel-macos-arm64, r-oldrel-macos-x86_64, r-oldrel-windows-ix86+x86_64