CRAN Package Check Results for Package eChem

Last updated on 2022-12-08 22:59:47 CET.

Flavor Version Tinstall Tcheck Ttotal Status Flags
r-devel-linux-x86_64-debian-clang 1.0.0 6.04 80.81 86.85 NOTE
r-devel-linux-x86_64-debian-gcc 1.0.0 3.62 69.89 73.51 NOTE
r-devel-linux-x86_64-fedora-clang 1.0.0 119.35 NOTE
r-devel-linux-x86_64-fedora-gcc 1.0.0 127.94 NOTE
r-devel-windows-x86_64 1.0.0 19.00 182.00 201.00 NOTE
r-patched-linux-x86_64 1.0.0 5.10 78.56 83.66 NOTE
r-release-linux-x86_64 1.0.0 6.04 75.29 81.33 NOTE
r-release-macos-arm64 1.0.0 52.00 NOTE
r-release-macos-x86_64 1.0.0 51.00 NOTE
r-release-windows-x86_64 1.0.0 22.00 143.00 165.00 NOTE
r-oldrel-macos-arm64 1.0.0 38.00 NOTE
r-oldrel-macos-x86_64 1.0.0 55.00 NOTE
r-oldrel-windows-ix86+x86_64 1.0.0 11.00 134.00 145.00 NOTE

Check Details

Version: 1.0.0
Check: LazyData
Result: NOTE
     'LazyData' is specified without a 'data' directory
Flavors: r-devel-linux-x86_64-debian-clang, r-devel-linux-x86_64-debian-gcc, r-devel-linux-x86_64-fedora-clang, r-devel-linux-x86_64-fedora-gcc, r-devel-windows-x86_64, r-patched-linux-x86_64, r-release-linux-x86_64, r-release-macos-arm64, r-release-macos-x86_64, r-release-windows-x86_64, r-oldrel-macos-arm64, r-oldrel-macos-x86_64, r-oldrel-windows-ix86+x86_64