CRAN Package Check Results for Package eHOF

Last updated on 2019-11-19 08:47:18 CET.

Flavor Version Tinstall Tcheck Ttotal Status Flags
r-devel-linux-x86_64-debian-clang 1.8 8.47 69.62 78.09 WARN
r-devel-linux-x86_64-debian-gcc 1.8 7.69 59.29 66.98 WARN
r-devel-linux-x86_64-fedora-clang 1.8 94.19 WARN
r-devel-linux-x86_64-fedora-gcc 1.8 93.44 WARN
r-devel-windows-ix86+x86_64 1.8 22.00 100.00 122.00 WARN
r-devel-windows-ix86+x86_64-gcc8 1.8 17.00 79.00 96.00 WARN
r-patched-linux-x86_64 1.8 7.82 66.62 74.44 WARN
r-patched-solaris-x86 1.8 133.70 WARN
r-release-linux-x86_64 1.8 7.70 65.27 72.97 WARN
r-release-windows-ix86+x86_64 1.8 21.00 76.00 97.00 WARN
r-release-osx-x86_64 1.8 OK
r-oldrel-windows-ix86+x86_64 1.8 10.00 77.00 87.00 WARN
r-oldrel-osx-x86_64 1.8 OK

Check Details

Version: 1.8
Check: re-building of vignette outputs
Result: WARN
    Error(s) in re-building vignettes:
     ...
    --- re-building 'eHOF.Rnw' using knitr
    Loading required package: foreign
    This is vegdata 0.9.7 - build: 2019-11-05
    
    No Turbowin installation path found.
    
    ############################################################
    Turboveg root directory is set to "/tmp/RtmpLByRsO"
    If you want to change this use: options(tv_home="<path_to_your_Turbowin_root>")
    ############################################################
    Quitting from lines 51-61 (eHOF.Rnw)
    Error: processing vignette 'eHOF.Rnw' failed with diagnostics:
    unable to open DBF file
    --- failed re-building 'eHOF.Rnw'
    
    SUMMARY: processing the following file failed:
     'eHOF.Rnw'
    
    Error: Vignette re-building failed.
    Execution halted
Flavor: r-devel-linux-x86_64-debian-clang

Version: 1.8
Check: re-building of vignette outputs
Result: WARN
    Error(s) in re-building vignettes:
     ...
    --- re-building ‘eHOF.Rnw’ using knitr
    Loading required package: foreign
    This is vegdata 0.9.7 - build: 2019-11-05
    
    No Turbowin installation path found.
    
    ############################################################
    Turboveg root directory is set to "/home/hornik/tmp/scratch/RtmprYcgWU"
    If you want to change this use: options(tv_home="<path_to_your_Turbowin_root>")
    ############################################################
    Quitting from lines 51-61 (eHOF.Rnw)
    Error: processing vignette 'eHOF.Rnw' failed with diagnostics:
    unable to open DBF file
    --- failed re-building ‘eHOF.Rnw’
    
    SUMMARY: processing the following file failed:
     ‘eHOF.Rnw’
    
    Error: Vignette re-building failed.
    Execution halted
Flavor: r-devel-linux-x86_64-debian-gcc

Version: 1.8
Check: re-building of vignette outputs
Result: WARN
    Error(s) in re-building vignettes:
    --- re-building ‘eHOF.Rnw’ using knitr
    Loading required package: foreign
    This is vegdata 0.9.7 - build: 2019-11-05
    
    No Turbowin installation path found.
    
    ############################################################
    Turboveg root directory is set to "/tmp/RtmpJbKAk4/working_dir/RtmpSKyg43"
    If you want to change this use: options(tv_home="<path_to_your_Turbowin_root>")
    ############################################################
    Quitting from lines 51-61 (eHOF.Rnw)
    Error: processing vignette 'eHOF.Rnw' failed with diagnostics:
    unable to open DBF file
    --- failed re-building ‘eHOF.Rnw’
    
    SUMMARY: processing the following file failed:
     ‘eHOF.Rnw’
    
    Error: Vignette re-building failed.
    Execution halted
Flavor: r-devel-linux-x86_64-fedora-clang

Version: 1.8
Check: re-building of vignette outputs
Result: WARN
    Error(s) in re-building vignettes:
    --- re-building ‘eHOF.Rnw’ using knitr
    Loading required package: foreign
    This is vegdata 0.9.7 - build: 2019-11-05
    
    No Turbowin installation path found.
    
    ############################################################
    Turboveg root directory is set to "/tmp/RtmppoXyDo/working_dir/RtmpfE4caY"
    If you want to change this use: options(tv_home="<path_to_your_Turbowin_root>")
    ############################################################
    Quitting from lines 51-61 (eHOF.Rnw)
    Error: processing vignette 'eHOF.Rnw' failed with diagnostics:
    unable to open DBF file
    --- failed re-building ‘eHOF.Rnw’
    
    SUMMARY: processing the following file failed:
     ‘eHOF.Rnw’
    
    Error: Vignette re-building failed.
    Execution halted
Flavor: r-devel-linux-x86_64-fedora-gcc

Version: 1.8
Check: re-building of vignette outputs
Result: WARN
    Error(s) in re-building vignettes:
    --- re-building 'eHOF.Rnw' using knitr
    Loading required package: foreign
    This is vegdata 0.9.7 - build: 2019-11-05
    
    No Turbowin installation path found.
    
    ############################################################
    Turboveg root directory is set to "D:\temp\RtmpAb1ZfO"
    If you want to change this use: options(tv_home="<path_to_your_Turbowin_root>")
    ############################################################
    Quitting from lines 51-61 (eHOF.Rnw)
    Error: processing vignette 'eHOF.Rnw' failed with diagnostics:
    unable to open DBF file
    --- failed re-building 'eHOF.Rnw'
    
    SUMMARY: processing the following file failed:
     'eHOF.Rnw'
    
    Error: Vignette re-building failed.
    Execution halted
Flavor: r-devel-windows-ix86+x86_64

Version: 1.8
Check: re-building of vignette outputs
Result: WARN
    Error(s) in re-building vignettes:
    --- re-building 'eHOF.Rnw' using knitr
    Loading required package: foreign
    This is vegdata 0.9.7 - build: 2019-11-05
    
    No Turbowin installation path found.
    
    ############################################################
    Turboveg root directory is set to "D:\temp\Rtmp4wICuV"
    If you want to change this use: options(tv_home="<path_to_your_Turbowin_root>")
    ############################################################
    Quitting from lines 51-61 (eHOF.Rnw)
    Error: processing vignette 'eHOF.Rnw' failed with diagnostics:
    unable to open DBF file
    --- failed re-building 'eHOF.Rnw'
    
    SUMMARY: processing the following file failed:
     'eHOF.Rnw'
    
    Error: Vignette re-building failed.
    Execution halted
Flavor: r-devel-windows-ix86+x86_64-gcc8

Version: 1.8
Check: re-building of vignette outputs
Result: WARN
    Error(s) in re-building vignettes:
     ...
    --- re-building ‘eHOF.Rnw’ using knitr
    Loading required package: foreign
    This is vegdata 0.9.7 - build: 2019-11-05
    
    No Turbowin installation path found.
    
    ############################################################
    Turboveg root directory is set to "/tmp/Rtmp0XakWh"
    If you want to change this use: options(tv_home="<path_to_your_Turbowin_root>")
    ############################################################
    Quitting from lines 51-61 (eHOF.Rnw)
    Error: processing vignette 'eHOF.Rnw' failed with diagnostics:
    unable to open DBF file
    --- failed re-building ‘eHOF.Rnw’
    
    SUMMARY: processing the following file failed:
     ‘eHOF.Rnw’
    
    Error: Vignette re-building failed.
    Execution halted
Flavor: r-patched-linux-x86_64

Version: 1.8
Check: re-building of vignette outputs
Result: WARN
    Error(s) in re-building vignettes:
     ...
    --- re-building ‘eHOF.Rnw’ using knitr
    Loading required package: foreign
    This is vegdata 0.9.7 - build: 2019-11-05
    
    No Turbowin installation path found.
    
    ############################################################
    Turboveg root directory is set to "/tmp/RtmptZaap0"
    If you want to change this use: options(tv_home="<path_to_your_Turbowin_root>")
    ############################################################
    Quitting from lines 51-61 (eHOF.Rnw)
    Error: processing vignette 'eHOF.Rnw' failed with diagnostics:
    unable to open DBF file
    --- failed re-building ‘eHOF.Rnw’
    
    SUMMARY: processing the following file failed:
     ‘eHOF.Rnw’
    
    Error: Vignette re-building failed.
    Execution halted
Flavor: r-patched-solaris-x86

Version: 1.8
Check: re-building of vignette outputs
Result: WARN
    Error(s) in re-building vignettes:
     ...
    --- re-building ‘eHOF.Rnw’ using knitr
    Loading required package: foreign
    This is vegdata 0.9.7 - build: 2019-11-05
    
    No Turbowin installation path found.
    
    ############################################################
    Turboveg root directory is set to "/tmp/Rtmp0r7ED0"
    If you want to change this use: options(tv_home="<path_to_your_Turbowin_root>")
    ############################################################
    Quitting from lines 51-61 (eHOF.Rnw)
    Error: processing vignette 'eHOF.Rnw' failed with diagnostics:
    unable to open DBF file
    --- failed re-building ‘eHOF.Rnw’
    
    SUMMARY: processing the following file failed:
     ‘eHOF.Rnw’
    
    Error: Vignette re-building failed.
    Execution halted
Flavor: r-release-linux-x86_64

Version: 1.8
Check: re-building of vignette outputs
Result: WARN
    Error(s) in re-building vignettes:
    --- re-building 'eHOF.Rnw' using knitr
    Loading required package: foreign
    This is vegdata 0.9.7 - build: 2019-11-05
    
    No Turbowin installation path found.
    
    ############################################################
    Turboveg root directory is set to "D:\temp\RtmpyGr8R2"
    If you want to change this use: options(tv_home="<path_to_your_Turbowin_root>")
    ############################################################
    Quitting from lines 51-61 (eHOF.Rnw)
    Error: processing vignette 'eHOF.Rnw' failed with diagnostics:
    unable to open DBF file
    --- failed re-building 'eHOF.Rnw'
    
    SUMMARY: processing the following file failed:
     'eHOF.Rnw'
    
    Error: Vignette re-building failed.
    Execution halted
Flavor: r-release-windows-ix86+x86_64

Version: 1.8
Check: re-building of vignette outputs
Result: WARN
    Error in re-building vignettes:
     ...
    Loading required package: foreign
    This is vegdata 0.9.7 - build: 2019-11-05
    
    No Turbowin installation path found.
    
    ############################################################
    Turboveg root directory is set to "D:\temp\Rtmp69k53W"
    If you want to change this use: options(tv_home="<path_to_your_Turbowin_root>")
    ############################################################
    Quitting from lines 51-61 (eHOF.Rnw)
    Error: processing vignette 'eHOF.Rnw' failed with diagnostics:
    unable to open DBF file
    Execution halted
Flavor: r-oldrel-windows-ix86+x86_64