CRAN Package Check Results for Package ePCR

Last updated on 2019-09-17 17:48:52 CEST.

Flavor Version Tinstall Tcheck Ttotal Status Flags
r-devel-linux-x86_64-debian-clang 0.9.9-9 9.28 101.51 110.79 OK
r-devel-linux-x86_64-debian-gcc 0.9.9-9 9.07 80.84 89.91 OK
r-devel-linux-x86_64-fedora-clang 0.9.9-9 135.99 NOTE
r-devel-linux-x86_64-fedora-gcc 0.9.9-9 136.55 OK
r-devel-windows-ix86+x86_64 0.9.9-9 41.00 129.00 170.00 OK
r-patched-linux-x86_64 0.9.9-9 9.58 101.26 110.84 OK
r-patched-solaris-x86 0.9.9-9 204.30 NOTE
r-release-linux-x86_64 0.9.9-9 9.93 100.26 110.19 OK
r-release-windows-ix86+x86_64 0.9.9-9 22.00 167.00 189.00 OK
r-release-osx-x86_64 0.9.9-9 ERROR
r-oldrel-windows-ix86+x86_64 0.9.9-9 19.00 116.00 135.00 OK
r-oldrel-osx-x86_64 0.9.9-9 NOTE

Check Details

Version: 0.9.9-9
Check: installed package size
Result: NOTE
     installed size is 5.0Mb
     sub-directories of 1Mb or more:
     data 4.3Mb
Flavors: r-devel-linux-x86_64-fedora-clang, r-patched-solaris-x86, r-oldrel-osx-x86_64

Version: 0.9.9-9
Check: package dependencies
Result: ERROR
    Package required but not available: ‘impute’
    
    See section ‘The DESCRIPTION file’ in the ‘Writing R Extensions’
    manual.
Flavor: r-release-osx-x86_64