Last updated on 2022-07-03 06:54:19 CEST.
Flavor | Version | Tinstall | Tcheck | Ttotal | Status | Flags |
---|---|---|---|---|---|---|
r-devel-linux-x86_64-debian-clang | 2.3 | 18.99 | 97.58 | 116.57 | NOTE | |
r-devel-linux-x86_64-debian-gcc | 2.3 | 13.94 | 74.81 | 88.75 | NOTE | |
r-devel-linux-x86_64-fedora-clang | 2.3 | 158.36 | NOTE | |||
r-devel-linux-x86_64-fedora-gcc | 2.3 | 153.98 | NOTE | |||
r-devel-windows-x86_64 | 2.3 | 106.00 | 134.00 | 240.00 | NOTE | |
r-patched-linux-x86_64 | 2.3 | 16.93 | 91.42 | 108.35 | NOTE | |
r-release-linux-x86_64 | 2.3 | 17.31 | 92.97 | 110.28 | NOTE | |
r-release-macos-arm64 | 2.3 | 55.00 | NOTE | |||
r-release-macos-x86_64 | 2.3 | 72.00 | NOTE | |||
r-release-windows-x86_64 | 2.3 | 123.00 | 134.00 | 257.00 | NOTE | |
r-oldrel-macos-arm64 | 2.3 | 60.00 | NOTE | |||
r-oldrel-macos-x86_64 | 2.3 | 72.00 | NOTE | |||
r-oldrel-windows-ix86+x86_64 | 2.3 | 117.00 | 213.00 | 330.00 | NOTE |
Version: 2.3
Check: for GNU extensions in Makefiles
Result: NOTE
GNU make is a SystemRequirements.
Flavors: r-devel-linux-x86_64-debian-clang, r-devel-linux-x86_64-debian-gcc, r-devel-linux-x86_64-fedora-clang, r-devel-linux-x86_64-fedora-gcc, r-devel-windows-x86_64, r-patched-linux-x86_64, r-release-linux-x86_64, r-release-macos-arm64, r-release-macos-x86_64, r-release-windows-x86_64, r-oldrel-macos-arm64, r-oldrel-macos-x86_64, r-oldrel-windows-ix86+x86_64
Version: 2.3
Check: installed package size
Result: NOTE
installed size is 6.4Mb
sub-directories of 1Mb or more:
bin 3.5Mb
extdata 1.7Mb
Flavors: r-devel-windows-x86_64, r-release-windows-x86_64, r-oldrel-windows-ix86+x86_64
Version: 2.3
Check: compiled code
Result: NOTE
File ‘eaf/libs/eaf.so’:
Found ‘___stderrp’, possibly from ‘stderr’ (C)
Objects: ‘eaf/io.o’, ‘mo-tools/hv.o’
Found ‘___stdoutp’, possibly from ‘stdout’ (C)
Object: ‘eaf/io.o’
Compiled code should not call entry points which might terminate R nor
write to stdout/stderr instead of to the console, nor use Fortran I/O
nor system RNGs.
See ‘Writing portable packages’ in the ‘Writing R Extensions’ manual.
Flavors: r-release-macos-arm64, r-release-macos-x86_64, r-oldrel-macos-arm64, r-oldrel-macos-x86_64