CRAN Package Check Results for Package earlyR

Last updated on 2024-04-14 00:23:11 CEST.

Flavor Version Tinstall Tcheck Ttotal Status Flags
r-devel-linux-x86_64-debian-clang 0.0.5 6.21 79.04 85.25 NOTE
r-devel-linux-x86_64-debian-gcc 0.0.5 4.55 58.69 63.24 NOTE
r-devel-linux-x86_64-fedora-clang 0.0.5 99.05 NOTE
r-devel-linux-x86_64-fedora-gcc 0.0.5 113.80 NOTE
r-devel-windows-x86_64 0.0.5 6.00 74.00 80.00 NOTE
r-patched-linux-x86_64 0.0.5 5.05 75.71 80.76 NOTE
r-release-linux-x86_64 0.0.5 3.60 69.07 72.67 NOTE
r-release-macos-arm64 0.0.5 38.00 NOTE
r-release-macos-x86_64 0.0.5 54.00 NOTE
r-release-windows-x86_64 0.0.5 8.00 84.00 92.00 NOTE
r-oldrel-macos-arm64 0.0.5 37.00 NOTE
r-oldrel-windows-x86_64 0.0.5 9.00 91.00 100.00 NOTE

Check Details

Version: 0.0.5
Check: Rd files
Result: NOTE checkRd: (-1) plot.earlyR.Rd:34-46: Lost braces 34 | if (require(incidence)) { | ^ Flavors: r-devel-linux-x86_64-debian-clang, r-devel-linux-x86_64-debian-gcc, r-devel-linux-x86_64-fedora-clang, r-devel-linux-x86_64-fedora-gcc, r-devel-windows-x86_64, r-patched-linux-x86_64

Version: 0.0.5
Check: LazyData
Result: NOTE 'LazyData' is specified without a 'data' directory Flavors: r-devel-linux-x86_64-debian-clang, r-devel-linux-x86_64-debian-gcc, r-devel-linux-x86_64-fedora-clang, r-devel-linux-x86_64-fedora-gcc, r-devel-windows-x86_64, r-patched-linux-x86_64, r-release-linux-x86_64, r-release-macos-arm64, r-release-macos-x86_64, r-release-windows-x86_64, r-oldrel-macos-arm64, r-oldrel-windows-x86_64