CRAN Package Check Results for Package earlywarnings

Last updated on 2024-04-13 23:28:48 CEST.

Flavor Version Tinstall Tcheck Ttotal Status Flags
r-devel-linux-x86_64-debian-clang 1.1.29 10.78 109.87 120.65 NOTE
r-devel-linux-x86_64-debian-gcc 1.1.29 8.66 79.32 87.98 NOTE
r-devel-linux-x86_64-fedora-clang 1.1.29 147.84 NOTE
r-devel-linux-x86_64-fedora-gcc 1.1.29 163.96 NOTE
r-devel-windows-x86_64 1.1.29 12.00 94.00 106.00 NOTE
r-patched-linux-x86_64 1.1.29 12.27 104.92 117.19 NOTE
r-release-linux-x86_64 1.1.29 12.77 101.10 113.87 OK
r-release-macos-arm64 1.1.29 48.00 OK
r-release-macos-x86_64 1.1.29 82.00 OK
r-release-windows-x86_64 1.1.29 15.00 109.00 124.00 OK
r-oldrel-macos-arm64 1.1.29 48.00 NOTE
r-oldrel-windows-x86_64 1.1.29 16.00 115.00 131.00 OK

Check Details

Version: 1.1.29
Check: Rd files
Result: NOTE checkRd: (-1) surrogates_ews.Rd:31: Lost braces 31 | \item{span}{parameter that controls the degree of smoothing (numeric between 0 and 100, Default 25). see more on loess{stats}} | ^ checkRd: (-1) surrogates_ews.Rd:33: Lost braces 33 | \item{degree}{the degree of polynomial to be used for when loess fitting is applied, normally 1 or 2 (Default). see more on loess{stats}} | ^ Flavors: r-devel-linux-x86_64-debian-clang, r-devel-linux-x86_64-debian-gcc, r-devel-linux-x86_64-fedora-clang, r-devel-linux-x86_64-fedora-gcc, r-devel-windows-x86_64, r-patched-linux-x86_64

Version: 1.1.29
Check: dependencies in R code
Result: NOTE Namespace in Imports field not imported from: ‘knitr’ All declared Imports should be used. Flavors: r-devel-linux-x86_64-fedora-clang, r-devel-linux-x86_64-fedora-gcc, r-oldrel-macos-arm64