CRAN Package Check Results for Package earthtones

Last updated on 2018-11-20 19:47:41 CET.

Flavor Version Tinstall Tcheck Ttotal Status Flags
r-devel-linux-x86_64-debian-clang 0.1.0 1.05 19.26 20.31 OK --no-tests --no-vignettes
r-devel-linux-x86_64-debian-gcc 0.1.0 1.01 15.83 16.84 OK --no-tests --no-vignettes
r-devel-linux-x86_64-fedora-clang 0.1.0 24.48 OK --no-tests --no-vignettes
r-devel-linux-x86_64-fedora-gcc 0.1.0 23.09 OK --no-tests --no-vignettes
r-devel-windows-ix86+x86_64 0.1.0 5.00 54.00 59.00 ERROR
r-patched-linux-x86_64 0.1.0 1.21 17.71 18.92 OK --no-tests --no-vignettes
r-patched-solaris-x86 0.1.0 37.60 OK --no-tests --no-vignettes
r-release-linux-x86_64 0.1.0 1.28 18.34 19.62 OK --no-tests --no-vignettes
r-release-windows-ix86+x86_64 0.1.0 3.00 55.00 58.00 ERROR
r-release-osx-x86_64 0.1.0 OK
r-oldrel-windows-ix86+x86_64 0.1.0 4.00 43.00 47.00 ERROR
r-oldrel-osx-x86_64 0.1.0 OK

Check Details

Version: 0.1.0
Check: tests
Result: ERROR
     Running 'testthat.R' [2s]
    Running the tests in 'tests/testthat.R' failed.
    Complete output:
     > library(testthat)
     > library(earthtones)
     >
     > test_check("earthtones")
     -- 1. Error: returns normal (@test-earth.R#5) ---------------------------------
     cannot open URL 'http://maps.googleapis.com/maps/api/staticmap?center=50.759,-125.673&zoom=11&size=640x640&scale=2&maptype=satellite&language=en-EN&sensor=false'
     1: expect_is(get_earthtones(), "palette") at testthat/test-earth.R:5
     2: quasi_label(enquo(object), label)
     3: eval_bare(get_expr(quo), get_env(quo))
     4: get_earthtones()
     5: ggmap::get_map(location = c(longitude, latitude), maptype = "satellite", zoom = zoom,
     ...)
     6: get_googlemap(center = location, zoom = zoom, maptype = maptype, scale = scale, messaging = messaging,
     urlonly = urlonly, force = force, filename = filename, color = color, language = language)
     7: download.file(url, destfile = tmp, quiet = !messaging, mode = "wb")
    
     == testthat results ===========================================================
     OK: 3 SKIPPED: 0 FAILED: 1
     1. Error: returns normal (@test-earth.R#5)
    
     Error: testthat unit tests failed
     Execution halted
Flavor: r-devel-windows-ix86+x86_64

Version: 0.1.0
Check: re-building of vignette outputs
Result: WARN
    Error in re-building vignettes:
     ...
    Quitting from lines 26-28 (earthtones.rmd)
    Error: processing vignette 'earthtones.rmd' failed with diagnostics:
    cannot open URL 'http://maps.googleapis.com/maps/api/staticmap?center=36.094994,-111.837962&zoom=12&size=640x640&scale=2&maptype=satellite&language=en-EN&sensor=false'
    Execution halted
Flavors: r-devel-windows-ix86+x86_64, r-release-windows-ix86+x86_64, r-oldrel-windows-ix86+x86_64

Version: 0.1.0
Check: tests
Result: ERROR
     Running 'testthat.R' [3s]
    Running the tests in 'tests/testthat.R' failed.
    Complete output:
     > library(testthat)
     > library(earthtones)
     >
     > test_check("earthtones")
     -- 1. Error: returns normal (@test-earth.R#5) ---------------------------------
     cannot open URL 'http://maps.googleapis.com/maps/api/staticmap?center=50.759,-125.673&zoom=11&size=640x640&scale=2&maptype=satellite&language=en-EN&sensor=false'
     1: expect_is(get_earthtones(), "palette") at testthat/test-earth.R:5
     2: quasi_label(enquo(object), label)
     3: eval_bare(get_expr(quo), get_env(quo))
     4: get_earthtones()
     5: ggmap::get_map(location = c(longitude, latitude), maptype = "satellite", zoom = zoom,
     ...)
     6: get_googlemap(center = location, zoom = zoom, maptype = maptype, scale = scale, messaging = messaging,
     urlonly = urlonly, force = force, filename = filename, color = color, language = language)
     7: download.file(url, destfile = tmp, quiet = !messaging, mode = "wb")
    
     == testthat results ===========================================================
     OK: 3 SKIPPED: 0 FAILED: 1
     1. Error: returns normal (@test-earth.R#5)
    
     Error: testthat unit tests failed
     Execution halted
Flavors: r-release-windows-ix86+x86_64, r-oldrel-windows-ix86+x86_64