CRAN Package Check Results for Package easyAHP

Last updated on 2024-04-12 12:53:29 CEST.

Flavor Version Tinstall Tcheck Ttotal Status Flags
r-devel-linux-x86_64-debian-clang 0.1.1 2.53 26.04 28.57 NOTE
r-devel-linux-x86_64-debian-gcc 0.1.1 2.58 19.21 21.79 NOTE
r-devel-linux-x86_64-fedora-clang 0.1.1 35.92 NOTE
r-devel-linux-x86_64-fedora-gcc 0.1.1 34.25 NOTE
r-devel-windows-x86_64 0.1.1 4.00 35.00 39.00 NOTE
r-patched-linux-x86_64 0.1.1 3.17 24.06 27.23 NOTE
r-release-linux-x86_64 0.1.1 2.80 24.65 27.45 NOTE
r-release-macos-arm64 0.1.1 16.00 NOTE
r-release-macos-x86_64 0.1.1 22.00 NOTE
r-release-windows-x86_64 0.1.1 5.00 37.00 42.00 NOTE
r-oldrel-macos-arm64 0.1.1 15.00 NOTE
r-oldrel-windows-x86_64 0.1.1 6.00 44.00 50.00 NOTE

Check Details

Version: 0.1.1
Check: LazyData
Result: NOTE 'LazyData' is specified without a 'data' directory Flavors: r-devel-linux-x86_64-debian-clang, r-devel-linux-x86_64-debian-gcc, r-devel-linux-x86_64-fedora-clang, r-devel-linux-x86_64-fedora-gcc, r-devel-windows-x86_64, r-patched-linux-x86_64, r-release-linux-x86_64, r-release-macos-arm64, r-release-macos-x86_64, r-release-windows-x86_64, r-oldrel-macos-arm64, r-oldrel-windows-x86_64