CRAN Package Check Results for Package easySdcTable

Last updated on 2018-02-18 22:47:31 CET.

Flavor Version Tinstall Tcheck Ttotal Status Flags
r-devel-linux-x86_64-debian-clang 0.3.1 3.85 76.96 80.81 OK
r-devel-linux-x86_64-debian-gcc 0.3.1 3.40 48.98 52.38 OK
r-devel-linux-x86_64-fedora-clang 0.3.1 79.50 OK
r-devel-linux-x86_64-fedora-gcc 0.3.1 72.22 OK
r-devel-windows-ix86+x86_64 0.3.1 7.00 63.00 70.00 OK
r-patched-linux-x86_64 0.3.1 2.37 69.09 71.46 OK
r-patched-solaris-x86 0.3.1 102.70 OK
r-release-linux-x86_64 0.3.1 2.06 71.39 73.45 OK
r-release-windows-ix86+x86_64 0.3.1 8.00 100.00 108.00 OK
r-release-osx-x86_64 0.3.1 ERROR
r-oldrel-windows-ix86+x86_64 0.3.1 6.00 87.00 93.00 OK
r-oldrel-osx-x86_64 0.3.0 OK

Check Details

Version: 0.3.1
Check: package dependencies
Result: ERROR
    Package required but not available: ‘sdcTable’
    
    See section ‘The DESCRIPTION file’ in the ‘Writing R Extensions’
    manual.
Flavor: r-release-osx-x86_64