CRAN Package Check Results for Package easySdcTable

Last updated on 2018-05-23 20:48:26 CEST.

Flavor Version Tinstall Tcheck Ttotal Status Flags
r-devel-linux-x86_64-debian-clang 0.3.1 2.89 84.28 87.17 OK
r-devel-linux-x86_64-debian-gcc 0.3.1 3.30 52.26 55.56 OK
r-devel-linux-x86_64-fedora-clang 0.3.1 88.40 OK
r-devel-linux-x86_64-fedora-gcc 0.3.1 81.88 OK
r-devel-windows-ix86+x86_64 0.3.1 8.00 116.00 124.00 OK
r-patched-linux-x86_64 0.3.1 3.86 62.99 66.85 OK
r-patched-solaris-x86 0.3.1 110.70 OK
r-release-linux-x86_64 0.3.1 4.08 61.86 65.94 OK
r-release-windows-ix86+x86_64 0.3.1 9.00 94.00 103.00 OK
r-release-osx-x86_64 0.3.1 ERROR
r-oldrel-windows-ix86+x86_64 0.3.1 12.00 102.00 114.00 OK
r-oldrel-osx-x86_64 0.3.1 ERROR

Check Details

Version: 0.3.1
Check: package dependencies
Result: ERROR
    Package required but not available: ‘sdcTable’
    
    See section ‘The DESCRIPTION file’ in the ‘Writing R Extensions’
    manual.
Flavors: r-release-osx-x86_64, r-oldrel-osx-x86_64