CRAN Package Check Results for Package easyr

Last updated on 2024-02-21 11:56:22 CET.

Flavor Version Tinstall Tcheck Ttotal Status Flags
r-devel-linux-x86_64-debian-clang 0.5-11 OK
r-devel-linux-x86_64-debian-gcc 0.5-11 4.90 49.75 54.65 OK
r-devel-linux-x86_64-fedora-clang 0.5-11 88.83 NOTE
r-devel-linux-x86_64-fedora-gcc 0.5-11 99.80 NOTE
r-devel-windows-x86_64 0.5-11 7.00 90.00 97.00 OK
r-patched-linux-x86_64 0.5-11 5.74 64.82 70.56 OK
r-release-linux-x86_64 0.5-11 4.77 63.33 68.10 OK
r-release-macos-arm64 0.5-11 37.00 OK
r-release-macos-x86_64 0.5-11 47.00 NOTE
r-release-windows-x86_64 0.5-11 9.00 106.00 115.00 OK
r-oldrel-macos-arm64 0.5-11 25.00 OK
r-oldrel-windows-x86_64 0.5-11 9.00 88.00 97.00 OK

Check Details

Version: 0.5-11
Check: dependencies in R code
Result: NOTE Namespace in Imports field not imported from: ‘rprojroot’ All declared Imports should be used. Flavors: r-devel-linux-x86_64-fedora-clang, r-devel-linux-x86_64-fedora-gcc

Version: 0.5-11
Check: package dependencies
Result: NOTE Package suggested but not available for checking: ‘qs’ Flavor: r-release-macos-x86_64