CRAN Package Check Results for Package ebdbNet

Last updated on 2018-11-18 14:46:31 CET.

Flavor Version Tinstall Tcheck Ttotal Status Flags
r-devel-linux-x86_64-debian-clang 1.2.5 7.67 24.87 32.54 OK
r-devel-linux-x86_64-debian-gcc 1.2.5 4.20 20.19 24.39 OK
r-devel-linux-x86_64-fedora-clang 1.2.5 37.71 NOTE
r-devel-linux-x86_64-fedora-gcc 1.2.5 33.89 NOTE
r-devel-windows-ix86+x86_64 1.2.5 16.00 46.00 62.00 OK
r-patched-linux-x86_64 1.2.5 5.08 23.10 28.18 OK
r-patched-solaris-x86 1.2.5 56.40 OK
r-release-linux-x86_64 1.2.5 4.84 23.38 28.22 OK
r-release-windows-ix86+x86_64 1.2.5 14.00 56.00 70.00 OK
r-release-osx-x86_64 1.2.5 OK
r-oldrel-windows-ix86+x86_64 1.2.5 16.00 58.00 74.00 OK
r-oldrel-osx-x86_64 1.2.5 OK

Check Details

Version: 1.2.5
Check: compiled code
Result: NOTE
    File ‘ebdbNet/libs/ebdbNet.so’:
     Found no calls to: ‘R_registerRoutines’, ‘R_useDynamicSymbols’
    
    It is good practice to register native routines and to disable symbol
    search.
    
    See ‘Writing portable packages’ in the ‘Writing R Extensions’ manual.
Flavors: r-devel-linux-x86_64-fedora-clang, r-devel-linux-x86_64-fedora-gcc