CRAN Package Check Results for Package ebdbNet

Last updated on 2019-02-21 01:50:40 CET.

Flavor Version Tinstall Tcheck Ttotal Status Flags
r-devel-linux-x86_64-debian-clang 1.2.5 6.41 24.54 30.95 OK
r-devel-linux-x86_64-debian-gcc 1.2.5 4.47 19.94 24.41 OK
r-devel-linux-x86_64-fedora-clang 1.2.5 41.03 NOTE
r-devel-linux-x86_64-fedora-gcc 1.2.5 36.09 NOTE
r-devel-windows-ix86+x86_64 1.2.5 14.00 59.00 73.00 OK
r-patched-linux-x86_64 1.2.5 OK
r-patched-solaris-x86 1.2.5 55.40 OK
r-release-linux-x86_64 1.2.5 OK
r-release-windows-ix86+x86_64 1.2.5 12.00 63.00 75.00 OK
r-release-osx-x86_64 1.2.5 OK
r-oldrel-windows-ix86+x86_64 1.2.5 11.00 54.00 65.00 OK
r-oldrel-osx-x86_64 1.2.5 OK

Check Details

Version: 1.2.5
Check: compiled code
Result: NOTE
    File ‘ebdbNet/libs/ebdbNet.so’:
     Found no calls to: ‘R_registerRoutines’, ‘R_useDynamicSymbols’
    
    It is good practice to register native routines and to disable symbol
    search.
    
    See ‘Writing portable packages’ in the ‘Writing R Extensions’ manual.
Flavors: r-devel-linux-x86_64-fedora-clang, r-devel-linux-x86_64-fedora-gcc