CRAN Package Check Results for Package ebdbNet

Last updated on 2018-05-25 16:48:21 CEST.

Flavor Version Tinstall Tcheck Ttotal Status Flags
r-devel-linux-x86_64-debian-clang 1.2.5 5.61 24.37 29.98 NOTE
r-devel-linux-x86_64-debian-gcc 1.2.5 4.63 19.44 24.07 NOTE
r-devel-linux-x86_64-fedora-clang 1.2.5 39.14 NOTE
r-devel-linux-x86_64-fedora-gcc 1.2.5 34.65 NOTE
r-devel-windows-ix86+x86_64 1.2.5 10.00 67.00 77.00 OK
r-patched-linux-x86_64 1.2.5 4.72 23.35 28.07 NOTE
r-patched-solaris-x86 1.2.5 54.80 OK
r-release-linux-x86_64 1.2.5 4.86 23.06 27.92 NOTE
r-release-windows-ix86+x86_64 1.2.5 17.00 42.00 59.00 OK
r-release-osx-x86_64 1.2.5 OK
r-oldrel-windows-ix86+x86_64 1.2.5 14.00 40.00 54.00 OK
r-oldrel-osx-x86_64 1.2.5 OK

Check Details

Version: 1.2.5
Check: compiled code
Result: NOTE
    File ‘ebdbNet/libs/ebdbNet.so’:
     Found no calls to: ‘R_registerRoutines’, ‘R_useDynamicSymbols’
    
    It is good practice to register native routines and to disable symbol
    search.
    
    See ‘Writing portable packages’ in the ‘Writing R Extensions’ manual.
Flavors: r-devel-linux-x86_64-debian-clang, r-devel-linux-x86_64-debian-gcc, r-devel-linux-x86_64-fedora-clang, r-devel-linux-x86_64-fedora-gcc, r-patched-linux-x86_64, r-release-linux-x86_64