CRAN Package Check Results for Package ebdbNet

Last updated on 2019-05-23 01:48:34 CEST.

Flavor Version Tinstall Tcheck Ttotal Status Flags
r-devel-linux-x86_64-debian-clang 1.2.5 6.58 24.71 31.29 OK
r-devel-linux-x86_64-debian-gcc 1.2.5 4.85 19.90 24.75 OK
r-devel-linux-x86_64-fedora-clang 1.2.5 39.76 NOTE
r-devel-linux-x86_64-fedora-gcc 1.2.5 36.44 NOTE
r-devel-windows-ix86+x86_64 1.2.5 12.00 66.00 78.00 OK
r-patched-linux-x86_64 1.2.5 5.64 24.66 30.30 OK
r-patched-solaris-x86 1.2.5 59.70 OK
r-release-linux-x86_64 1.2.5 5.31 24.62 29.93 OK
r-release-windows-ix86+x86_64 1.2.5 16.00 48.00 64.00 OK
r-release-osx-x86_64 1.2.5 OK
r-oldrel-windows-ix86+x86_64 1.2.5 10.00 43.00 53.00 OK
r-oldrel-osx-x86_64 1.2.5 OK

Check Details

Version: 1.2.5
Check: compiled code
Result: NOTE
    File ‘ebdbNet/libs/ebdbNet.so’:
     Found no calls to: ‘R_registerRoutines’, ‘R_useDynamicSymbols’
    
    It is good practice to register native routines and to disable symbol
    search.
    
    See ‘Writing portable packages’ in the ‘Writing R Extensions’ manual.
Flavors: r-devel-linux-x86_64-fedora-clang, r-devel-linux-x86_64-fedora-gcc