CRAN Package Check Results for Package ebdbNet

Last updated on 2019-08-24 13:46:47 CEST.

Flavor Version Tinstall Tcheck Ttotal Status Flags
r-devel-linux-x86_64-debian-clang 1.2.5 8.52 24.96 33.48 OK
r-devel-linux-x86_64-debian-gcc 1.2.5 4.32 20.25 24.57 OK
r-devel-linux-x86_64-fedora-clang 1.2.5 41.80 NOTE
r-devel-linux-x86_64-fedora-gcc 1.2.5 37.80 NOTE
r-devel-windows-ix86+x86_64 1.2.5 13.00 45.00 58.00 OK
r-patched-linux-x86_64 1.2.5 4.82 25.05 29.87 OK
r-patched-solaris-x86 1.2.5 66.70 OK
r-release-linux-x86_64 1.2.5 5.36 25.04 30.40 OK
r-release-windows-ix86+x86_64 1.2.5 18.00 66.00 84.00 OK
r-release-osx-x86_64 1.2.5 OK
r-oldrel-windows-ix86+x86_64 1.2.5 14.00 59.00 73.00 OK
r-oldrel-osx-x86_64 1.2.5 OK

Check Details

Version: 1.2.5
Check: compiled code
Result: NOTE
    File ‘ebdbNet/libs/ebdbNet.so’:
     Found no calls to: ‘R_registerRoutines’, ‘R_useDynamicSymbols’
    
    It is good practice to register native routines and to disable symbol
    search.
    
    See ‘Writing portable packages’ in the ‘Writing R Extensions’ manual.
Flavors: r-devel-linux-x86_64-fedora-clang, r-devel-linux-x86_64-fedora-gcc