CRAN Package Check Results for Package ecd

Last updated on 2018-02-24 22:47:25 CET.

Flavor Version Tinstall Tcheck Ttotal Status Flags
r-devel-linux-x86_64-debian-clang 0.9.1 19.63 408.70 428.33 NOTE
r-devel-linux-x86_64-debian-gcc 0.9.1 15.16 321.92 337.08 NOTE
r-devel-linux-x86_64-fedora-clang 0.9.1 504.63 NOTE
r-devel-linux-x86_64-fedora-gcc 0.9.1 499.46 NOTE
r-devel-windows-ix86+x86_64 0.9.1 37.00 98.00 135.00 OK --no-examples --no-tests --no-vignettes
r-patched-linux-x86_64 0.9.1 5.26 426.13 431.39 OK
r-patched-solaris-x86 0.9.1 535.60 OK
r-release-linux-x86_64 0.9.1 5.87 425.37 431.24 OK
r-release-windows-ix86+x86_64 0.9.1 19.00 138.00 157.00 OK --no-examples --no-tests --no-vignettes
r-release-osx-x86_64 0.9.1 OK
r-oldrel-windows-ix86+x86_64 0.9.1 14.00 143.00 157.00 OK --no-examples --no-tests --no-vignettes
r-oldrel-osx-x86_64 0.9.1 OK

Check Details

Version: 0.9.1
Check: DESCRIPTION meta-information
Result: NOTE
    Dependence on R version ‘3.3.1’ not with patchlevel 0
Flavors: r-devel-linux-x86_64-debian-clang, r-devel-linux-x86_64-debian-gcc, r-devel-linux-x86_64-fedora-clang, r-devel-linux-x86_64-fedora-gcc