CRAN Package Check Results for Package ecd

Last updated on 2018-05-27 12:47:54 CEST.

Flavor Version Tinstall Tcheck Ttotal Status Flags
r-devel-linux-x86_64-debian-clang 0.9.1 16.52 462.59 479.11 OK
r-devel-linux-x86_64-debian-gcc 0.9.1 14.15 354.77 368.92 OK
r-devel-linux-x86_64-fedora-clang 0.9.1 587.14 OK
r-devel-linux-x86_64-fedora-gcc 0.9.1 580.14 OK
r-devel-windows-ix86+x86_64 0.9.1 28.00 145.00 173.00 OK --no-examples --no-tests --no-vignettes
r-patched-linux-x86_64 0.9.1 15.22 411.50 426.72 NOTE
r-patched-solaris-x86 0.9.1 594.00 OK
r-release-linux-x86_64 0.9.1 15.66 408.38 424.04 NOTE
r-release-windows-ix86+x86_64 0.9.1 35.00 99.00 134.00 OK --no-examples --no-tests --no-vignettes
r-release-osx-x86_64 0.9.1 OK
r-oldrel-windows-ix86+x86_64 0.9.1 23.00 101.00 124.00 OK --no-examples --no-tests --no-vignettes
r-oldrel-osx-x86_64 0.9.1 OK

Check Details

Version: 0.9.1
Check: DESCRIPTION meta-information
Result: NOTE
    Dependence on R version ‘3.3.1’ not with patchlevel 0
Flavors: r-patched-linux-x86_64, r-release-linux-x86_64