CRAN Package Check Results for Package ecd

Last updated on 2019-01-23 09:50:18 CET.

Flavor Version Tinstall Tcheck Ttotal Status Flags
r-devel-linux-x86_64-debian-clang 0.9.1 15.56 427.91 443.47 OK
r-devel-linux-x86_64-debian-gcc 0.9.1 14.24 323.12 337.36 OK
r-devel-linux-x86_64-fedora-clang 0.9.1 360.87 WARN
r-devel-linux-x86_64-fedora-gcc 0.9.1 339.15 WARN
r-devel-windows-ix86+x86_64 0.9.1 40.00 120.00 160.00 OK --no-examples --no-tests --no-vignettes
r-patched-linux-x86_64 0.9.1 13.54 423.30 436.84 NOTE
r-patched-solaris-x86 0.9.1 622.10 WARN
r-release-linux-x86_64 0.9.1 17.76 418.87 436.63 NOTE
r-release-windows-ix86+x86_64 0.9.1 24.00 155.00 179.00 OK --no-examples --no-tests --no-vignettes
r-release-osx-x86_64 0.9.1 OK
r-oldrel-windows-ix86+x86_64 0.9.1 17.00 158.00 175.00 OK --no-examples --no-tests --no-vignettes
r-oldrel-osx-x86_64 0.9.1 OK

Check Details

Version: 0.9.1
Check: whether package can be installed
Result: WARN
    Found the following significant warnings:
     Warning: subclass "summaryMpfr" of class "mpfr" is not local and cannot be updated for new inheritance information; consider setClassUnion()
Flavors: r-devel-linux-x86_64-fedora-clang, r-devel-linux-x86_64-fedora-gcc, r-patched-solaris-x86

Version: 0.9.1
Check: DESCRIPTION meta-information
Result: NOTE
    Dependence on R version ‘3.3.1’ not with patchlevel 0
Flavors: r-patched-linux-x86_64, r-release-linux-x86_64