CRAN Package Check Results for Package ecd

Last updated on 2018-08-16 16:52:27 CEST.

Flavor Version Tinstall Tcheck Ttotal Status Flags
r-devel-linux-x86_64-debian-clang 0.9.1 14.93 457.71 472.64 OK
r-devel-linux-x86_64-debian-gcc 0.9.1 13.18 359.33 372.51 OK
r-devel-linux-x86_64-fedora-clang 0.9.1 568.63 OK
r-devel-linux-x86_64-fedora-gcc 0.9.1 555.88 OK
r-devel-windows-ix86+x86_64 0.9.1 47.00 148.00 195.00 OK --no-examples --no-tests --no-vignettes
r-patched-linux-x86_64 0.9.1 12.41 418.85 431.26 NOTE
r-patched-solaris-x86 0.9.1 621.90 OK
r-release-linux-x86_64 0.9.1 13.66 418.54 432.20 NOTE
r-release-windows-ix86+x86_64 0.9.1 42.00 103.00 145.00 OK --no-examples --no-tests --no-vignettes
r-release-osx-x86_64 0.9.1 OK
r-oldrel-windows-ix86+x86_64 0.9.1 25.00 136.00 161.00 OK --no-examples --no-tests --no-vignettes
r-oldrel-osx-x86_64 0.9.1 OK

Check Details

Version: 0.9.1
Check: DESCRIPTION meta-information
Result: NOTE
    Dependence on R version ‘3.3.1’ not with patchlevel 0
Flavors: r-patched-linux-x86_64, r-release-linux-x86_64