CRAN Package Check Results for Package eclust

Last updated on 2018-08-22 08:48:47 CEST.

Flavor Version Tinstall Tcheck Ttotal Status Flags
r-devel-linux-x86_64-debian-clang 0.1.0 3.95 245.62 249.57 OK
r-devel-linux-x86_64-debian-gcc 0.1.0 4.63 159.44 164.07 OK
r-devel-linux-x86_64-fedora-clang 0.1.0 305.05 NOTE
r-devel-linux-x86_64-fedora-gcc 0.1.0 278.80 NOTE
r-devel-windows-ix86+x86_64 0.1.0 8.00 253.00 261.00 OK
r-patched-linux-x86_64 0.1.0 5.04 208.92 213.96 NOTE
r-patched-solaris-x86 0.1.0 504.20 NOTE
r-release-linux-x86_64 0.1.0 5.23 214.11 219.34 NOTE
r-release-windows-ix86+x86_64 0.1.0 13.00 321.00 334.00 OK
r-release-osx-x86_64 0.1.0 NOTE
r-oldrel-windows-ix86+x86_64 0.1.0 9.00 317.00 326.00 OK
r-oldrel-osx-x86_64 0.1.0 ERROR

Check Details

Version: 0.1.0
Check: dependencies in R code
Result: NOTE
    Namespace in Imports field not imported from: ‘pander’
     All declared Imports should be used.
Flavors: r-devel-linux-x86_64-fedora-clang, r-devel-linux-x86_64-fedora-gcc, r-patched-solaris-x86, r-release-osx-x86_64

Version: 0.1.0
Check: DESCRIPTION meta-information
Result: NOTE
    Dependence on R version ‘3.3.1’ not with patchlevel 0
Flavors: r-patched-linux-x86_64, r-release-linux-x86_64

Version: 0.1.0
Check: package dependencies
Result: ERROR
    Package required but not available: ‘WGCNA’
    
    See section ‘The DESCRIPTION file’ in the ‘Writing R Extensions’
    manual.
Flavor: r-oldrel-osx-x86_64