CRAN Package Check Results for Package eclust

Last updated on 2019-02-16 13:46:18 CET.

Flavor Version Tinstall Tcheck Ttotal Status Flags
r-devel-linux-x86_64-debian-clang 0.1.0 6.27 218.71 224.98 OK
r-devel-linux-x86_64-debian-gcc 0.1.0 5.40 134.11 139.51 OK
r-devel-linux-x86_64-fedora-clang 0.1.0 245.07 NOTE
r-devel-linux-x86_64-fedora-gcc 0.1.0 235.60 NOTE
r-devel-windows-ix86+x86_64 0.1.0 12.00 289.00 301.00 OK
r-patched-linux-x86_64 0.1.0 5.28 192.79 198.07 NOTE
r-patched-solaris-x86 0.1.0 472.40 NOTE
r-release-linux-x86_64 0.1.0 NOTE
r-release-windows-ix86+x86_64 0.1.0 8.00 224.00 232.00 OK
r-release-osx-x86_64 0.1.0 NOTE
r-oldrel-windows-ix86+x86_64 0.1.0 14.00 321.00 335.00 OK
r-oldrel-osx-x86_64 0.1.0 ERROR

Check Details

Version: 0.1.0
Check: dependencies in R code
Result: NOTE
    Namespace in Imports field not imported from: ‘pander’
     All declared Imports should be used.
Flavors: r-devel-linux-x86_64-fedora-clang, r-devel-linux-x86_64-fedora-gcc, r-patched-solaris-x86, r-release-osx-x86_64

Version: 0.1.0
Check: DESCRIPTION meta-information
Result: NOTE
    Dependence on R version ‘3.3.1’ not with patchlevel 0
Flavors: r-patched-linux-x86_64, r-release-linux-x86_64

Version: 0.1.0
Check: package dependencies
Result: ERROR
    Package required but not available: ‘WGCNA’
    
    See section ‘The DESCRIPTION file’ in the ‘Writing R Extensions’
    manual.
Flavor: r-oldrel-osx-x86_64