CRAN Package Check Results for Package eclust

Last updated on 2018-05-23 18:52:32 CEST.

Flavor Version Tinstall Tcheck Ttotal Status Flags
r-devel-linux-x86_64-debian-clang 0.1.0 6.01 240.36 246.37 OK
r-devel-linux-x86_64-debian-gcc 0.1.0 0.57 1.52 2.09 ERROR
r-devel-linux-x86_64-fedora-clang 0.1.0 303.46 NOTE
r-devel-linux-x86_64-fedora-gcc 0.1.0 283.45 NOTE
r-devel-windows-ix86+x86_64 0.1.0 8.00 331.00 339.00 OK
r-patched-linux-x86_64 0.1.0 6.51 203.74 210.25 NOTE
r-patched-solaris-x86 0.1.0 514.30 NOTE
r-release-linux-x86_64 0.1.0 5.42 206.32 211.74 NOTE
r-release-windows-ix86+x86_64 0.1.0 14.00 319.00 333.00 OK
r-release-osx-x86_64 0.1.0 NOTE
r-oldrel-windows-ix86+x86_64 0.1.0 11.00 311.00 322.00 OK
r-oldrel-osx-x86_64 0.1.0 ERROR

Check Details

Version: 0.1.0
Check: package dependencies
Result: ERROR
    Packages required but not available: ‘caret’ ‘WGCNA’
    
    Packages suggested but not available for checking:
     ‘factoextra’ ‘viridis’ ‘pROC’
    
    See section ‘The DESCRIPTION file’ in the ‘Writing R Extensions’
    manual.
Flavor: r-devel-linux-x86_64-debian-gcc

Version: 0.1.0
Check: dependencies in R code
Result: NOTE
    Namespace in Imports field not imported from: ‘pander’
     All declared Imports should be used.
Flavors: r-devel-linux-x86_64-fedora-clang, r-devel-linux-x86_64-fedora-gcc, r-patched-solaris-x86, r-release-osx-x86_64

Version: 0.1.0
Check: DESCRIPTION meta-information
Result: NOTE
    Dependence on R version ‘3.3.1’ not with patchlevel 0
Flavors: r-patched-linux-x86_64, r-release-linux-x86_64

Version: 0.1.0
Check: package dependencies
Result: ERROR
    Package required but not available: ‘WGCNA’
    
    See section ‘The DESCRIPTION file’ in the ‘Writing R Extensions’
    manual.
Flavor: r-oldrel-osx-x86_64