CRAN Package Check Results for Package eclust

Last updated on 2018-11-17 10:51:04 CET.

Flavor Version Tinstall Tcheck Ttotal Status Flags
r-devel-linux-x86_64-debian-clang 0.1.0 5.79 219.32 225.11 OK
r-devel-linux-x86_64-debian-gcc 0.1.0 5.01 136.44 141.45 OK
r-devel-linux-x86_64-fedora-clang 0.1.0 282.07 NOTE
r-devel-linux-x86_64-fedora-gcc 0.1.0 241.68 NOTE
r-devel-windows-ix86+x86_64 0.1.0 14.00 303.00 317.00 OK
r-patched-linux-x86_64 0.1.0 5.75 184.89 190.64 NOTE
r-patched-solaris-x86 0.1.0 465.60 NOTE
r-release-linux-x86_64 0.1.0 5.35 186.67 192.02 NOTE
r-release-windows-ix86+x86_64 0.1.0 13.00 234.00 247.00 OK
r-release-osx-x86_64 0.1.0 NOTE
r-oldrel-windows-ix86+x86_64 0.1.0 12.00 298.00 310.00 OK
r-oldrel-osx-x86_64 0.1.0 ERROR

Check Details

Version: 0.1.0
Check: dependencies in R code
Result: NOTE
    Namespace in Imports field not imported from: ‘pander’
     All declared Imports should be used.
Flavors: r-devel-linux-x86_64-fedora-clang, r-devel-linux-x86_64-fedora-gcc, r-patched-solaris-x86, r-release-osx-x86_64

Version: 0.1.0
Check: DESCRIPTION meta-information
Result: NOTE
    Dependence on R version ‘3.3.1’ not with patchlevel 0
Flavors: r-patched-linux-x86_64, r-release-linux-x86_64

Version: 0.1.0
Check: package dependencies
Result: ERROR
    Package required but not available: ‘WGCNA’
    
    See section ‘The DESCRIPTION file’ in the ‘Writing R Extensions’
    manual.
Flavor: r-oldrel-osx-x86_64