CRAN Package Check Results for Package eclust

Last updated on 2018-02-18 08:47:50 CET.

Flavor Version Tinstall Tcheck Ttotal Status Flags
r-devel-linux-x86_64-debian-clang 0.1.0 5.89 252.01 257.90 NOTE
r-devel-linux-x86_64-debian-gcc 0.1.0 3.85 149.29 153.14 NOTE
r-devel-windows-ix86+x86_64 0.1.0 7.00 224.00 231.00 OK
r-patched-linux-x86_64 0.1.0 2.79 224.28 227.07 OK
r-patched-solaris-x86 0.1.0 484.30 NOTE
r-release-linux-x86_64 0.1.0 2.84 219.40 222.24 OK
r-release-windows-ix86+x86_64 0.1.0 11.00 328.00 339.00 OK
r-release-osx-x86_64 0.1.0 ERROR
r-oldrel-windows-ix86+x86_64 0.1.0 7.00 301.00 308.00 OK
r-oldrel-osx-x86_64 0.1.0 NOTE

Check Details

Version: 0.1.0
Check: DESCRIPTION meta-information
Result: NOTE
    Dependence on R version ‘3.3.1’ not with patchlevel 0
Flavors: r-devel-linux-x86_64-debian-clang, r-devel-linux-x86_64-debian-gcc

Version: 0.1.0
Check: dependencies in R code
Result: NOTE
    Namespace in Imports field not imported from: ‘pander’
     All declared Imports should be used.
Flavors: r-patched-solaris-x86, r-oldrel-osx-x86_64

Version: 0.1.0
Check: package dependencies
Result: ERROR
    Package required but not available: ‘WGCNA’
    
    Package suggested but not available for checking: ‘ComplexHeatmap’
    
    See section ‘The DESCRIPTION file’ in the ‘Writing R Extensions’
    manual.
Flavor: r-release-osx-x86_64