CRAN Package Check Results for Package ecmwfr

Last updated on 2022-01-21 11:51:59 CET.

Flavor Version Tinstall Tcheck Ttotal Status Flags
r-devel-linux-x86_64-debian-clang 1.3.0 3.18 54.51 57.69 NOTE
r-devel-linux-x86_64-debian-gcc 1.3.0 2.66 42.11 44.77 NOTE
r-devel-linux-x86_64-fedora-clang 1.3.0 71.26 NOTE
r-devel-linux-x86_64-fedora-gcc 1.3.0 58.72 NOTE
r-devel-windows-x86_64-new-UL 1.3.0 38.00 106.00 144.00 NOTE
r-devel-windows-x86_64-new-TK 1.3.0 NOTE
r-patched-linux-x86_64 1.3.0 3.59 81.21 84.80 NOTE
r-release-linux-x86_64 1.3.0 3.02 82.80 85.82 NOTE
r-release-macos-arm64 1.3.0 NOTE
r-release-macos-x86_64 1.3.0 NOTE
r-release-windows-ix86+x86_64 1.3.0 12.00 100.00 112.00 NOTE
r-oldrel-macos-x86_64 1.3.0 OK
r-oldrel-windows-ix86+x86_64 1.3.0 7.00 97.00 104.00 OK

Check Details

Version: 1.3.0
Check: LazyData
Result: NOTE
     'LazyData' is specified without a 'data' directory
Flavors: r-devel-linux-x86_64-debian-clang, r-devel-linux-x86_64-debian-gcc, r-devel-linux-x86_64-fedora-clang, r-devel-linux-x86_64-fedora-gcc, r-devel-windows-x86_64-new-UL, r-devel-windows-x86_64-new-TK, r-patched-linux-x86_64, r-release-linux-x86_64, r-release-macos-arm64, r-release-macos-x86_64, r-release-windows-ix86+x86_64