CRAN Package Check Results for Package eco

Last updated on 2019-09-17 17:48:51 CEST.

Flavor Version Tinstall Tcheck Ttotal Status Flags
r-devel-linux-x86_64-debian-clang 4.0-1 10.80 32.60 43.40 WARN
r-devel-linux-x86_64-debian-gcc 4.0-1 8.76 25.93 34.69 WARN
r-devel-linux-x86_64-fedora-clang 4.0-1 57.08 OK
r-devel-linux-x86_64-fedora-gcc 4.0-1 55.13 WARN
r-devel-windows-ix86+x86_64 4.0-1 41.00 52.00 93.00 OK
r-patched-linux-x86_64 4.0-1 10.30 32.50 42.80 OK
r-patched-solaris-x86 4.0-1 78.00 OK
r-release-linux-x86_64 4.0-1 10.62 32.99 43.61 OK
r-release-windows-ix86+x86_64 4.0-1 38.00 69.00 107.00 OK
r-release-osx-x86_64 4.0-1 OK
r-oldrel-windows-ix86+x86_64 4.0-1 39.00 51.00 90.00 OK
r-oldrel-osx-x86_64 4.0-1 OK

Additional issues

LTO

Check Details

Version: 4.0-1
Check: whether package can be installed
Result: WARN
    Found the following significant warnings:
     fintegrate.c:350:5: warning: ignoring return value of function declared with 'warn_unused_result' attribute [-Wunused-result]
     gibbsEM.c:417:9: warning: ignoring return value of function declared with 'warn_unused_result' attribute [-Wunused-result]
Flavor: r-devel-linux-x86_64-debian-clang

Version: 4.0-1
Check: whether package can be installed
Result: WARN
    Found the following significant warnings:
     fintegrate.c:350:5: warning: ignoring return value of ‘scanf’, declared with attribute warn_unused_result [-Wunused-result]
     gibbsEM.c:417:9: warning: ignoring return value of ‘scanf’, declared with attribute warn_unused_result [-Wunused-result]
Flavors: r-devel-linux-x86_64-debian-gcc, r-devel-linux-x86_64-fedora-gcc