CRAN Package Check Results for Package eco

Last updated on 2020-02-20 21:47:26 CET.

Flavor Version Tinstall Tcheck Ttotal Status Flags
r-devel-linux-x86_64-debian-clang 4.0-1 13.28 36.05 49.33 WARN
r-devel-linux-x86_64-debian-gcc 4.0-1 9.65 27.54 37.19 WARN
r-devel-linux-x86_64-fedora-clang 4.0-1 61.41 OK
r-devel-linux-x86_64-fedora-gcc 4.0-1 57.96 WARN
r-devel-windows-ix86+x86_64 4.0-1 36.00 60.00 96.00 OK
r-devel-windows-ix86+x86_64-gcc8 4.0-1 46.00 77.00 123.00 OK
r-patched-linux-x86_64 4.0-1 10.94 32.25 43.19 OK
r-patched-solaris-x86 4.0-1 80.50 OK
r-release-linux-x86_64 4.0-1 10.68 32.66 43.34 OK
r-release-windows-ix86+x86_64 4.0-1 34.00 55.00 89.00 OK
r-release-osx-x86_64 4.0-1 OK
r-oldrel-windows-ix86+x86_64 4.0-1 32.00 53.00 85.00 OK
r-oldrel-osx-x86_64 4.0-1 OK

Additional issues

LTO

Check Details

Version: 4.0-1
Check: whether package can be installed
Result: WARN
    Found the following significant warnings:
     fintegrate.c:350:5: warning: ignoring return value of function declared with 'warn_unused_result' attribute [-Wunused-result]
     gibbsEM.c:417:9: warning: ignoring return value of function declared with 'warn_unused_result' attribute [-Wunused-result]
Flavor: r-devel-linux-x86_64-debian-clang

Version: 4.0-1
Check: whether package can be installed
Result: WARN
    Found the following significant warnings:
     fintegrate.c:350:5: warning: ignoring return value of ‘scanf’, declared with attribute warn_unused_result [-Wunused-result]
     gibbsEM.c:417:9: warning: ignoring return value of ‘scanf’, declared with attribute warn_unused_result [-Wunused-result]
Flavors: r-devel-linux-x86_64-debian-gcc, r-devel-linux-x86_64-fedora-gcc