CRAN Package Check Results for Package ecoengine

Last updated on 2019-01-24 09:49:33 CET.

Flavor Version Tinstall Tcheck Ttotal Status Flags
r-devel-linux-x86_64-debian-clang 1.11.0 4.20 40.30 44.50 OK
r-devel-linux-x86_64-debian-gcc 1.11.0 2.91 31.01 33.92 OK
r-devel-linux-x86_64-fedora-clang 1.11.0 50.48 NOTE
r-devel-linux-x86_64-fedora-gcc 1.11.0 45.61 NOTE
r-devel-windows-ix86+x86_64 1.11.0 13.00 75.00 88.00 OK
r-patched-linux-x86_64 1.11.0 3.44 36.29 39.73 OK
r-patched-solaris-x86 1.11.0 74.70 NOTE
r-release-linux-x86_64 1.11.0 3.46 36.34 39.80 OK
r-release-windows-ix86+x86_64 1.11.0 7.00 80.00 87.00 OK
r-release-osx-x86_64 1.11.0 NOTE
r-oldrel-windows-ix86+x86_64 1.11.0 10.00 71.00 81.00 OK
r-oldrel-osx-x86_64 1.11.0 NOTE

Check Details

Version: 1.11.0
Check: dependencies in R code
Result: NOTE
    Namespace in Imports field not imported from: ‘magrittr’
     All declared Imports should be used.
Flavors: r-devel-linux-x86_64-fedora-clang, r-devel-linux-x86_64-fedora-gcc, r-patched-solaris-x86, r-release-osx-x86_64, r-oldrel-osx-x86_64