CRAN Package Check Results for Package ecoengine

Last updated on 2018-05-25 13:47:54 CEST.

Flavor Version Tinstall Tcheck Ttotal Status Flags
r-devel-linux-x86_64-debian-clang 1.11.0 4.05 40.21 44.26 OK
r-devel-linux-x86_64-debian-gcc 1.11.0 3.28 31.66 34.94 OK
r-devel-linux-x86_64-fedora-clang 1.11.0 55.30 NOTE
r-devel-linux-x86_64-fedora-gcc 1.11.0 53.18 NOTE
r-devel-windows-ix86+x86_64 1.11.0 9.00 58.00 67.00 OK
r-patched-linux-x86_64 1.11.0 3.54 35.17 38.71 OK
r-patched-solaris-x86 1.11.0 69.00 ERROR
r-release-linux-x86_64 1.11.0 3.12 35.23 38.35 OK
r-release-windows-ix86+x86_64 1.11.0 9.00 70.00 79.00 OK
r-release-osx-x86_64 1.11.0 NOTE
r-oldrel-windows-ix86+x86_64 1.11.0 11.00 52.00 63.00 OK
r-oldrel-osx-x86_64 1.11.0 NOTE

Check Details

Version: 1.11.0
Check: dependencies in R code
Result: NOTE
    Namespace in Imports field not imported from: ‘magrittr’
     All declared Imports should be used.
Flavors: r-devel-linux-x86_64-fedora-clang, r-devel-linux-x86_64-fedora-gcc, r-patched-solaris-x86, r-release-osx-x86_64, r-oldrel-osx-x86_64

Version: 1.11.0
Check: examples
Result: ERROR
    Running examples in ‘ecoengine-Ex.R’ failed
    The error most likely occurred in:
    
    > ### Name: ee_about
    > ### Title: About the Berkeley Ecoinformatics Engine
    > ### Aliases: ee_about
    >
    > ### ** Examples
    >
    >
    > ee_about()
    Error in curl::curl_fetch_memory(url, handle = handle) :
     Timeout was reached: Operation timed out after 10000 milliseconds with 0 out of 0 bytes received
    Calls: ee_about ... request_fetch -> request_fetch.write_memory -> <Anonymous>
    Execution halted
Flavor: r-patched-solaris-x86