CRAN Package Check Results for Package ecoengine

Last updated on 2018-08-15 08:48:40 CEST.

Flavor Version Tinstall Tcheck Ttotal Status Flags
r-devel-linux-x86_64-debian-clang 1.11.0 4.37 42.67 47.04 OK
r-devel-linux-x86_64-debian-gcc 1.11.0 3.01 33.02 36.03 OK
r-devel-linux-x86_64-fedora-clang 1.11.0 52.57 NOTE
r-devel-linux-x86_64-fedora-gcc 1.11.0 50.60 NOTE
r-devel-windows-ix86+x86_64 1.11.0 7.00 61.00 68.00 OK
r-patched-linux-x86_64 1.11.0 3.89 35.59 39.48 OK
r-patched-solaris-x86 1.11.0 75.90 NOTE
r-release-linux-x86_64 1.11.0 3.76 35.86 39.62 OK
r-release-windows-ix86+x86_64 1.11.0 7.00 66.00 73.00 OK
r-release-osx-x86_64 1.11.0 NOTE
r-oldrel-windows-ix86+x86_64 1.11.0 11.00 50.00 61.00 OK
r-oldrel-osx-x86_64 1.11.0 NOTE

Check Details

Version: 1.11.0
Check: dependencies in R code
Result: NOTE
    Namespace in Imports field not imported from: ‘magrittr’
     All declared Imports should be used.
Flavors: r-devel-linux-x86_64-fedora-clang, r-devel-linux-x86_64-fedora-gcc, r-patched-solaris-x86, r-release-osx-x86_64, r-oldrel-osx-x86_64