CRAN Package Check Results for Package ecoengine

Last updated on 2018-10-19 11:48:06 CEST.

Flavor Version Tinstall Tcheck Ttotal Status Flags
r-devel-linux-x86_64-debian-clang 1.11.0 4.72 43.49 48.21 OK
r-devel-linux-x86_64-debian-gcc 1.11.0 3.50 33.56 37.06 OK
r-devel-linux-x86_64-fedora-clang 1.11.0 55.16 NOTE
r-devel-linux-x86_64-fedora-gcc 1.11.0 51.52 NOTE
r-devel-windows-ix86+x86_64 1.11.0 10.00 87.00 97.00 OK
r-patched-linux-x86_64 1.11.0 2.72 35.51 38.23 OK
r-patched-solaris-x86 1.11.0 76.10 NOTE
r-release-linux-x86_64 1.11.0 2.80 35.87 38.67 OK
r-release-windows-ix86+x86_64 1.11.0 10.00 82.00 92.00 OK
r-release-osx-x86_64 1.11.0 NOTE
r-oldrel-windows-ix86+x86_64 1.11.0 6.00 75.00 81.00 OK
r-oldrel-osx-x86_64 1.11.0 NOTE

Check Details

Version: 1.11.0
Check: dependencies in R code
Result: NOTE
    Namespace in Imports field not imported from: ‘magrittr’
     All declared Imports should be used.
Flavors: r-devel-linux-x86_64-fedora-clang, r-devel-linux-x86_64-fedora-gcc, r-patched-solaris-x86, r-release-osx-x86_64, r-oldrel-osx-x86_64