CRAN Package Check Results for Package ecolottery

Last updated on 2018-02-23 14:49:21 CET.

Flavor Version Tinstall Tcheck Ttotal Status Flags
r-devel-linux-x86_64-debian-clang 1.0.0 5.87 212.85 218.72 OK
r-devel-linux-x86_64-debian-gcc 1.0.0 4.78 166.48 171.26 OK
r-devel-linux-x86_64-fedora-clang 1.0.0 252.57 OK
r-devel-linux-x86_64-fedora-gcc 1.0.0 241.38 OK
r-devel-windows-ix86+x86_64 1.0.0 13.00 281.00 294.00 OK
r-patched-linux-x86_64 1.0.0 4.68 257.39 262.07 OK
r-patched-solaris-x86 1.0.0 497.20 OK
r-release-linux-x86_64 1.0.0 3.82 259.64 263.46 OK
r-release-windows-ix86+x86_64 1.0.0 14.00 344.00 358.00 OK
r-release-osx-x86_64 1.0.0 NOTE
r-oldrel-windows-ix86+x86_64 1.0.0 9.00 293.00 302.00 OK
r-oldrel-osx-x86_64 1.0.0 OK

Check Details

Version: 1.0.0
Check: package dependencies
Result: NOTE
    Package suggested but not available for checking: ‘untb’
Flavor: r-release-osx-x86_64