CRAN Package Check Results for Package ecolottery

Last updated on 2018-08-20 15:51:36 CEST.

Flavor Version Tinstall Tcheck Ttotal Status Flags
r-devel-linux-x86_64-debian-clang 1.0.0 6.72 234.18 240.90 OK
r-devel-linux-x86_64-debian-gcc 1.0.0 5.67 175.04 180.71 OK
r-devel-linux-x86_64-fedora-clang 1.0.0 281.43 OK
r-devel-linux-x86_64-fedora-gcc 1.0.0 266.81 OK
r-devel-windows-ix86+x86_64 1.0.0 19.00 247.00 266.00 OK
r-patched-linux-x86_64 1.0.0 5.55 214.36 219.91 OK
r-patched-solaris-x86 1.0.0 444.10 OK
r-release-linux-x86_64 1.0.0 5.35 209.49 214.84 OK
r-release-windows-ix86+x86_64 1.0.0 16.00 309.00 325.00 OK
r-release-osx-x86_64 1.0.0 OK
r-oldrel-windows-ix86+x86_64 1.0.0 10.00 386.00 396.00 OK
r-oldrel-osx-x86_64 1.0.0 NOTE

Check Details

Version: 1.0.0
Check: package dependencies
Result: NOTE
    Package suggested but not available for checking: ‘untb’
Flavor: r-oldrel-osx-x86_64