CRAN Package Check Results for Package ecolottery

Last updated on 2018-05-24 12:47:30 CEST.

Flavor Version Tinstall Tcheck Ttotal Status Flags
r-devel-linux-x86_64-debian-clang 1.0.0 5.89 202.23 208.12 OK
r-devel-linux-x86_64-debian-gcc 1.0.0 5.24 166.88 172.12 OK
r-devel-linux-x86_64-fedora-clang 1.0.0 265.74 OK
r-devel-linux-x86_64-fedora-gcc 1.0.0 274.76 OK
r-devel-windows-ix86+x86_64 1.0.0 12.00 229.00 241.00 OK
r-patched-linux-x86_64 1.0.0 4.91 204.55 209.46 OK
r-patched-solaris-x86 1.0.0 436.10 OK
r-release-linux-x86_64 1.0.0 5.68 205.15 210.83 OK
r-release-windows-ix86+x86_64 1.0.0 14.00 302.00 316.00 OK
r-release-osx-x86_64 1.0.0 OK
r-oldrel-windows-ix86+x86_64 1.0.0 15.00 358.00 373.00 OK
r-oldrel-osx-x86_64 1.0.0 NOTE

Check Details

Version: 1.0.0
Check: package dependencies
Result: NOTE
    Package suggested but not available for checking: ‘untb’
Flavor: r-oldrel-osx-x86_64