CRAN Package Check Results for Package econullnetr

Last updated on 2018-05-23 15:47:38 CEST.

Flavor Version Tinstall Tcheck Ttotal Status Flags
r-devel-linux-x86_64-debian-clang 0.1.0 2.73 164.68 167.41 OK
r-devel-linux-x86_64-debian-gcc 0.1.0 2.29 124.02 126.31 NOTE
r-devel-linux-x86_64-fedora-clang 0.1.0 167.74 OK
r-devel-linux-x86_64-fedora-gcc 0.1.0 162.30 OK
r-devel-windows-ix86+x86_64 0.1.0 6.00 210.00 216.00 OK
r-patched-linux-x86_64 0.1.0 2.28 168.70 170.98 OK
r-patched-solaris-x86 0.1.0 200.40 OK
r-release-linux-x86_64 0.1.0 2.09 161.61 163.70 OK
r-release-windows-ix86+x86_64 0.1.0 6.00 199.00 205.00 OK
r-release-osx-x86_64 0.1.0 OK
r-oldrel-windows-ix86+x86_64 0.1.0 6.00 202.00 208.00 OK
r-oldrel-osx-x86_64 0.1.0 ERROR

Check Details

Version: 0.1.0
Check: package dependencies
Result: NOTE
    Package suggested but not available for checking: ‘vdiffr’
Flavor: r-devel-linux-x86_64-debian-gcc

Version: 0.1.0
Check: package dependencies
Result: NOTE
    Package suggested but not available for checking: ‘cheddar’
Flavor: r-oldrel-osx-x86_64

Version: 0.1.0
Check: examples
Result: ERROR
    Running examples in ‘econullnetr-Ex.R’ failed
    The error most likely occurred in:
    
    > ### Name: generate_edgelist
    > ### Title: Export null modelling results
    > ### Aliases: generate_edgelist
    >
    > ### ** Examples
    >
    > set.seed(1234)
    > bs.null <- generate_null_net(Broadstone, Broadstone.prey, data.type = "counts",
    + sims = 10, r.weights = Broadstone.fl)
    [1] 1
    [1] 2
    [1] 3
    [1] 4
    [1] 5
    [1] 6
    [1] 7
    [1] 8
    [1] 9
    [1] 10
    > BS.export <- generate_edgelist(bs.null, signif.level = 0.95)
    >
    > # Plot network with functions from the cheddar package
    > library(cheddar)
    Error in library(cheddar) : there is no package called ‘cheddar’
    Execution halted
Flavor: r-oldrel-osx-x86_64

Version: 0.1.0
Check: re-building of vignette outputs
Result: WARN
    Error in re-building vignettes:
     ...
    Warning in engine$weave(file, quiet = quiet, encoding = enc) :
     Pandoc (>= 1.12.3) and/or pandoc-citeproc not available. Falling back to R Markdown v1.
    Warning in bipartite::plotweb(obs.web, method = "normal", empty = FALSE, :
     interaction width is influenced by abundance vector and possibly not proportional to link weight
    Quitting from lines 247-261 (econullnetr-intro.Rmd)
    Error: processing vignette 'econullnetr-intro.Rmd' failed with diagnostics:
    there is no package called 'cheddar'
    Execution halted
Flavor: r-oldrel-osx-x86_64