CRAN Package Check Results for Package ecorest

Last updated on 2021-05-13 22:50:58 CEST.

Flavor Version Tinstall Tcheck Ttotal Status Flags
r-devel-linux-x86_64-debian-clang 1.0.0 4.97 49.02 53.99 OK
r-devel-linux-x86_64-debian-gcc 1.0.0 3.53 36.42 39.95 OK
r-devel-linux-x86_64-fedora-clang 1.0.0 76.65 OK
r-devel-linux-x86_64-fedora-gcc 1.0.0 66.17 OK
r-devel-windows-ix86+x86_64 1.0.0 13.00 48.00 61.00 OK
r-devel-windows-x86_64-gcc10-UCRT 1.0.0 OK
r-patched-linux-x86_64 1.0.0 4.73 46.11 50.84 OK
r-patched-solaris-x86 1.0.0 90.30 OK
r-release-linux-x86_64 1.0.0 3.41 45.09 48.50 OK
r-release-macos-x86_64 1.0.0 OK
r-release-windows-ix86+x86_64 1.0.0 11.00 67.00 78.00 OK
r-oldrel-macos-x86_64 1.0.0 OK
r-oldrel-windows-ix86+x86_64 1.0.0 10.00 5.00 15.00 ERROR

Check Details

Version: 1.0.0
Check: whether package can be installed
Result: ERROR
    Installation failed.
Flavor: r-oldrel-windows-ix86+x86_64