CRAN Package Check Results for Package ecospat

Last updated on 2018-10-24 03:55:19 CEST.

Flavor Version Tinstall Tcheck Ttotal Status Flags
r-devel-linux-x86_64-debian-clang 3.0 21.70 307.39 329.09 OK
r-devel-linux-x86_64-debian-gcc 3.0 17.27 235.98 253.25 OK
r-devel-linux-x86_64-fedora-clang 3.0 391.67 OK
r-devel-linux-x86_64-fedora-gcc 3.0 391.81 OK
r-devel-windows-ix86+x86_64 3.0 62.00 430.00 492.00 ERROR
r-patched-linux-x86_64 3.0 16.63 266.20 282.83 OK
r-patched-solaris-x86 3.0 509.60 OK
r-release-linux-x86_64 3.0 16.92 268.08 285.00 ERROR
r-release-windows-ix86+x86_64 3.0 53.00 395.00 448.00 OK
r-release-osx-x86_64 3.0 OK
r-oldrel-windows-ix86+x86_64 3.0 35.00 329.00 364.00 OK
r-oldrel-osx-x86_64 3.0 OK

Check Details

Version: 3.0
Check: whether package can be installed
Result: WARN
    Found the following significant warnings:
     Warning: S3 methods '[.fun_list', '[.grouped_df', 'all.equal.tbl_df', 'anti_join.data.frame', 'anti_join.tbl_df', 'arrange.data.frame', 'arrange.default', 'arrange.grouped_df', 'arrange.tbl_df', 'arrange_.data.frame', 'arrange_.tbl_df', 'as.data.frame.grouped_df', 'as.data.frame.rowwise_df', 'as.data.frame.tbl_cube', 'as.data.frame.tbl_df', 'as.table.tbl_cube', 'as.tbl.data.frame', 'as.tbl.tbl', 'as.tbl_cube.array', 'as.tbl_cube.data.frame', 'as.tbl_cube.matrix', 'as.tbl_cube.table', 'as_data_frame.grouped_df', 'as_data_frame.tbl_cube', 'auto_copy.tbl_cube', 'auto_copy.tbl_df', 'cbind.grouped_df', 'collapse.data.frame', 'collect.data.frame', 'common_by.NULL', 'common_by.character', 'common_by.default', 'common_by.list', 'compute.data.frame', 'copy_to.DBIConnection', 'copy_to.src_local', 'default_missing.data.frame', 'default_missing.default', 'dim.tbl_cube', 'distinct.data.frame', 'distinct.default', 'distinct.grouped_df', 'distinct.tbl_df', 'distinct_.data.frame', 'distinct_.grouped_df', 'dist [... truncated]
Flavor: r-devel-windows-ix86+x86_64

Version: 3.0
Check: examples
Result: ERROR
    Running examples in 'ecospat-Ex.R' failed
    The error most likely occurred in:
    
    > ### Name: ecospat.max.tss
    > ### Title: Maximum TSS
    > ### Aliases: ecospat.max.tss
    > ### Keywords: file
    >
    > ### ** Examples
    >
    >
    > data(ecospat.testData)
    > Pred <- ecospat.testData$glm_Agrostis_capillaris
    > Sp.occ <- ecospat.testData$Agrostis_capillaris
    > TSS100 <- ecospat.max.tss(Pred, Sp.occ)
    Error in `[[<-.data.frame`(`*tmp*`, i, value = c(NA_real_, NA_real_)) :
     replacement has 2 rows, data has 1
    Calls: ecospat.max.tss ... [<-.data.frame -> xpdrows.data.frame -> [[<- -> [[<-.data.frame
    Execution halted
Flavor: r-devel-windows-ix86+x86_64

Version: 3.0
Check: package dependencies
Result: ERROR
    Package required but not available: ‘rms’
    
    See section ‘The DESCRIPTION file’ in the ‘Writing R Extensions’
    manual.
Flavor: r-release-linux-x86_64