CRAN Package Check Results for Package ecospat

Last updated on 2018-02-20 13:49:49 CET.

Flavor Version Tinstall Tcheck Ttotal Status Flags
r-devel-linux-x86_64-debian-clang 2.2.0 14.40 243.51 257.91 OK
r-devel-linux-x86_64-debian-gcc 2.2.0 13.86 185.22 199.08 OK
r-devel-linux-x86_64-fedora-clang 2.2.0 199.02 WARN
r-devel-linux-x86_64-fedora-gcc 2.2.0 182.04 WARN
r-devel-windows-ix86+x86_64 2.2.0 31.00 254.00 285.00 OK
r-patched-linux-x86_64 2.2.0 11.95 270.25 282.20 OK
r-patched-solaris-x86 2.2.0 455.20 OK
r-release-linux-x86_64 2.2.0 11.88 266.72 278.60 OK
r-release-windows-ix86+x86_64 2.2.0 44.00 366.00 410.00 OK
r-release-osx-x86_64 2.2.0 OK
r-oldrel-windows-ix86+x86_64 2.2.0 55.00 348.00 403.00 OK
r-oldrel-osx-x86_64 2.2.0 OK

Check Details

Version: 2.2.0
Check: whether package can be installed
Result: WARN
    Found the following significant warnings:
     Note: next may be used in wrong context: no loop is visible
Flavors: r-devel-linux-x86_64-fedora-clang, r-devel-linux-x86_64-fedora-gcc