CRAN Package Check Results for Package ecospat

Last updated on 2018-08-18 10:50:26 CEST.

Flavor Version Tinstall Tcheck Ttotal Status Flags
r-devel-linux-x86_64-debian-clang 3.0 20.03 295.11 315.14 OK
r-devel-linux-x86_64-debian-gcc 3.0 19.44 227.73 247.17 OK
r-devel-linux-x86_64-fedora-clang 3.0 379.74 OK
r-devel-linux-x86_64-fedora-gcc 3.0 375.76 OK
r-devel-windows-ix86+x86_64 3.0 57.00 418.00 475.00 WARN
r-patched-linux-x86_64 3.0 19.46 258.10 277.56 OK
r-patched-solaris-x86 3.0 505.60 OK
r-release-linux-x86_64 3.0 18.56 257.94 276.50 OK
r-release-windows-ix86+x86_64 3.0 37.00 370.00 407.00 WARN
r-release-osx-x86_64 3.0 OK
r-oldrel-windows-ix86+x86_64 3.0 34.00 312.00 346.00 WARN
r-oldrel-osx-x86_64 3.0 OK

Check Details

Version: 3.0
Check: whether package can be installed
Result: WARN
    Found the following significant warnings:
     Warning: S3 methods '[.fun_list', '[.grouped_df', 'all.equal.tbl_df', 'anti_join.data.frame', 'anti_join.tbl_df', 'arrange.data.frame', 'arrange.default', 'arrange.grouped_df', 'arrange.tbl_df', 'arrange_.data.frame', 'arrange_.tbl_df', 'as.data.frame.grouped_df', 'as.data.frame.rowwise_df', 'as.data.frame.tbl_cube', 'as.data.frame.tbl_df', 'as.table.tbl_cube', 'as.tbl.data.frame', 'as.tbl.tbl', 'as.tbl_cube.array', 'as.tbl_cube.data.frame', 'as.tbl_cube.matrix', 'as.tbl_cube.table', 'as_data_frame.grouped_df', 'as_data_frame.tbl_cube', 'auto_copy.tbl_cube', 'auto_copy.tbl_df', 'cbind.grouped_df', 'collapse.data.frame', 'collect.data.frame', 'common_by.NULL', 'common_by.character', 'common_by.default', 'common_by.list', 'compute.data.frame', 'copy_to.DBIConnection', 'copy_to.src_local', 'default_missing.data.frame', 'default_missing.default', 'dim.tbl_cube', 'distinct.data.frame', 'distinct.default', 'distinct.grouped_df', 'distinct.tbl_df', 'distinct_.data.frame', 'distinct_.grouped_df', 'dist [... truncated]
Flavors: r-devel-windows-ix86+x86_64, r-release-windows-ix86+x86_64, r-oldrel-windows-ix86+x86_64