CRAN Package Check Results for Package ecostats

Last updated on 2022-07-06 12:53:34 CEST.

Flavor Version Tinstall Tcheck Ttotal Status Flags
r-devel-linux-x86_64-debian-clang 1.1.10 13.48 585.97 599.45 NOTE
r-devel-linux-x86_64-debian-gcc 1.1.10 10.80 417.74 428.54 NOTE
r-devel-linux-x86_64-fedora-clang 1.1.10 694.38 NOTE
r-devel-linux-x86_64-fedora-gcc 1.1.10 676.59 NOTE
r-devel-windows-x86_64 1.1.10 58.00 655.00 713.00 NOTE
r-patched-linux-x86_64 1.1.10 11.18 552.70 563.88 NOTE
r-release-linux-x86_64 1.1.10 12.89 553.10 565.99 NOTE
r-release-macos-arm64 1.1.10 222.00 NOTE
r-release-macos-x86_64 1.1.10 260.00 NOTE
r-release-windows-x86_64 1.1.10 62.00 646.00 708.00 NOTE
r-oldrel-macos-arm64 1.1.10 217.00 NOTE
r-oldrel-macos-x86_64 1.1.10 282.00 NOTE
r-oldrel-windows-ix86+x86_64 1.1.10 32.00 538.00 570.00 NOTE

Check Details

Version: 1.1.10
Check: package dependencies
Result: NOTE
    Package suggested but not available for checking: 'ecomix'
Flavors: r-devel-linux-x86_64-debian-clang, r-devel-linux-x86_64-debian-gcc, r-devel-linux-x86_64-fedora-clang, r-devel-linux-x86_64-fedora-gcc, r-devel-windows-x86_64, r-patched-linux-x86_64, r-release-linux-x86_64, r-release-macos-arm64, r-release-macos-x86_64, r-release-windows-x86_64, r-oldrel-macos-arm64, r-oldrel-macos-x86_64, r-oldrel-windows-ix86+x86_64