CRAN Package Check Results for Package ecr

Last updated on 2018-08-22 08:48:48 CEST.

Flavor Version Tinstall Tcheck Ttotal Status Flags
r-devel-linux-x86_64-debian-clang 2.1.0 8.64 65.15 73.79 OK
r-devel-linux-x86_64-debian-gcc 2.1.0 7.03 49.96 56.99 OK
r-devel-linux-x86_64-fedora-clang 2.1.0 85.44 OK
r-devel-linux-x86_64-fedora-gcc 2.1.0 82.40 OK
r-devel-windows-ix86+x86_64 2.1.0 27.00 91.00 118.00 OK
r-patched-linux-x86_64 2.1.0 6.59 56.71 63.30 OK
r-patched-solaris-x86 2.1.0 120.60 OK
r-release-linux-x86_64 2.1.0 7.16 56.77 63.93 OK
r-release-windows-ix86+x86_64 2.1.0 43.00 86.00 129.00 OK
r-release-osx-x86_64 2.1.0 OK
r-oldrel-windows-ix86+x86_64 2.1.0 28.00 141.00 169.00 OK
r-oldrel-osx-x86_64 2.1.0 WARN

Check Details

Version: 2.1.0
Check: whether package can be installed
Result: WARN
    Found the following significant warnings:
     Warning: Installed Rcpp (0.12.12) different from Rcpp used to build dplyr (0.12.11).
Flavor: r-oldrel-osx-x86_64