CRAN Package Check Results for Package ecr

Last updated on 2019-02-20 13:46:24 CET.

Flavor Version Tinstall Tcheck Ttotal Status Flags
r-devel-linux-x86_64-debian-clang 2.1.0 9.88 63.33 73.21 OK
r-devel-linux-x86_64-debian-gcc 2.1.0 7.00 47.14 54.14 OK
r-devel-linux-x86_64-fedora-clang 2.1.0 87.48 OK
r-devel-linux-x86_64-fedora-gcc 2.1.0 77.88 OK
r-devel-windows-ix86+x86_64 2.1.0 32.00 132.00 164.00 OK
r-patched-linux-x86_64 2.1.0 OK
r-patched-solaris-x86 2.1.0 120.20 OK
r-release-linux-x86_64 2.1.0 OK
r-release-windows-ix86+x86_64 2.1.0 25.00 129.00 154.00 OK
r-release-osx-x86_64 2.1.0 OK
r-oldrel-windows-ix86+x86_64 2.1.0 25.00 107.00 132.00 OK
r-oldrel-osx-x86_64 2.1.0 WARN

Check Details

Version: 2.1.0
Check: whether package can be installed
Result: WARN
    Found the following significant warnings:
     Warning: Installed Rcpp (0.12.12) different from Rcpp used to build dplyr (0.12.11).
Flavor: r-oldrel-osx-x86_64