CRAN Package Check Results for Package ecr

Last updated on 2018-11-20 19:47:41 CET.

Flavor Version Tinstall Tcheck Ttotal Status Flags
r-devel-linux-x86_64-debian-clang 2.1.0 8.95 60.71 69.66 OK
r-devel-linux-x86_64-debian-gcc 2.1.0 6.52 47.87 54.39 OK
r-devel-linux-x86_64-fedora-clang 2.1.0 81.44 OK
r-devel-linux-x86_64-fedora-gcc 2.1.0 76.60 OK
r-devel-windows-ix86+x86_64 2.1.0 47.00 145.00 192.00 OK
r-patched-linux-x86_64 2.1.0 6.24 57.09 63.33 OK
r-patched-solaris-x86 2.1.0 129.60 OK
r-release-linux-x86_64 2.1.0 7.86 57.49 65.35 OK
r-release-windows-ix86+x86_64 2.1.0 28.00 139.00 167.00 OK
r-release-osx-x86_64 2.1.0 OK
r-oldrel-windows-ix86+x86_64 2.1.0 25.00 91.00 116.00 OK
r-oldrel-osx-x86_64 2.1.0 WARN

Check Details

Version: 2.1.0
Check: whether package can be installed
Result: WARN
    Found the following significant warnings:
     Warning: Installed Rcpp (0.12.12) different from Rcpp used to build dplyr (0.12.11).
Flavor: r-oldrel-osx-x86_64