CRAN Package Check Results for Package ecr

Last updated on 2018-02-25 09:50:15 CET.

Flavor Version Tinstall Tcheck Ttotal Status Flags
r-devel-linux-x86_64-debian-clang 2.1.0 8.61 56.03 64.64 OK
r-devel-linux-x86_64-debian-gcc 2.1.0 5.99 44.24 50.23 OK
r-devel-linux-x86_64-fedora-clang 2.1.0 77.60 OK
r-devel-linux-x86_64-fedora-gcc 2.1.0 74.04 OK
r-devel-windows-ix86+x86_64 2.1.0 33.00 141.00 174.00 OK
r-patched-linux-x86_64 2.1.0 7.60 60.56 68.16 OK
r-patched-solaris-x86 2.1.0 109.70 OK
r-release-linux-x86_64 2.1.0 7.35 59.79 67.14 OK
r-release-windows-ix86+x86_64 2.1.0 37.00 117.00 154.00 OK
r-release-osx-x86_64 2.1.0 WARN
r-oldrel-windows-ix86+x86_64 2.1.0 28.00 87.00 115.00 OK
r-oldrel-osx-x86_64 2.1.0 OK

Check Details

Version: 2.1.0
Check: whether package can be installed
Result: WARN
    Found the following significant warnings:
     Warning: Installed Rcpp (0.12.12) different from Rcpp used to build dplyr (0.12.11).
Flavor: r-release-osx-x86_64