CRAN Package Check Results for Package edeaR

Last updated on 2019-02-16 19:47:24 CET.

Flavor Version Tinstall Tcheck Ttotal Status Flags
r-devel-linux-x86_64-debian-clang 0.8.1 11.64 88.63 100.27 WARN
r-devel-linux-x86_64-debian-gcc 0.8.1 7.76 65.31 73.07 WARN
r-devel-linux-x86_64-fedora-clang 0.8.1 123.15 WARN
r-devel-linux-x86_64-fedora-gcc 0.8.1 109.03 WARN
r-devel-windows-ix86+x86_64 0.8.1 29.00 138.00 167.00 OK
r-patched-linux-x86_64 0.8.1 11.53 66.60 78.13 WARN
r-patched-solaris-x86 0.8.1 130.80 WARN
r-release-linux-x86_64 0.8.1 WARN
r-release-windows-ix86+x86_64 0.8.1 14.00 83.00 97.00 OK
r-release-osx-x86_64 0.8.1 OK
r-oldrel-windows-ix86+x86_64 0.8.1 22.00 159.00 181.00 OK
r-oldrel-osx-x86_64 0.8.1 OK

Check Details

Version: 0.8.1
Check: re-building of vignette outputs
Result: WARN
    Error(s) in re-building vignettes:
     ...
    --- re-building ‘filters.Rmd’ using rmarkdown
    Quitting from lines 79-82 (filters.Rmd)
    Error: processing vignette 'filters.Rmd' failed with diagnostics:
    lifecycle_id not found in data.frame
    --- failed re-building ‘filters.Rmd’
    
    --- re-building ‘metrics.Rmd’ using rmarkdown
    Quitting from lines 51-54 (metrics.Rmd)
    Error: processing vignette 'metrics.Rmd' failed with diagnostics:
    lifecycle_id not found in data.frame
    --- failed re-building ‘metrics.Rmd’
    
    SUMMARY: processing the following files failed:
     ‘filters.Rmd’ ‘metrics.Rmd’
    
    Error: Vignette re-building failed.
    Execution halted
Flavors: r-devel-linux-x86_64-debian-clang, r-devel-linux-x86_64-debian-gcc

Version: 0.8.1
Check: re-building of vignette outputs
Result: WARN
    Error(s) in re-building vignettes:
    --- re-building ‘filters.Rmd’ using rmarkdown
    OMP: Warning #96: Cannot form a team with 24 threads, using 2 instead.
    OMP: Hint Consider unsetting KMP_DEVICE_THREAD_LIMIT (KMP_ALL_THREADS), KMP_TEAMS_THREAD_LIMIT, and OMP_THREAD_LIMIT (if any are set).
    Quitting from lines 79-82 (filters.Rmd)
    Error: processing vignette 'filters.Rmd' failed with diagnostics:
    lifecycle_id not found in data.frame
    --- failed re-building ‘filters.Rmd’
    
    --- re-building ‘metrics.Rmd’ using rmarkdown
    Quitting from lines 51-54 (metrics.Rmd)
    Error: processing vignette 'metrics.Rmd' failed with diagnostics:
    lifecycle_id not found in data.frame
    --- failed re-building ‘metrics.Rmd’
    
    SUMMARY: processing the following files failed:
     ‘filters.Rmd’ ‘metrics.Rmd’
    
    Error: Vignette re-building failed.
    Execution halted
Flavor: r-devel-linux-x86_64-fedora-clang

Version: 0.8.1
Check: re-building of vignette outputs
Result: WARN
    Error(s) in re-building vignettes:
    --- re-building ‘filters.Rmd’ using rmarkdown
    Quitting from lines 79-82 (filters.Rmd)
    Error: processing vignette 'filters.Rmd' failed with diagnostics:
    lifecycle_id not found in data.frame
    --- failed re-building ‘filters.Rmd’
    
    --- re-building ‘metrics.Rmd’ using rmarkdown
    Quitting from lines 51-54 (metrics.Rmd)
    Error: processing vignette 'metrics.Rmd' failed with diagnostics:
    lifecycle_id not found in data.frame
    --- failed re-building ‘metrics.Rmd’
    
    SUMMARY: processing the following files failed:
     ‘filters.Rmd’ ‘metrics.Rmd’
    
    Error: Vignette re-building failed.
    Execution halted
Flavor: r-devel-linux-x86_64-fedora-gcc

Version: 0.8.1
Check: re-building of vignette outputs
Result: WARN
    Error in re-building vignettes:
     ...
    Quitting from lines 79-82 (filters.Rmd)
    Error: processing vignette ‘filters.Rmd’ failed with diagnostics:
    lifecycle_id not found in data.frame
    Execution halted
Flavors: r-patched-linux-x86_64, r-release-linux-x86_64

Version: 0.8.1
Check: re-building of vignette outputs
Result: WARN
    Error in re-building vignettes:
     ...
    Warning in engine$weave(file, quiet = quiet, encoding = enc) :
     Pandoc (>= 1.12.3) and/or pandoc-citeproc not available. Falling back to R Markdown v1.
    Quitting from lines 79-82 (filters.Rmd)
    Error: processing vignette 'filters.Rmd' failed with diagnostics:
    lifecycle_id not found in data.frame
    Execution halted
Flavor: r-patched-solaris-x86